{"id":5403,"date":"2024-06-13T05:13:45","date_gmt":"2024-06-13T05:13:45","guid":{"rendered":"https:\/\/rs-audiovideo.com\/?post_type=product&#038;p=5403"},"modified":"2025-08-01T17:07:44","modified_gmt":"2025-08-01T17:07:44","slug":"stinger-15-a-g3-activo","status":"publish","type":"product","link":"https:\/\/rs-audiovideo.com\/index.php\/product\/stinger-15-a-g3-activo\/","title":{"rendered":"STINGER 15 A G3  Activo"},"content":{"rendered":"<div class=\"variants-wrapper\"><span class=\"title\">Modelos: Activo<\/span><\/p>\n<div class=\"select\">\n<div class=\"js--fancy-select select-field\"><span class=\"article-nr-text\">N.\u00ba art\u00edculo:\u00a0<\/span><span class=\"article-nr-content\">LDEB152AG3<\/span><\/div>\n<div><\/div>\n<\/div>\n<\/div>\n<div class=\"visible--xs visible--s visible--l visible--xl\">\n<div class=\"detail-features pbxxl pbn-m pbxxl-l\">\n<div class=\"detail-feature\">\n<div class=\"detail-feature-text\">Altavoz bass reflex activo de 15&#8243; y 2 v\u00edas para PA<\/div>\n<div class=\"clear\">SPL m\u00e1ximo de 133 dB y potencia de 500 W RMS gracias a su amplificador digital de alta eficiencia<\/div>\n<\/div>\n<div class=\"detail-feature\">\n<div class=\"clear\">De gran versatilidad, se puede utilizar como full range, sat\u00e9lite o monitor<\/div>\n<\/div>\n<div class=\"detail-feature\">\n<div class=\"clear\">Pr\u00e1cticos preajustes para ajustar r\u00e1pidamente la frecuencia seg\u00fan el uso previsto<\/div>\n<\/div>\n<div class=\"detail-feature\">\n<div class=\"clear\">Gu\u00eda de ondas de agudos optimizada con BEM para una dispersi\u00f3n homog\u00e9nea<\/div>\n<\/div>\n<div class=\"detail-feature\">\n<div class=\"clear\">Woofer personalizado de 15&#8243; y motor de agudos de BMS<\/div>\n<\/div>\n<div class=\"detail-feature\">\n<div class=\"clear\">Sonido sin distorsi\u00f3n, incluso a todo volumen, gracias a la tecnolog\u00eda DSP DynX\u00ae<\/div>\n<\/div>\n<div class=\"detail-feature\">\n<div class=\"clear\">2 canales de entrada de l\u00ednea\/micro con su control de ganancia y una salida de mezcla mono<\/div>\n<\/div>\n<div class=\"detail-feature\">\n<div class=\"clear\">Carcasa de contrachapado de abedul de 15 mm con recubrimiento de poliurea ultrarresistente y puntos de volado M10<\/div>\n<\/div>\n<div class=\"detail-feature\">\n<div class=\"clear\">Rejilla frontal robusta que protege eficazmente el altavoz<\/div>\n<\/div>\n<div class=\"detail-feature\">\n<div class=\"clear\">Vaso de soporte de doble inclinaci\u00f3n (0\u00b0\/5\u00b0) de 36 mm<\/div>\n<\/div>\n<div class=\"detail-feature\">\n<div class=\"clear\">Amplia gama de accesorios pr\u00e1cticos para la instalaci\u00f3n y el transporte<\/div>\n<\/div>\n<\/div>\n<div><\/div>\n<\/div>\n","protected":false},"excerpt":{"rendered":"<p>Modelos: Activo N.\u00ba art\u00edculo:\u00a0LDEB152AG3 Altavoz bass reflex activo de 15&#8243; y 2 v\u00edas para PA SPL m\u00e1ximo de 133 dB y potencia de 500 W RMS gracias a su amplificador<\/p>\n","protected":false},"featured_media":5405,"comment_status":"open","ping_status":"closed","template":"","meta":{"_acf_changed":false},"product_brand":[],"product_cat":[241,259,231],"product_tag":[],"class_list":{"0":"post-5403","1":"product","2":"type-product","3":"status-publish","4":"has-post-thumbnail","6":"product_cat-cabinas-activas","7":"product_cat-ld-systems","8":"product_cat-sonido-profesional","10":"first","11":"onbackorder","12":"sale","13":"shipping-taxable","14":"purchasable","15":"product-type-simple","16":"add-to-wishlist-after_add_to_cart"},"acf":[],"yoast_head":"<!-- This site is optimized with the Yoast SEO plugin v26.0 - https:\/\/yoast.com\/wordpress\/plugins\/seo\/ -->\n<title>STINGER 15 A G3 Activo - Soluciones, Asesoria y Venta de Equipos Audiovisuales<\/title>\n<meta name=\"robots\" content=\"index, follow, max-snippet:-1, max-image-preview:large, max-video-preview:-1\" \/>\n<link rel=\"canonical\" href=\"https:\/\/rs-audiovideo.com\/index.php\/product\/stinger-15-a-g3-activo\/\" \/>\n<meta property=\"og:locale\" content=\"en_US\" \/>\n<meta property=\"og:type\" content=\"article\" \/>\n<meta property=\"og:title\" content=\"STINGER 15 A G3 Activo - Soluciones, Asesoria y Venta de Equipos Audiovisuales\" \/>\n<meta property=\"og:description\" content=\"Modelos: Activo N.\u00ba art\u00edculo:\u00a0LDEB152AG3 Altavoz bass reflex activo de 15&#8243; y 2 v\u00edas para PA SPL m\u00e1ximo de 133 dB y potencia de 500 W RMS gracias a su amplificador\" \/>\n<meta property=\"og:url\" content=\"https:\/\/rs-audiovideo.com\/index.php\/product\/stinger-15-a-g3-activo\/\" \/>\n<meta property=\"og:site_name\" content=\"Soluciones, Asesoria y Venta de Equipos Audiovisuales\" \/>\n<meta property=\"article:modified_time\" content=\"2025-08-01T17:07:44+00:00\" \/>\n<meta property=\"og:image\" content=\"https:\/\/rs-audiovideo.com\/wp-content\/uploads\/2024\/06\/LDEB152AG3_1.jpg\" \/>\n\t<meta property=\"og:image:width\" content=\"2000\" \/>\n\t<meta property=\"og:image:height\" content=\"2000\" \/>\n\t<meta property=\"og:image:type\" content=\"image\/jpeg\" \/>\n<meta name=\"twitter:card\" content=\"summary_large_image\" \/>\n<meta name=\"twitter:label1\" content=\"Est. reading time\" \/>\n\t<meta name=\"twitter:data1\" content=\"1 minute\" \/>\n<script type=\"application\/ld+json\" class=\"yoast-schema-graph\">{\"@context\":\"https:\/\/schema.org\",\"@graph\":[{\"@type\":\"WebPage\",\"@id\":\"https:\/\/rs-audiovideo.com\/index.php\/product\/stinger-15-a-g3-activo\/\",\"url\":\"https:\/\/rs-audiovideo.com\/index.php\/product\/stinger-15-a-g3-activo\/\",\"name\":\"STINGER 15 A G3 Activo - Soluciones, Asesoria y Venta de Equipos Audiovisuales\",\"isPartOf\":{\"@id\":\"https:\/\/rs-audiovideo.com\/#website\"},\"primaryImageOfPage\":{\"@id\":\"https:\/\/rs-audiovideo.com\/index.php\/product\/stinger-15-a-g3-activo\/#primaryimage\"},\"image\":{\"@id\":\"https:\/\/rs-audiovideo.com\/index.php\/product\/stinger-15-a-g3-activo\/#primaryimage\"},\"thumbnailUrl\":\"https:\/\/rs-audiovideo.com\/wp-content\/uploads\/2024\/06\/LDEB152AG3_1.jpg\",\"datePublished\":\"2024-06-13T05:13:45+00:00\",\"dateModified\":\"2025-08-01T17:07:44+00:00\",\"breadcrumb\":{\"@id\":\"https:\/\/rs-audiovideo.com\/index.php\/product\/stinger-15-a-g3-activo\/#breadcrumb\"},\"inLanguage\":\"en-US\",\"potentialAction\":[{\"@type\":\"ReadAction\",\"target\":[\"https:\/\/rs-audiovideo.com\/index.php\/product\/stinger-15-a-g3-activo\/\"]}]},{\"@type\":\"ImageObject\",\"inLanguage\":\"en-US\",\"@id\":\"https:\/\/rs-audiovideo.com\/index.php\/product\/stinger-15-a-g3-activo\/#primaryimage\",\"url\":\"https:\/\/rs-audiovideo.com\/wp-content\/uploads\/2024\/06\/LDEB152AG3_1.jpg\",\"contentUrl\":\"https:\/\/rs-audiovideo.com\/wp-content\/uploads\/2024\/06\/LDEB152AG3_1.jpg\",\"width\":2000,\"height\":2000},{\"@type\":\"BreadcrumbList\",\"@id\":\"https:\/\/rs-audiovideo.com\/index.php\/product\/stinger-15-a-g3-activo\/#breadcrumb\",\"itemListElement\":[{\"@type\":\"ListItem\",\"position\":1,\"name\":\"Home\",\"item\":\"https:\/\/rs-audiovideo.com\/\"},{\"@type\":\"ListItem\",\"position\":2,\"name\":\"Shop\",\"item\":\"https:\/\/rs-audiovideo.com\/index.php\/shop-2\/\"},{\"@type\":\"ListItem\",\"position\":3,\"name\":\"STINGER 15 A G3 Activo\"}]},{\"@type\":\"WebSite\",\"@id\":\"https:\/\/rs-audiovideo.com\/#website\",\"url\":\"https:\/\/rs-audiovideo.com\/\",\"name\":\"Soluciones, Asesoria y Venta de Equipos Audiovisuales\",\"description\":\"\",\"publisher\":{\"@id\":\"https:\/\/rs-audiovideo.com\/#organization\"},\"potentialAction\":[{\"@type\":\"SearchAction\",\"target\":{\"@type\":\"EntryPoint\",\"urlTemplate\":\"https:\/\/rs-audiovideo.com\/?s={search_term_string}\"},\"query-input\":{\"@type\":\"PropertyValueSpecification\",\"valueRequired\":true,\"valueName\":\"search_term_string\"}}],\"inLanguage\":\"en-US\"},{\"@type\":\"Organization\",\"@id\":\"https:\/\/rs-audiovideo.com\/#organization\",\"name\":\"Soluciones, Asesoria y Venta de Equipos Audiovisuales\",\"url\":\"https:\/\/rs-audiovideo.com\/\",\"logo\":{\"@type\":\"ImageObject\",\"inLanguage\":\"en-US\",\"@id\":\"https:\/\/rs-audiovideo.com\/#\/schema\/logo\/image\/\",\"url\":\"https:\/\/rs-audiovideo.com\/wp-content\/uploads\/2024\/06\/cropped-logointro.png\",\"contentUrl\":\"https:\/\/rs-audiovideo.com\/wp-content\/uploads\/2024\/06\/cropped-logointro.png\",\"width\":579,\"height\":127,\"caption\":\"Soluciones, Asesoria y Venta de Equipos Audiovisuales\"},\"image\":{\"@id\":\"https:\/\/rs-audiovideo.com\/#\/schema\/logo\/image\/\"}}]}<\/script>\n<!-- \/ Yoast SEO plugin. -->","yoast_head_json":{"title":"STINGER 15 A G3 Activo - Soluciones, Asesoria y Venta de Equipos Audiovisuales","robots":{"index":"index","follow":"follow","max-snippet":"max-snippet:-1","max-image-preview":"max-image-preview:large","max-video-preview":"max-video-preview:-1"},"canonical":"https:\/\/rs-audiovideo.com\/index.php\/product\/stinger-15-a-g3-activo\/","og_locale":"en_US","og_type":"article","og_title":"STINGER 15 A G3 Activo - Soluciones, Asesoria y Venta de Equipos Audiovisuales","og_description":"Modelos: Activo N.\u00ba art\u00edculo:\u00a0LDEB152AG3 Altavoz bass reflex activo de 15&#8243; y 2 v\u00edas para PA SPL m\u00e1ximo de 133 dB y potencia de 500 W RMS gracias a su amplificador","og_url":"https:\/\/rs-audiovideo.com\/index.php\/product\/stinger-15-a-g3-activo\/","og_site_name":"Soluciones, Asesoria y Venta de Equipos Audiovisuales","article_modified_time":"2025-08-01T17:07:44+00:00","og_image":[{"width":2000,"height":2000,"url":"https:\/\/rs-audiovideo.com\/wp-content\/uploads\/2024\/06\/LDEB152AG3_1.jpg","type":"image\/jpeg"}],"twitter_card":"summary_large_image","twitter_misc":{"Est. reading time":"1 minute"},"schema":{"@context":"https:\/\/schema.org","@graph":[{"@type":"WebPage","@id":"https:\/\/rs-audiovideo.com\/index.php\/product\/stinger-15-a-g3-activo\/","url":"https:\/\/rs-audiovideo.com\/index.php\/product\/stinger-15-a-g3-activo\/","name":"STINGER 15 A G3 Activo - Soluciones, Asesoria y Venta de Equipos Audiovisuales","isPartOf":{"@id":"https:\/\/rs-audiovideo.com\/#website"},"primaryImageOfPage":{"@id":"https:\/\/rs-audiovideo.com\/index.php\/product\/stinger-15-a-g3-activo\/#primaryimage"},"image":{"@id":"https:\/\/rs-audiovideo.com\/index.php\/product\/stinger-15-a-g3-activo\/#primaryimage"},"thumbnailUrl":"https:\/\/rs-audiovideo.com\/wp-content\/uploads\/2024\/06\/LDEB152AG3_1.jpg","datePublished":"2024-06-13T05:13:45+00:00","dateModified":"2025-08-01T17:07:44+00:00","breadcrumb":{"@id":"https:\/\/rs-audiovideo.com\/index.php\/product\/stinger-15-a-g3-activo\/#breadcrumb"},"inLanguage":"en-US","potentialAction":[{"@type":"ReadAction","target":["https:\/\/rs-audiovideo.com\/index.php\/product\/stinger-15-a-g3-activo\/"]}]},{"@type":"ImageObject","inLanguage":"en-US","@id":"https:\/\/rs-audiovideo.com\/index.php\/product\/stinger-15-a-g3-activo\/#primaryimage","url":"https:\/\/rs-audiovideo.com\/wp-content\/uploads\/2024\/06\/LDEB152AG3_1.jpg","contentUrl":"https:\/\/rs-audiovideo.com\/wp-content\/uploads\/2024\/06\/LDEB152AG3_1.jpg","width":2000,"height":2000},{"@type":"BreadcrumbList","@id":"https:\/\/rs-audiovideo.com\/index.php\/product\/stinger-15-a-g3-activo\/#breadcrumb","itemListElement":[{"@type":"ListItem","position":1,"name":"Home","item":"https:\/\/rs-audiovideo.com\/"},{"@type":"ListItem","position":2,"name":"Shop","item":"https:\/\/rs-audiovideo.com\/index.php\/shop-2\/"},{"@type":"ListItem","position":3,"name":"STINGER 15 A G3 Activo"}]},{"@type":"WebSite","@id":"https:\/\/rs-audiovideo.com\/#website","url":"https:\/\/rs-audiovideo.com\/","name":"Soluciones, Asesoria y Venta de Equipos Audiovisuales","description":"","publisher":{"@id":"https:\/\/rs-audiovideo.com\/#organization"},"potentialAction":[{"@type":"SearchAction","target":{"@type":"EntryPoint","urlTemplate":"https:\/\/rs-audiovideo.com\/?s={search_term_string}"},"query-input":{"@type":"PropertyValueSpecification","valueRequired":true,"valueName":"search_term_string"}}],"inLanguage":"en-US"},{"@type":"Organization","@id":"https:\/\/rs-audiovideo.com\/#organization","name":"Soluciones, Asesoria y Venta de Equipos Audiovisuales","url":"https:\/\/rs-audiovideo.com\/","logo":{"@type":"ImageObject","inLanguage":"en-US","@id":"https:\/\/rs-audiovideo.com\/#\/schema\/logo\/image\/","url":"https:\/\/rs-audiovideo.com\/wp-content\/uploads\/2024\/06\/cropped-logointro.png","contentUrl":"https:\/\/rs-audiovideo.com\/wp-content\/uploads\/2024\/06\/cropped-logointro.png","width":579,"height":127,"caption":"Soluciones, Asesoria y Venta de Equipos Audiovisuales"},"image":{"@id":"https:\/\/rs-audiovideo.com\/#\/schema\/logo\/image\/"}}]}},"_links":{"self":[{"href":"https:\/\/rs-audiovideo.com\/index.php\/wp-json\/wp\/v2\/product\/5403","targetHints":{"allow":["GET"]}}],"collection":[{"href":"https:\/\/rs-audiovideo.com\/index.php\/wp-json\/wp\/v2\/product"}],"about":[{"href":"https:\/\/rs-audiovideo.com\/index.php\/wp-json\/wp\/v2\/types\/product"}],"replies":[{"embeddable":true,"href":"https:\/\/rs-audiovideo.com\/index.php\/wp-json\/wp\/v2\/comments?post=5403"}],"wp:featuredmedia":[{"embeddable":true,"href":"https:\/\/rs-audiovideo.com\/index.php\/wp-json\/wp\/v2\/media\/5405"}],"wp:attachment":[{"href":"https:\/\/rs-audiovideo.com\/index.php\/wp-json\/wp\/v2\/media?parent=5403"}],"wp:term":[{"taxonomy":"product_brand","embeddable":true,"href":"https:\/\/rs-audiovideo.com\/index.php\/wp-json\/wp\/v2\/product_brand?post=5403"},{"taxonomy":"product_cat","embeddable":true,"href":"https:\/\/rs-audiovideo.com\/index.php\/wp-json\/wp\/v2\/product_cat?post=5403"},{"taxonomy":"product_tag","embeddable":true,"href":"https:\/\/rs-audiovideo.com\/index.php\/wp-json\/wp\/v2\/product_tag?post=5403"}],"curies":[{"name":"wp","href":"https:\/\/api.w.org\/{rel}","templated":true}]}}