{"id":5516,"date":"2024-06-13T18:07:01","date_gmt":"2024-06-13T18:07:01","guid":{"rendered":"https:\/\/rs-audiovideo.com\/?post_type=product&#038;p=5516"},"modified":"2024-06-15T04:38:14","modified_gmt":"2024-06-15T04:38:14","slug":"deep2-4950-amplificador-de-pa-4-x-810-w-4-ohmios","status":"publish","type":"product","link":"https:\/\/rs-audiovideo.com\/index.php\/product\/deep2-4950-amplificador-de-pa-4-x-810-w-4-ohmios\/","title":{"rendered":"DEEP2 4950 Amplificador de PA 4 x 810 W 4 Ohmios"},"content":{"rendered":"<div class=\"info pbxl\">\n<div class=\"article-nr\"><span class=\"article-nr-text\">N.\u00ba art\u00edculo:\u00a0<\/span><span class=\"article-nr-content\">LDDP4950<\/span><\/div>\n<div class=\"series-nr\"><span class=\"series-nr-text\">Serie:<\/span>\u00a0<span class=\"series-nr-content\">DEEP2<\/span><\/div>\n<\/div>\n<div class=\"variants-wrapper\"><span class=\"title\">Modelos:<\/span><\/div>\n<div class=\"visible--xs visible--s visible--l visible--xl\">\n<div class=\"detail-features-text pbxxl\">\n<p>La nueva gama de amplificadores DEEP2 de clase H con transformador toroidal ofrece otencias desde 2\u00d7350W hasta 2\u00d7800W a 4 Ohm. Durante el desarrollo de esta serie se ha priorizado la fiabilidad y durabilidad de los amplificadores en aplicaciones de funcionamiento continuo. En tal sentido se han utilizado exclusivamente componentes de alta calidad para la construcci\u00f3n de estos equipos.<\/p>\n<p>La serie DEEP2 dispone de un Limitador Clip as\u00ed como de todos los circuitos de protecci\u00f3n habituales, son muy ligeros y disponen de una carcasa met\u00e1lica muy robusta con un dise\u00f1o compacto y de f\u00e1cil manejo.<\/p>\n<p>Todos los amplificadores est\u00e1n equipados con conexiones de entrada y salida habituales. Gracias a su sonido din\u00e1mico y preciso estos amplificadores se pueden utilizar en aplicaciones con subwoofer o con recintos ac\u00fasticos multifuncionales. La serie DEEP2 es el complemento perfecto y fi able para grupos, empresas de alquiler, instaladores y usuarios profesionales gracias a su excelente relaci\u00f3n calidad\/precio.<\/p>\n<\/div>\n<\/div>\n","protected":false},"excerpt":{"rendered":"<p>N.\u00ba art\u00edculo:\u00a0LDDP4950 Serie:\u00a0DEEP2 Modelos: La nueva gama de amplificadores DEEP2 de clase H con transformador toroidal ofrece otencias desde 2\u00d7350W hasta 2\u00d7800W a 4 Ohm. Durante el desarrollo de esta<\/p>\n","protected":false},"featured_media":5515,"comment_status":"open","ping_status":"closed","template":"","meta":{"_acf_changed":false},"product_brand":[],"product_cat":[252,259,231],"product_tag":[],"class_list":{"0":"post-5516","1":"product","2":"type-product","3":"status-publish","4":"has-post-thumbnail","6":"product_cat-amplificador","7":"product_cat-ld-systems","8":"product_cat-sonido-profesional","10":"first","11":"instock","12":"shipping-taxable","13":"purchasable","14":"product-type-simple","15":"add-to-wishlist-after_add_to_cart"},"acf":[],"yoast_head":"<!-- This site is optimized with the Yoast SEO plugin v26.0 - https:\/\/yoast.com\/wordpress\/plugins\/seo\/ -->\n<title>DEEP2 4950 Amplificador de PA 4 x 810 W 4 Ohmios - Soluciones, Asesoria y Venta de Equipos Audiovisuales<\/title>\n<meta name=\"robots\" content=\"index, follow, max-snippet:-1, max-image-preview:large, max-video-preview:-1\" \/>\n<link rel=\"canonical\" href=\"https:\/\/rs-audiovideo.com\/index.php\/product\/deep2-4950-amplificador-de-pa-4-x-810-w-4-ohmios\/\" \/>\n<meta property=\"og:locale\" content=\"en_US\" \/>\n<meta property=\"og:type\" content=\"article\" \/>\n<meta property=\"og:title\" content=\"DEEP2 4950 Amplificador de PA 4 x 810 W 4 Ohmios - Soluciones, Asesoria y Venta de Equipos Audiovisuales\" \/>\n<meta property=\"og:description\" content=\"N.\u00ba art\u00edculo:\u00a0LDDP4950 Serie:\u00a0DEEP2 Modelos: La nueva gama de amplificadores DEEP2 de clase H con transformador toroidal ofrece otencias desde 2\u00d7350W hasta 2\u00d7800W a 4 Ohm. Durante el desarrollo de esta\" \/>\n<meta property=\"og:url\" content=\"https:\/\/rs-audiovideo.com\/index.php\/product\/deep2-4950-amplificador-de-pa-4-x-810-w-4-ohmios\/\" \/>\n<meta property=\"og:site_name\" content=\"Soluciones, Asesoria y Venta de Equipos Audiovisuales\" \/>\n<meta property=\"article:modified_time\" content=\"2024-06-15T04:38:14+00:00\" \/>\n<meta property=\"og:image\" content=\"https:\/\/rs-audiovideo.com\/wp-content\/uploads\/2024\/06\/LDDP1600_1.jpg\" \/>\n\t<meta property=\"og:image:width\" content=\"1000\" \/>\n\t<meta property=\"og:image:height\" content=\"1000\" \/>\n\t<meta property=\"og:image:type\" content=\"image\/jpeg\" \/>\n<meta name=\"twitter:card\" content=\"summary_large_image\" \/>\n<meta name=\"twitter:label1\" content=\"Est. reading time\" \/>\n\t<meta name=\"twitter:data1\" content=\"1 minute\" \/>\n<script type=\"application\/ld+json\" class=\"yoast-schema-graph\">{\"@context\":\"https:\/\/schema.org\",\"@graph\":[{\"@type\":\"WebPage\",\"@id\":\"https:\/\/rs-audiovideo.com\/index.php\/product\/deep2-4950-amplificador-de-pa-4-x-810-w-4-ohmios\/\",\"url\":\"https:\/\/rs-audiovideo.com\/index.php\/product\/deep2-4950-amplificador-de-pa-4-x-810-w-4-ohmios\/\",\"name\":\"DEEP2 4950 Amplificador de PA 4 x 810 W 4 Ohmios - Soluciones, Asesoria y Venta de Equipos Audiovisuales\",\"isPartOf\":{\"@id\":\"https:\/\/rs-audiovideo.com\/#website\"},\"primaryImageOfPage\":{\"@id\":\"https:\/\/rs-audiovideo.com\/index.php\/product\/deep2-4950-amplificador-de-pa-4-x-810-w-4-ohmios\/#primaryimage\"},\"image\":{\"@id\":\"https:\/\/rs-audiovideo.com\/index.php\/product\/deep2-4950-amplificador-de-pa-4-x-810-w-4-ohmios\/#primaryimage\"},\"thumbnailUrl\":\"https:\/\/rs-audiovideo.com\/wp-content\/uploads\/2024\/06\/LDDP1600_1.jpg\",\"datePublished\":\"2024-06-13T18:07:01+00:00\",\"dateModified\":\"2024-06-15T04:38:14+00:00\",\"breadcrumb\":{\"@id\":\"https:\/\/rs-audiovideo.com\/index.php\/product\/deep2-4950-amplificador-de-pa-4-x-810-w-4-ohmios\/#breadcrumb\"},\"inLanguage\":\"en-US\",\"potentialAction\":[{\"@type\":\"ReadAction\",\"target\":[\"https:\/\/rs-audiovideo.com\/index.php\/product\/deep2-4950-amplificador-de-pa-4-x-810-w-4-ohmios\/\"]}]},{\"@type\":\"ImageObject\",\"inLanguage\":\"en-US\",\"@id\":\"https:\/\/rs-audiovideo.com\/index.php\/product\/deep2-4950-amplificador-de-pa-4-x-810-w-4-ohmios\/#primaryimage\",\"url\":\"https:\/\/rs-audiovideo.com\/wp-content\/uploads\/2024\/06\/LDDP1600_1.jpg\",\"contentUrl\":\"https:\/\/rs-audiovideo.com\/wp-content\/uploads\/2024\/06\/LDDP1600_1.jpg\",\"width\":1000,\"height\":1000},{\"@type\":\"BreadcrumbList\",\"@id\":\"https:\/\/rs-audiovideo.com\/index.php\/product\/deep2-4950-amplificador-de-pa-4-x-810-w-4-ohmios\/#breadcrumb\",\"itemListElement\":[{\"@type\":\"ListItem\",\"position\":1,\"name\":\"Home\",\"item\":\"https:\/\/rs-audiovideo.com\/\"},{\"@type\":\"ListItem\",\"position\":2,\"name\":\"Shop\",\"item\":\"https:\/\/rs-audiovideo.com\/index.php\/shop-2\/\"},{\"@type\":\"ListItem\",\"position\":3,\"name\":\"DEEP2 4950 Amplificador de PA 4 x 810 W 4 Ohmios\"}]},{\"@type\":\"WebSite\",\"@id\":\"https:\/\/rs-audiovideo.com\/#website\",\"url\":\"https:\/\/rs-audiovideo.com\/\",\"name\":\"Soluciones, Asesoria y Venta de Equipos Audiovisuales\",\"description\":\"\",\"publisher\":{\"@id\":\"https:\/\/rs-audiovideo.com\/#organization\"},\"potentialAction\":[{\"@type\":\"SearchAction\",\"target\":{\"@type\":\"EntryPoint\",\"urlTemplate\":\"https:\/\/rs-audiovideo.com\/?s={search_term_string}\"},\"query-input\":{\"@type\":\"PropertyValueSpecification\",\"valueRequired\":true,\"valueName\":\"search_term_string\"}}],\"inLanguage\":\"en-US\"},{\"@type\":\"Organization\",\"@id\":\"https:\/\/rs-audiovideo.com\/#organization\",\"name\":\"Soluciones, Asesoria y Venta de Equipos Audiovisuales\",\"url\":\"https:\/\/rs-audiovideo.com\/\",\"logo\":{\"@type\":\"ImageObject\",\"inLanguage\":\"en-US\",\"@id\":\"https:\/\/rs-audiovideo.com\/#\/schema\/logo\/image\/\",\"url\":\"https:\/\/rs-audiovideo.com\/wp-content\/uploads\/2024\/06\/cropped-logointro.png\",\"contentUrl\":\"https:\/\/rs-audiovideo.com\/wp-content\/uploads\/2024\/06\/cropped-logointro.png\",\"width\":579,\"height\":127,\"caption\":\"Soluciones, Asesoria y Venta de Equipos Audiovisuales\"},\"image\":{\"@id\":\"https:\/\/rs-audiovideo.com\/#\/schema\/logo\/image\/\"}}]}<\/script>\n<!-- \/ Yoast SEO plugin. -->","yoast_head_json":{"title":"DEEP2 4950 Amplificador de PA 4 x 810 W 4 Ohmios - Soluciones, Asesoria y Venta de Equipos Audiovisuales","robots":{"index":"index","follow":"follow","max-snippet":"max-snippet:-1","max-image-preview":"max-image-preview:large","max-video-preview":"max-video-preview:-1"},"canonical":"https:\/\/rs-audiovideo.com\/index.php\/product\/deep2-4950-amplificador-de-pa-4-x-810-w-4-ohmios\/","og_locale":"en_US","og_type":"article","og_title":"DEEP2 4950 Amplificador de PA 4 x 810 W 4 Ohmios - Soluciones, Asesoria y Venta de Equipos Audiovisuales","og_description":"N.\u00ba art\u00edculo:\u00a0LDDP4950 Serie:\u00a0DEEP2 Modelos: La nueva gama de amplificadores DEEP2 de clase H con transformador toroidal ofrece otencias desde 2\u00d7350W hasta 2\u00d7800W a 4 Ohm. Durante el desarrollo de esta","og_url":"https:\/\/rs-audiovideo.com\/index.php\/product\/deep2-4950-amplificador-de-pa-4-x-810-w-4-ohmios\/","og_site_name":"Soluciones, Asesoria y Venta de Equipos Audiovisuales","article_modified_time":"2024-06-15T04:38:14+00:00","og_image":[{"width":1000,"height":1000,"url":"https:\/\/rs-audiovideo.com\/wp-content\/uploads\/2024\/06\/LDDP1600_1.jpg","type":"image\/jpeg"}],"twitter_card":"summary_large_image","twitter_misc":{"Est. reading time":"1 minute"},"schema":{"@context":"https:\/\/schema.org","@graph":[{"@type":"WebPage","@id":"https:\/\/rs-audiovideo.com\/index.php\/product\/deep2-4950-amplificador-de-pa-4-x-810-w-4-ohmios\/","url":"https:\/\/rs-audiovideo.com\/index.php\/product\/deep2-4950-amplificador-de-pa-4-x-810-w-4-ohmios\/","name":"DEEP2 4950 Amplificador de PA 4 x 810 W 4 Ohmios - Soluciones, Asesoria y Venta de Equipos Audiovisuales","isPartOf":{"@id":"https:\/\/rs-audiovideo.com\/#website"},"primaryImageOfPage":{"@id":"https:\/\/rs-audiovideo.com\/index.php\/product\/deep2-4950-amplificador-de-pa-4-x-810-w-4-ohmios\/#primaryimage"},"image":{"@id":"https:\/\/rs-audiovideo.com\/index.php\/product\/deep2-4950-amplificador-de-pa-4-x-810-w-4-ohmios\/#primaryimage"},"thumbnailUrl":"https:\/\/rs-audiovideo.com\/wp-content\/uploads\/2024\/06\/LDDP1600_1.jpg","datePublished":"2024-06-13T18:07:01+00:00","dateModified":"2024-06-15T04:38:14+00:00","breadcrumb":{"@id":"https:\/\/rs-audiovideo.com\/index.php\/product\/deep2-4950-amplificador-de-pa-4-x-810-w-4-ohmios\/#breadcrumb"},"inLanguage":"en-US","potentialAction":[{"@type":"ReadAction","target":["https:\/\/rs-audiovideo.com\/index.php\/product\/deep2-4950-amplificador-de-pa-4-x-810-w-4-ohmios\/"]}]},{"@type":"ImageObject","inLanguage":"en-US","@id":"https:\/\/rs-audiovideo.com\/index.php\/product\/deep2-4950-amplificador-de-pa-4-x-810-w-4-ohmios\/#primaryimage","url":"https:\/\/rs-audiovideo.com\/wp-content\/uploads\/2024\/06\/LDDP1600_1.jpg","contentUrl":"https:\/\/rs-audiovideo.com\/wp-content\/uploads\/2024\/06\/LDDP1600_1.jpg","width":1000,"height":1000},{"@type":"BreadcrumbList","@id":"https:\/\/rs-audiovideo.com\/index.php\/product\/deep2-4950-amplificador-de-pa-4-x-810-w-4-ohmios\/#breadcrumb","itemListElement":[{"@type":"ListItem","position":1,"name":"Home","item":"https:\/\/rs-audiovideo.com\/"},{"@type":"ListItem","position":2,"name":"Shop","item":"https:\/\/rs-audiovideo.com\/index.php\/shop-2\/"},{"@type":"ListItem","position":3,"name":"DEEP2 4950 Amplificador de PA 4 x 810 W 4 Ohmios"}]},{"@type":"WebSite","@id":"https:\/\/rs-audiovideo.com\/#website","url":"https:\/\/rs-audiovideo.com\/","name":"Soluciones, Asesoria y Venta de Equipos Audiovisuales","description":"","publisher":{"@id":"https:\/\/rs-audiovideo.com\/#organization"},"potentialAction":[{"@type":"SearchAction","target":{"@type":"EntryPoint","urlTemplate":"https:\/\/rs-audiovideo.com\/?s={search_term_string}"},"query-input":{"@type":"PropertyValueSpecification","valueRequired":true,"valueName":"search_term_string"}}],"inLanguage":"en-US"},{"@type":"Organization","@id":"https:\/\/rs-audiovideo.com\/#organization","name":"Soluciones, Asesoria y Venta de Equipos Audiovisuales","url":"https:\/\/rs-audiovideo.com\/","logo":{"@type":"ImageObject","inLanguage":"en-US","@id":"https:\/\/rs-audiovideo.com\/#\/schema\/logo\/image\/","url":"https:\/\/rs-audiovideo.com\/wp-content\/uploads\/2024\/06\/cropped-logointro.png","contentUrl":"https:\/\/rs-audiovideo.com\/wp-content\/uploads\/2024\/06\/cropped-logointro.png","width":579,"height":127,"caption":"Soluciones, Asesoria y Venta de Equipos Audiovisuales"},"image":{"@id":"https:\/\/rs-audiovideo.com\/#\/schema\/logo\/image\/"}}]}},"_links":{"self":[{"href":"https:\/\/rs-audiovideo.com\/index.php\/wp-json\/wp\/v2\/product\/5516","targetHints":{"allow":["GET"]}}],"collection":[{"href":"https:\/\/rs-audiovideo.com\/index.php\/wp-json\/wp\/v2\/product"}],"about":[{"href":"https:\/\/rs-audiovideo.com\/index.php\/wp-json\/wp\/v2\/types\/product"}],"replies":[{"embeddable":true,"href":"https:\/\/rs-audiovideo.com\/index.php\/wp-json\/wp\/v2\/comments?post=5516"}],"wp:featuredmedia":[{"embeddable":true,"href":"https:\/\/rs-audiovideo.com\/index.php\/wp-json\/wp\/v2\/media\/5515"}],"wp:attachment":[{"href":"https:\/\/rs-audiovideo.com\/index.php\/wp-json\/wp\/v2\/media?parent=5516"}],"wp:term":[{"taxonomy":"product_brand","embeddable":true,"href":"https:\/\/rs-audiovideo.com\/index.php\/wp-json\/wp\/v2\/product_brand?post=5516"},{"taxonomy":"product_cat","embeddable":true,"href":"https:\/\/rs-audiovideo.com\/index.php\/wp-json\/wp\/v2\/product_cat?post=5516"},{"taxonomy":"product_tag","embeddable":true,"href":"https:\/\/rs-audiovideo.com\/index.php\/wp-json\/wp\/v2\/product_tag?post=5516"}],"curies":[{"name":"wp","href":"https:\/\/api.w.org\/{rel}","templated":true}]}}