{"id":5533,"date":"2024-06-13T18:25:35","date_gmt":"2024-06-13T18:25:35","guid":{"rendered":"https:\/\/rs-audiovideo.com\/?post_type=product&#038;p=5533"},"modified":"2024-06-15T04:37:33","modified_gmt":"2024-06-15T04:37:33","slug":"caja-directa-dbx-di1","status":"publish","type":"product","link":"https:\/\/rs-audiovideo.com\/index.php\/product\/caja-directa-dbx-di1\/","title":{"rendered":"Caja Directa DBX DI1"},"content":{"rendered":"<div id=\"tab-description\" class=\"mf-Tabs-panel mf-Tabs-panel--description panel entry-content\" role=\"tabpanel\" aria-labelledby=\"tab-title-description\">\n<div class=\"tab-content-wrapper\">\n<p>La\u00a0dbx Di1 es una caja de inyecci\u00f3n directa activa de alta calidad compacta. Ideal para estudios y sonido de alquiler, el Di1 garantizar\u00e1 que las se\u00f1ales de audio alcancen su destino en un formato equilibrado y sin ruidos no deseados.<\/p>\n<p>Conecte la salida de las guitarras el\u00e9ctricas, amplificadores de bajo, teclados, cableados de larga distancia, directamente a un mezclador de consola sin el uso de un micr\u00f3fono.<br \/>\nConstruido para la dureza y la confiabilidad, el Di1 tiene todas las caracter\u00edsticas de una unidad DI completamente equipada para ser parte del\u00a0<a href=\"https:\/\/audioluces.com\/tecnico-sonido-maletin-herramientas\/\">malet\u00edn de los mejores t\u00e9cnicos de sonido<\/a>.<\/p>\n<h3>Compatible con Harman Connected PA<\/h3>\n<p>Dbx Di1 es la caja directa ideal para los m\u00fasicos que quieren pasar menos tiempo configurando y m\u00e1s tiempo centr\u00e1ndose en su m\u00fasica. A diferencia de las cajas directas ordinarias, la Di1 ha incorporado la tecnolog\u00eda HARMAN ioSYS, que le permite reconocer y configurar autom\u00e1ticamente con la aplicaci\u00f3n HARMAN Connected PA y el sistema de productos, para evitar las conjeturas al configurar y obtener un sonido consistentemente excelente. Los productos actuales con la tecnolog\u00eda ioSYS incorporada y la compatibilidad\u00a0<strong>HARMAN Connected PA<\/strong>\u00a0incluyen los mezcladores\u00a0<a href=\"https:\/\/audioluces.com\/?product=consola-digital-soundcraft-ui24r-con-control-inalambrico\">Soundcraft de la serie Ui<\/a>, las cabinas\u00a0<a href=\"https:\/\/audioluces.com\/?product=cabina-activa-jbl-prx815w-1500w\">JBL PRX800<\/a>, las cajas directas dbx Di1 y los micr\u00f3fonos AKG P5i y la din\u00e1mica MDAi<\/p>\n<hr \/>\n<ul>\n<li>Funci\u00f3n de ajuste de nivel e impedancia<\/li>\n<li>Impedancia de salida:&gt; 600 ohmios<\/li>\n<li>Conector de paso de se\u00f1al<\/li>\n<li>Conector de salida: XLR balanceado<\/li>\n<li>Indicador LED de bater\u00eda<\/li>\n<li>Distorsi\u00f3n: (THD) &lt;0,005% a 1 kHz, 0 dBu<\/li>\n<li>Indicador LED de alimentaci\u00f3n fantasma<\/li>\n<li>Entrada m\u00e1xima: + 12dBu (a 0dB) Nivel + 32dBu (a -20dB) + 52dBu (a -40dB)<\/li>\n<li>Ruido de salida: 250k Ohm<\/li>\n<li>Chasis de metal<\/li>\n<\/ul>\n<ul>\n<li>Impedancia de entrada&gt; 250k Ohm<\/li>\n<li>Entrada m\u00e1xima + 12dBu (a 0dB) Nivel + 32dBu (a -20dB) + 52dBu (a -40dB)<\/li>\n<li>Conectores Dos conectores de jack paralelo de 1\/4 \u201cy un conector XLR paralelo (no balanceado), Jack de 1\/4\u201d: punta caliente, tierra de la manga; XLR Jack: Pin 2 caliente, pins 1 &amp; 3 de tierra<\/li>\n<li>Impedancia de salida&gt; 600 Ohms<\/li>\n<li>Conectores de salida XLR balanceados<\/li>\n<li>Distorsi\u00f3n (THD) &lt;0,005% a 1 kHz, 0 dBu<\/li>\n<li>Ruido de salida Respuesta de frecuencia 10Hz a 70kHz, + 0dB \/ -3dB<\/li>\n<li>Bater\u00eda principal \/ en espera de 9 voltios<\/li>\n<li>Phantom Power +18 voltios DC a +48 voltios DC<\/li>\n<\/ul>\n<\/div>\n<\/div>\n<div id=\"tab-additional_information\" class=\"mf-Tabs-panel mf-Tabs-panel--additional_information panel entry-content\" role=\"tabpanel\" aria-labelledby=\"tab-title-additional_information\">\n<h3 class=\"tab-title\">Especificaciones<\/h3>\n<div class=\"tab-content-wrapper\">\n<table class=\"woocommerce-product-attributes shop_attributes\">\n<tbody>\n<tr class=\"woocommerce-product-attributes-item woocommerce-product-attributes-item--weight\">\n<th class=\"woocommerce-product-attributes-item__label\">Peso<\/th>\n<td class=\"woocommerce-product-attributes-item__value\">0.5 kg<\/td>\n<\/tr>\n<tr class=\"woocommerce-product-attributes-item woocommerce-product-attributes-item--dimensions\">\n<th class=\"woocommerce-product-attributes-item__label\">Dimensiones<\/th>\n<td class=\"woocommerce-product-attributes-item__value\">20 \u00d7 20 \u00d7 20 cm<\/td>\n<\/tr>\n<tr class=\"woocommerce-product-attributes-item woocommerce-product-attributes-item--attribute_pa_marca\">\n<th class=\"woocommerce-product-attributes-item__label\">Marca<\/th>\n<td class=\"woocommerce-product-attributes-item__value\"><a href=\"https:\/\/audioluces.com\/marca\/dbx\/\" rel=\"tag\">DBX<\/a><\/td>\n<\/tr>\n<tr class=\"woocommerce-product-attributes-item woocommerce-product-attributes-item--attribute_pa_garantia\">\n<th class=\"woocommerce-product-attributes-item__label\">Garant\u00eda<\/th>\n<td class=\"woocommerce-product-attributes-item__value\">6 meses<\/td>\n<\/tr>\n<\/tbody>\n<\/table>\n<\/div>\n<\/div>\n","protected":false},"excerpt":{"rendered":"<p>La\u00a0dbx Di1 es una caja de inyecci\u00f3n directa activa de alta calidad compacta. Ideal para estudios y sonido de alquiler, el Di1 garantizar\u00e1 que las se\u00f1ales de audio alcancen su<\/p>\n","protected":false},"featured_media":5534,"comment_status":"open","ping_status":"closed","template":"","meta":{"_acf_changed":false},"product_brand":[],"product_cat":[248,264,231],"product_tag":[],"class_list":{"0":"post-5533","1":"product","2":"type-product","3":"status-publish","4":"has-post-thumbnail","6":"product_cat-cajas-directas","7":"product_cat-dbx","8":"product_cat-sonido-profesional","10":"first","11":"instock","12":"shipping-taxable","13":"purchasable","14":"product-type-simple","15":"add-to-wishlist-after_add_to_cart"},"acf":[],"yoast_head":"<!-- This site is optimized with the Yoast SEO plugin v26.0 - https:\/\/yoast.com\/wordpress\/plugins\/seo\/ -->\n<title>Caja Directa DBX DI1 - Soluciones, Asesoria y Venta de Equipos Audiovisuales<\/title>\n<meta name=\"robots\" content=\"index, follow, max-snippet:-1, max-image-preview:large, max-video-preview:-1\" \/>\n<link rel=\"canonical\" href=\"https:\/\/rs-audiovideo.com\/index.php\/product\/caja-directa-dbx-di1\/\" \/>\n<meta property=\"og:locale\" content=\"en_US\" \/>\n<meta property=\"og:type\" content=\"article\" \/>\n<meta property=\"og:title\" content=\"Caja Directa DBX DI1 - Soluciones, Asesoria y Venta de Equipos Audiovisuales\" \/>\n<meta property=\"og:description\" content=\"La\u00a0dbx Di1 es una caja de inyecci\u00f3n directa activa de alta calidad compacta. Ideal para estudios y sonido de alquiler, el Di1 garantizar\u00e1 que las se\u00f1ales de audio alcancen su\" \/>\n<meta property=\"og:url\" content=\"https:\/\/rs-audiovideo.com\/index.php\/product\/caja-directa-dbx-di1\/\" \/>\n<meta property=\"og:site_name\" content=\"Soluciones, Asesoria y Venta de Equipos Audiovisuales\" \/>\n<meta property=\"article:modified_time\" content=\"2024-06-15T04:37:33+00:00\" \/>\n<meta property=\"og:image\" content=\"https:\/\/rs-audiovideo.com\/wp-content\/uploads\/2024\/06\/Caja-Directa-DBX-DI1-4.jpg\" \/>\n\t<meta property=\"og:image:width\" content=\"1000\" \/>\n\t<meta property=\"og:image:height\" content=\"1000\" \/>\n\t<meta property=\"og:image:type\" content=\"image\/jpeg\" \/>\n<meta name=\"twitter:card\" content=\"summary_large_image\" \/>\n<meta name=\"twitter:label1\" content=\"Est. reading time\" \/>\n\t<meta name=\"twitter:data1\" content=\"2 minutes\" \/>\n<script type=\"application\/ld+json\" class=\"yoast-schema-graph\">{\"@context\":\"https:\/\/schema.org\",\"@graph\":[{\"@type\":\"WebPage\",\"@id\":\"https:\/\/rs-audiovideo.com\/index.php\/product\/caja-directa-dbx-di1\/\",\"url\":\"https:\/\/rs-audiovideo.com\/index.php\/product\/caja-directa-dbx-di1\/\",\"name\":\"Caja Directa DBX DI1 - Soluciones, Asesoria y Venta de Equipos Audiovisuales\",\"isPartOf\":{\"@id\":\"https:\/\/rs-audiovideo.com\/#website\"},\"primaryImageOfPage\":{\"@id\":\"https:\/\/rs-audiovideo.com\/index.php\/product\/caja-directa-dbx-di1\/#primaryimage\"},\"image\":{\"@id\":\"https:\/\/rs-audiovideo.com\/index.php\/product\/caja-directa-dbx-di1\/#primaryimage\"},\"thumbnailUrl\":\"https:\/\/rs-audiovideo.com\/wp-content\/uploads\/2024\/06\/Caja-Directa-DBX-DI1-4.jpg\",\"datePublished\":\"2024-06-13T18:25:35+00:00\",\"dateModified\":\"2024-06-15T04:37:33+00:00\",\"breadcrumb\":{\"@id\":\"https:\/\/rs-audiovideo.com\/index.php\/product\/caja-directa-dbx-di1\/#breadcrumb\"},\"inLanguage\":\"en-US\",\"potentialAction\":[{\"@type\":\"ReadAction\",\"target\":[\"https:\/\/rs-audiovideo.com\/index.php\/product\/caja-directa-dbx-di1\/\"]}]},{\"@type\":\"ImageObject\",\"inLanguage\":\"en-US\",\"@id\":\"https:\/\/rs-audiovideo.com\/index.php\/product\/caja-directa-dbx-di1\/#primaryimage\",\"url\":\"https:\/\/rs-audiovideo.com\/wp-content\/uploads\/2024\/06\/Caja-Directa-DBX-DI1-4.jpg\",\"contentUrl\":\"https:\/\/rs-audiovideo.com\/wp-content\/uploads\/2024\/06\/Caja-Directa-DBX-DI1-4.jpg\",\"width\":1000,\"height\":1000},{\"@type\":\"BreadcrumbList\",\"@id\":\"https:\/\/rs-audiovideo.com\/index.php\/product\/caja-directa-dbx-di1\/#breadcrumb\",\"itemListElement\":[{\"@type\":\"ListItem\",\"position\":1,\"name\":\"Home\",\"item\":\"https:\/\/rs-audiovideo.com\/\"},{\"@type\":\"ListItem\",\"position\":2,\"name\":\"Shop\",\"item\":\"https:\/\/rs-audiovideo.com\/index.php\/shop-2\/\"},{\"@type\":\"ListItem\",\"position\":3,\"name\":\"Caja Directa DBX DI1\"}]},{\"@type\":\"WebSite\",\"@id\":\"https:\/\/rs-audiovideo.com\/#website\",\"url\":\"https:\/\/rs-audiovideo.com\/\",\"name\":\"Soluciones, Asesoria y Venta de Equipos Audiovisuales\",\"description\":\"\",\"publisher\":{\"@id\":\"https:\/\/rs-audiovideo.com\/#organization\"},\"potentialAction\":[{\"@type\":\"SearchAction\",\"target\":{\"@type\":\"EntryPoint\",\"urlTemplate\":\"https:\/\/rs-audiovideo.com\/?s={search_term_string}\"},\"query-input\":{\"@type\":\"PropertyValueSpecification\",\"valueRequired\":true,\"valueName\":\"search_term_string\"}}],\"inLanguage\":\"en-US\"},{\"@type\":\"Organization\",\"@id\":\"https:\/\/rs-audiovideo.com\/#organization\",\"name\":\"Soluciones, Asesoria y Venta de Equipos Audiovisuales\",\"url\":\"https:\/\/rs-audiovideo.com\/\",\"logo\":{\"@type\":\"ImageObject\",\"inLanguage\":\"en-US\",\"@id\":\"https:\/\/rs-audiovideo.com\/#\/schema\/logo\/image\/\",\"url\":\"https:\/\/rs-audiovideo.com\/wp-content\/uploads\/2024\/06\/cropped-logointro.png\",\"contentUrl\":\"https:\/\/rs-audiovideo.com\/wp-content\/uploads\/2024\/06\/cropped-logointro.png\",\"width\":579,\"height\":127,\"caption\":\"Soluciones, Asesoria y Venta de Equipos Audiovisuales\"},\"image\":{\"@id\":\"https:\/\/rs-audiovideo.com\/#\/schema\/logo\/image\/\"}}]}<\/script>\n<!-- \/ Yoast SEO plugin. -->","yoast_head_json":{"title":"Caja Directa DBX DI1 - Soluciones, Asesoria y Venta de Equipos Audiovisuales","robots":{"index":"index","follow":"follow","max-snippet":"max-snippet:-1","max-image-preview":"max-image-preview:large","max-video-preview":"max-video-preview:-1"},"canonical":"https:\/\/rs-audiovideo.com\/index.php\/product\/caja-directa-dbx-di1\/","og_locale":"en_US","og_type":"article","og_title":"Caja Directa DBX DI1 - Soluciones, Asesoria y Venta de Equipos Audiovisuales","og_description":"La\u00a0dbx Di1 es una caja de inyecci\u00f3n directa activa de alta calidad compacta. Ideal para estudios y sonido de alquiler, el Di1 garantizar\u00e1 que las se\u00f1ales de audio alcancen su","og_url":"https:\/\/rs-audiovideo.com\/index.php\/product\/caja-directa-dbx-di1\/","og_site_name":"Soluciones, Asesoria y Venta de Equipos Audiovisuales","article_modified_time":"2024-06-15T04:37:33+00:00","og_image":[{"width":1000,"height":1000,"url":"https:\/\/rs-audiovideo.com\/wp-content\/uploads\/2024\/06\/Caja-Directa-DBX-DI1-4.jpg","type":"image\/jpeg"}],"twitter_card":"summary_large_image","twitter_misc":{"Est. reading time":"2 minutes"},"schema":{"@context":"https:\/\/schema.org","@graph":[{"@type":"WebPage","@id":"https:\/\/rs-audiovideo.com\/index.php\/product\/caja-directa-dbx-di1\/","url":"https:\/\/rs-audiovideo.com\/index.php\/product\/caja-directa-dbx-di1\/","name":"Caja Directa DBX DI1 - Soluciones, Asesoria y Venta de Equipos Audiovisuales","isPartOf":{"@id":"https:\/\/rs-audiovideo.com\/#website"},"primaryImageOfPage":{"@id":"https:\/\/rs-audiovideo.com\/index.php\/product\/caja-directa-dbx-di1\/#primaryimage"},"image":{"@id":"https:\/\/rs-audiovideo.com\/index.php\/product\/caja-directa-dbx-di1\/#primaryimage"},"thumbnailUrl":"https:\/\/rs-audiovideo.com\/wp-content\/uploads\/2024\/06\/Caja-Directa-DBX-DI1-4.jpg","datePublished":"2024-06-13T18:25:35+00:00","dateModified":"2024-06-15T04:37:33+00:00","breadcrumb":{"@id":"https:\/\/rs-audiovideo.com\/index.php\/product\/caja-directa-dbx-di1\/#breadcrumb"},"inLanguage":"en-US","potentialAction":[{"@type":"ReadAction","target":["https:\/\/rs-audiovideo.com\/index.php\/product\/caja-directa-dbx-di1\/"]}]},{"@type":"ImageObject","inLanguage":"en-US","@id":"https:\/\/rs-audiovideo.com\/index.php\/product\/caja-directa-dbx-di1\/#primaryimage","url":"https:\/\/rs-audiovideo.com\/wp-content\/uploads\/2024\/06\/Caja-Directa-DBX-DI1-4.jpg","contentUrl":"https:\/\/rs-audiovideo.com\/wp-content\/uploads\/2024\/06\/Caja-Directa-DBX-DI1-4.jpg","width":1000,"height":1000},{"@type":"BreadcrumbList","@id":"https:\/\/rs-audiovideo.com\/index.php\/product\/caja-directa-dbx-di1\/#breadcrumb","itemListElement":[{"@type":"ListItem","position":1,"name":"Home","item":"https:\/\/rs-audiovideo.com\/"},{"@type":"ListItem","position":2,"name":"Shop","item":"https:\/\/rs-audiovideo.com\/index.php\/shop-2\/"},{"@type":"ListItem","position":3,"name":"Caja Directa DBX DI1"}]},{"@type":"WebSite","@id":"https:\/\/rs-audiovideo.com\/#website","url":"https:\/\/rs-audiovideo.com\/","name":"Soluciones, Asesoria y Venta de Equipos Audiovisuales","description":"","publisher":{"@id":"https:\/\/rs-audiovideo.com\/#organization"},"potentialAction":[{"@type":"SearchAction","target":{"@type":"EntryPoint","urlTemplate":"https:\/\/rs-audiovideo.com\/?s={search_term_string}"},"query-input":{"@type":"PropertyValueSpecification","valueRequired":true,"valueName":"search_term_string"}}],"inLanguage":"en-US"},{"@type":"Organization","@id":"https:\/\/rs-audiovideo.com\/#organization","name":"Soluciones, Asesoria y Venta de Equipos Audiovisuales","url":"https:\/\/rs-audiovideo.com\/","logo":{"@type":"ImageObject","inLanguage":"en-US","@id":"https:\/\/rs-audiovideo.com\/#\/schema\/logo\/image\/","url":"https:\/\/rs-audiovideo.com\/wp-content\/uploads\/2024\/06\/cropped-logointro.png","contentUrl":"https:\/\/rs-audiovideo.com\/wp-content\/uploads\/2024\/06\/cropped-logointro.png","width":579,"height":127,"caption":"Soluciones, Asesoria y Venta de Equipos Audiovisuales"},"image":{"@id":"https:\/\/rs-audiovideo.com\/#\/schema\/logo\/image\/"}}]}},"_links":{"self":[{"href":"https:\/\/rs-audiovideo.com\/index.php\/wp-json\/wp\/v2\/product\/5533","targetHints":{"allow":["GET"]}}],"collection":[{"href":"https:\/\/rs-audiovideo.com\/index.php\/wp-json\/wp\/v2\/product"}],"about":[{"href":"https:\/\/rs-audiovideo.com\/index.php\/wp-json\/wp\/v2\/types\/product"}],"replies":[{"embeddable":true,"href":"https:\/\/rs-audiovideo.com\/index.php\/wp-json\/wp\/v2\/comments?post=5533"}],"wp:featuredmedia":[{"embeddable":true,"href":"https:\/\/rs-audiovideo.com\/index.php\/wp-json\/wp\/v2\/media\/5534"}],"wp:attachment":[{"href":"https:\/\/rs-audiovideo.com\/index.php\/wp-json\/wp\/v2\/media?parent=5533"}],"wp:term":[{"taxonomy":"product_brand","embeddable":true,"href":"https:\/\/rs-audiovideo.com\/index.php\/wp-json\/wp\/v2\/product_brand?post=5533"},{"taxonomy":"product_cat","embeddable":true,"href":"https:\/\/rs-audiovideo.com\/index.php\/wp-json\/wp\/v2\/product_cat?post=5533"},{"taxonomy":"product_tag","embeddable":true,"href":"https:\/\/rs-audiovideo.com\/index.php\/wp-json\/wp\/v2\/product_tag?post=5533"}],"curies":[{"name":"wp","href":"https:\/\/api.w.org\/{rel}","templated":true}]}}