{"id":5631,"date":"2024-06-14T02:53:30","date_gmt":"2024-06-14T02:53:30","guid":{"rendered":"https:\/\/rs-audiovideo.com\/?post_type=product&#038;p=5631"},"modified":"2024-06-19T00:07:09","modified_gmt":"2024-06-19T00:07:09","slug":"mezclador-de-video-blackmagic-atem-sdi","status":"publish","type":"product","link":"https:\/\/rs-audiovideo.com\/index.php\/product\/mezclador-de-video-blackmagic-atem-sdi\/","title":{"rendered":"MEZCLADOR DE VIDEO BLACKMAGIC ATEM SDI"},"content":{"rendered":"<div class=\"elementor-element elementor-element-976afc4 elementor-widget elementor-widget-woocommerce-product-content\" data-id=\"976afc4\" data-element_type=\"widget\" data-widget_type=\"woocommerce-product-content.default\">\n<div class=\"elementor-widget-container\">\n<p>Mezclador de video que ofrece 4\u00a0entradas SDI con conversi\u00f3n de formatos, un puerto USB que permite que el dispositivo sea detectado como una c\u00e1mara web, 2\u00a0salidas SDI, mezcla de audio Fairlight con ecualizaci\u00f3n y\u00a0procesadores de din\u00e1mica, efectos visuales digitales para im\u00e1genes simult\u00e1neas, transiciones, composiciones por crominancia con fondos verdes y\u00a0panel multimedia con capacidad para 20 t\u00edtulos. Incluye el programa ATEM Software\u00a0Control.<\/p>\n<\/div>\n<\/div>\n<div class=\"elementor-element elementor-element-2ae060b elementor-widget elementor-widget-product-additional-information\" data-id=\"2ae060b\" data-element_type=\"widget\" data-widget_type=\"product-additional-information.default\">\n<div class=\"elementor-widget-container\">\n<div class=\"woocommerce-tabs-list entry-content\">\n<table class=\"woocommerce-product-attributes shop_attributes\">\n<tbody>\n<tr class=\"woocommerce-product-attributes-item woocommerce-product-attributes-item--attribute_entradas\">\n<th class=\"woocommerce-product-attributes-item__label\">ENTRADAS:<\/th>\n<td class=\"woocommerce-product-attributes-item__value\">4 entradas SDI, 2 TRS 1\/8 Mic<\/td>\n<\/tr>\n<tr class=\"woocommerce-product-attributes-item woocommerce-product-attributes-item--attribute_salidas\">\n<th class=\"woocommerce-product-attributes-item__label\">SALIDAS:<\/th>\n<td class=\"woocommerce-product-attributes-item__value\">2 salidas SDI, 1 USB C 3.1<\/td>\n<\/tr>\n<tr class=\"woocommerce-product-attributes-item woocommerce-product-attributes-item--attribute_puerto-ethernet\">\n<th class=\"woocommerce-product-attributes-item__label\">PUERTO ETHERNET:<\/th>\n<td class=\"woocommerce-product-attributes-item__value\">1, 10\/100\/1000 BaseT<\/td>\n<\/tr>\n<tr class=\"woocommerce-product-attributes-item woocommerce-product-attributes-item--attribute_formatos-hd-compatibles-entrada\">\n<th class=\"woocommerce-product-attributes-item__label\">FORMATOS HD COMPATIBLES (ENTRADA):<\/th>\n<td class=\"woocommerce-product-attributes-item__value\">720p50, 720p59.94, 720p60. 1080p23.98, 1080p24, 1080p25, 1080p29.97, 1080p30, 1080p50, 1080p59.94, 1080p60. 1080i50, 1080i59.94, 1080i60.<\/td>\n<\/tr>\n<tr class=\"woocommerce-product-attributes-item woocommerce-product-attributes-item--attribute_formatos-hd-compatibles-salida\">\n<th class=\"woocommerce-product-attributes-item__label\">FORMATOS HD COMPATIBLES (SALIDA):<\/th>\n<td class=\"woocommerce-product-attributes-item__value\">1080p23.98, 1080p24, 1080p25, 1080p29.97, 1080p30, 1080p50, 1080p59.94, 1080p60.<\/td>\n<\/tr>\n<tr class=\"woocommerce-product-attributes-item woocommerce-product-attributes-item--attribute_formatos-de-transmisi%c3%b3n-por-internet\">\n<th class=\"woocommerce-product-attributes-item__label\">FORMATOS DE TRANSMISI\u00d3N POR INTERNET:<\/th>\n<td class=\"woocommerce-product-attributes-item__value\">No posee motor de trasmisi\u00f3n<\/td>\n<\/tr>\n<tr class=\"woocommerce-product-attributes-item woocommerce-product-attributes-item--attribute_grabaci%c3%b3n\">\n<th class=\"woocommerce-product-attributes-item__label\">GRABACI\u00d3N:<\/th>\n<td class=\"woocommerce-product-attributes-item__value\">No realiza grabaci\u00f3n<\/td>\n<\/tr>\n<tr class=\"woocommerce-product-attributes-item woocommerce-product-attributes-item--attribute_multiviewer\">\n<th class=\"woocommerce-product-attributes-item__label\">MULTIVIEWER:<\/th>\n<td class=\"woocommerce-product-attributes-item__value\">No<\/td>\n<\/tr>\n<\/tbody>\n<\/table>\n<\/div>\n<\/div>\n<\/div>\n","protected":false},"excerpt":{"rendered":"<p>Mezclador de video que ofrece 4\u00a0entradas SDI con conversi\u00f3n de formatos, un puerto USB que permite que el dispositivo sea detectado como una c\u00e1mara web, 2\u00a0salidas SDI, mezcla de audio<\/p>\n","protected":false},"featured_media":5633,"comment_status":"open","ping_status":"closed","template":"","meta":{"_acf_changed":false},"product_brand":[],"product_cat":[260,255,237,233],"product_tag":[],"class_list":{"0":"post-5631","1":"product","2":"type-product","3":"status-publish","4":"has-post-thumbnail","6":"product_cat-blackmagic-desing","7":"product_cat-mezclador-de-video","8":"product_cat-streaming","9":"product_cat-video-profesional","11":"first","12":"instock","13":"shipping-taxable","14":"purchasable","15":"product-type-simple","16":"add-to-wishlist-after_add_to_cart"},"acf":[],"yoast_head":"<!-- This site is optimized with the Yoast SEO plugin v26.0 - https:\/\/yoast.com\/wordpress\/plugins\/seo\/ -->\n<title>MEZCLADOR DE VIDEO BLACKMAGIC ATEM SDI - Soluciones, Asesoria y Venta de Equipos Audiovisuales<\/title>\n<meta name=\"description\" content=\"Los Mejores equipos de sonido profesional para tus proyectos, cumpliendo garant\u00eda, soporte y respaldo, Env\u00edos a nivel nacional Colombia.\" \/>\n<meta name=\"robots\" content=\"index, follow, max-snippet:-1, max-image-preview:large, max-video-preview:-1\" \/>\n<link rel=\"canonical\" href=\"https:\/\/rs-audiovideo.com\/index.php\/product\/mezclador-de-video-blackmagic-atem-sdi\/\" \/>\n<meta property=\"og:locale\" content=\"en_US\" \/>\n<meta property=\"og:type\" content=\"article\" \/>\n<meta property=\"og:title\" content=\"MEZCLADOR DE VIDEO BLACKMAGIC ATEM SDI - Soluciones, Asesoria y Venta de Equipos Audiovisuales\" \/>\n<meta property=\"og:description\" content=\"Los Mejores equipos de sonido profesional para tus proyectos, cumpliendo garant\u00eda, soporte y respaldo, Env\u00edos a nivel nacional Colombia.\" \/>\n<meta property=\"og:url\" content=\"https:\/\/rs-audiovideo.com\/index.php\/product\/mezclador-de-video-blackmagic-atem-sdi\/\" \/>\n<meta property=\"og:site_name\" content=\"Soluciones, Asesoria y Venta de Equipos Audiovisuales\" \/>\n<meta property=\"article:modified_time\" content=\"2024-06-19T00:07:09+00:00\" \/>\n<meta property=\"og:image\" content=\"https:\/\/rs-audiovideo.com\/wp-content\/uploads\/2024\/06\/Blackmagic-Design-ATEM-SDI-Switcher_2_2048x2048.webp\" \/>\n\t<meta property=\"og:image:width\" content=\"720\" \/>\n\t<meta property=\"og:image:height\" content=\"660\" \/>\n\t<meta property=\"og:image:type\" content=\"image\/webp\" \/>\n<meta name=\"twitter:card\" content=\"summary_large_image\" \/>\n<meta name=\"twitter:label1\" content=\"Est. reading time\" \/>\n\t<meta name=\"twitter:data1\" content=\"1 minute\" \/>\n<script type=\"application\/ld+json\" class=\"yoast-schema-graph\">{\"@context\":\"https:\/\/schema.org\",\"@graph\":[{\"@type\":\"WebPage\",\"@id\":\"https:\/\/rs-audiovideo.com\/index.php\/product\/mezclador-de-video-blackmagic-atem-sdi\/\",\"url\":\"https:\/\/rs-audiovideo.com\/index.php\/product\/mezclador-de-video-blackmagic-atem-sdi\/\",\"name\":\"MEZCLADOR DE VIDEO BLACKMAGIC ATEM SDI - Soluciones, Asesoria y Venta de Equipos Audiovisuales\",\"isPartOf\":{\"@id\":\"https:\/\/rs-audiovideo.com\/#website\"},\"primaryImageOfPage\":{\"@id\":\"https:\/\/rs-audiovideo.com\/index.php\/product\/mezclador-de-video-blackmagic-atem-sdi\/#primaryimage\"},\"image\":{\"@id\":\"https:\/\/rs-audiovideo.com\/index.php\/product\/mezclador-de-video-blackmagic-atem-sdi\/#primaryimage\"},\"thumbnailUrl\":\"https:\/\/rs-audiovideo.com\/wp-content\/uploads\/2024\/06\/Blackmagic-Design-ATEM-SDI-Switcher_2_2048x2048.webp\",\"datePublished\":\"2024-06-14T02:53:30+00:00\",\"dateModified\":\"2024-06-19T00:07:09+00:00\",\"description\":\"Los Mejores equipos de sonido profesional para tus proyectos, cumpliendo garant\u00eda, soporte y respaldo, Env\u00edos a nivel nacional Colombia.\",\"breadcrumb\":{\"@id\":\"https:\/\/rs-audiovideo.com\/index.php\/product\/mezclador-de-video-blackmagic-atem-sdi\/#breadcrumb\"},\"inLanguage\":\"en-US\",\"potentialAction\":[{\"@type\":\"ReadAction\",\"target\":[\"https:\/\/rs-audiovideo.com\/index.php\/product\/mezclador-de-video-blackmagic-atem-sdi\/\"]}]},{\"@type\":\"ImageObject\",\"inLanguage\":\"en-US\",\"@id\":\"https:\/\/rs-audiovideo.com\/index.php\/product\/mezclador-de-video-blackmagic-atem-sdi\/#primaryimage\",\"url\":\"https:\/\/rs-audiovideo.com\/wp-content\/uploads\/2024\/06\/Blackmagic-Design-ATEM-SDI-Switcher_2_2048x2048.webp\",\"contentUrl\":\"https:\/\/rs-audiovideo.com\/wp-content\/uploads\/2024\/06\/Blackmagic-Design-ATEM-SDI-Switcher_2_2048x2048.webp\",\"width\":720,\"height\":660},{\"@type\":\"BreadcrumbList\",\"@id\":\"https:\/\/rs-audiovideo.com\/index.php\/product\/mezclador-de-video-blackmagic-atem-sdi\/#breadcrumb\",\"itemListElement\":[{\"@type\":\"ListItem\",\"position\":1,\"name\":\"Home\",\"item\":\"https:\/\/rs-audiovideo.com\/\"},{\"@type\":\"ListItem\",\"position\":2,\"name\":\"Shop\",\"item\":\"https:\/\/rs-audiovideo.com\/index.php\/shop-2\/\"},{\"@type\":\"ListItem\",\"position\":3,\"name\":\"MEZCLADOR DE VIDEO BLACKMAGIC ATEM SDI\"}]},{\"@type\":\"WebSite\",\"@id\":\"https:\/\/rs-audiovideo.com\/#website\",\"url\":\"https:\/\/rs-audiovideo.com\/\",\"name\":\"Soluciones, Asesoria y Venta de Equipos Audiovisuales\",\"description\":\"\",\"publisher\":{\"@id\":\"https:\/\/rs-audiovideo.com\/#organization\"},\"potentialAction\":[{\"@type\":\"SearchAction\",\"target\":{\"@type\":\"EntryPoint\",\"urlTemplate\":\"https:\/\/rs-audiovideo.com\/?s={search_term_string}\"},\"query-input\":{\"@type\":\"PropertyValueSpecification\",\"valueRequired\":true,\"valueName\":\"search_term_string\"}}],\"inLanguage\":\"en-US\"},{\"@type\":\"Organization\",\"@id\":\"https:\/\/rs-audiovideo.com\/#organization\",\"name\":\"Soluciones, Asesoria y Venta de Equipos Audiovisuales\",\"url\":\"https:\/\/rs-audiovideo.com\/\",\"logo\":{\"@type\":\"ImageObject\",\"inLanguage\":\"en-US\",\"@id\":\"https:\/\/rs-audiovideo.com\/#\/schema\/logo\/image\/\",\"url\":\"https:\/\/rs-audiovideo.com\/wp-content\/uploads\/2024\/06\/cropped-logointro.png\",\"contentUrl\":\"https:\/\/rs-audiovideo.com\/wp-content\/uploads\/2024\/06\/cropped-logointro.png\",\"width\":579,\"height\":127,\"caption\":\"Soluciones, Asesoria y Venta de Equipos Audiovisuales\"},\"image\":{\"@id\":\"https:\/\/rs-audiovideo.com\/#\/schema\/logo\/image\/\"}}]}<\/script>\n<!-- \/ Yoast SEO plugin. -->","yoast_head_json":{"title":"MEZCLADOR DE VIDEO BLACKMAGIC ATEM SDI - Soluciones, Asesoria y Venta de Equipos Audiovisuales","description":"Los Mejores equipos de sonido profesional para tus proyectos, cumpliendo garant\u00eda, soporte y respaldo, Env\u00edos a nivel nacional Colombia.","robots":{"index":"index","follow":"follow","max-snippet":"max-snippet:-1","max-image-preview":"max-image-preview:large","max-video-preview":"max-video-preview:-1"},"canonical":"https:\/\/rs-audiovideo.com\/index.php\/product\/mezclador-de-video-blackmagic-atem-sdi\/","og_locale":"en_US","og_type":"article","og_title":"MEZCLADOR DE VIDEO BLACKMAGIC ATEM SDI - Soluciones, Asesoria y Venta de Equipos Audiovisuales","og_description":"Los Mejores equipos de sonido profesional para tus proyectos, cumpliendo garant\u00eda, soporte y respaldo, Env\u00edos a nivel nacional Colombia.","og_url":"https:\/\/rs-audiovideo.com\/index.php\/product\/mezclador-de-video-blackmagic-atem-sdi\/","og_site_name":"Soluciones, Asesoria y Venta de Equipos Audiovisuales","article_modified_time":"2024-06-19T00:07:09+00:00","og_image":[{"width":720,"height":660,"url":"https:\/\/rs-audiovideo.com\/wp-content\/uploads\/2024\/06\/Blackmagic-Design-ATEM-SDI-Switcher_2_2048x2048.webp","type":"image\/webp"}],"twitter_card":"summary_large_image","twitter_misc":{"Est. reading time":"1 minute"},"schema":{"@context":"https:\/\/schema.org","@graph":[{"@type":"WebPage","@id":"https:\/\/rs-audiovideo.com\/index.php\/product\/mezclador-de-video-blackmagic-atem-sdi\/","url":"https:\/\/rs-audiovideo.com\/index.php\/product\/mezclador-de-video-blackmagic-atem-sdi\/","name":"MEZCLADOR DE VIDEO BLACKMAGIC ATEM SDI - Soluciones, Asesoria y Venta de Equipos Audiovisuales","isPartOf":{"@id":"https:\/\/rs-audiovideo.com\/#website"},"primaryImageOfPage":{"@id":"https:\/\/rs-audiovideo.com\/index.php\/product\/mezclador-de-video-blackmagic-atem-sdi\/#primaryimage"},"image":{"@id":"https:\/\/rs-audiovideo.com\/index.php\/product\/mezclador-de-video-blackmagic-atem-sdi\/#primaryimage"},"thumbnailUrl":"https:\/\/rs-audiovideo.com\/wp-content\/uploads\/2024\/06\/Blackmagic-Design-ATEM-SDI-Switcher_2_2048x2048.webp","datePublished":"2024-06-14T02:53:30+00:00","dateModified":"2024-06-19T00:07:09+00:00","description":"Los Mejores equipos de sonido profesional para tus proyectos, cumpliendo garant\u00eda, soporte y respaldo, Env\u00edos a nivel nacional Colombia.","breadcrumb":{"@id":"https:\/\/rs-audiovideo.com\/index.php\/product\/mezclador-de-video-blackmagic-atem-sdi\/#breadcrumb"},"inLanguage":"en-US","potentialAction":[{"@type":"ReadAction","target":["https:\/\/rs-audiovideo.com\/index.php\/product\/mezclador-de-video-blackmagic-atem-sdi\/"]}]},{"@type":"ImageObject","inLanguage":"en-US","@id":"https:\/\/rs-audiovideo.com\/index.php\/product\/mezclador-de-video-blackmagic-atem-sdi\/#primaryimage","url":"https:\/\/rs-audiovideo.com\/wp-content\/uploads\/2024\/06\/Blackmagic-Design-ATEM-SDI-Switcher_2_2048x2048.webp","contentUrl":"https:\/\/rs-audiovideo.com\/wp-content\/uploads\/2024\/06\/Blackmagic-Design-ATEM-SDI-Switcher_2_2048x2048.webp","width":720,"height":660},{"@type":"BreadcrumbList","@id":"https:\/\/rs-audiovideo.com\/index.php\/product\/mezclador-de-video-blackmagic-atem-sdi\/#breadcrumb","itemListElement":[{"@type":"ListItem","position":1,"name":"Home","item":"https:\/\/rs-audiovideo.com\/"},{"@type":"ListItem","position":2,"name":"Shop","item":"https:\/\/rs-audiovideo.com\/index.php\/shop-2\/"},{"@type":"ListItem","position":3,"name":"MEZCLADOR DE VIDEO BLACKMAGIC ATEM SDI"}]},{"@type":"WebSite","@id":"https:\/\/rs-audiovideo.com\/#website","url":"https:\/\/rs-audiovideo.com\/","name":"Soluciones, Asesoria y Venta de Equipos Audiovisuales","description":"","publisher":{"@id":"https:\/\/rs-audiovideo.com\/#organization"},"potentialAction":[{"@type":"SearchAction","target":{"@type":"EntryPoint","urlTemplate":"https:\/\/rs-audiovideo.com\/?s={search_term_string}"},"query-input":{"@type":"PropertyValueSpecification","valueRequired":true,"valueName":"search_term_string"}}],"inLanguage":"en-US"},{"@type":"Organization","@id":"https:\/\/rs-audiovideo.com\/#organization","name":"Soluciones, Asesoria y Venta de Equipos Audiovisuales","url":"https:\/\/rs-audiovideo.com\/","logo":{"@type":"ImageObject","inLanguage":"en-US","@id":"https:\/\/rs-audiovideo.com\/#\/schema\/logo\/image\/","url":"https:\/\/rs-audiovideo.com\/wp-content\/uploads\/2024\/06\/cropped-logointro.png","contentUrl":"https:\/\/rs-audiovideo.com\/wp-content\/uploads\/2024\/06\/cropped-logointro.png","width":579,"height":127,"caption":"Soluciones, Asesoria y Venta de Equipos Audiovisuales"},"image":{"@id":"https:\/\/rs-audiovideo.com\/#\/schema\/logo\/image\/"}}]}},"_links":{"self":[{"href":"https:\/\/rs-audiovideo.com\/index.php\/wp-json\/wp\/v2\/product\/5631","targetHints":{"allow":["GET"]}}],"collection":[{"href":"https:\/\/rs-audiovideo.com\/index.php\/wp-json\/wp\/v2\/product"}],"about":[{"href":"https:\/\/rs-audiovideo.com\/index.php\/wp-json\/wp\/v2\/types\/product"}],"replies":[{"embeddable":true,"href":"https:\/\/rs-audiovideo.com\/index.php\/wp-json\/wp\/v2\/comments?post=5631"}],"wp:featuredmedia":[{"embeddable":true,"href":"https:\/\/rs-audiovideo.com\/index.php\/wp-json\/wp\/v2\/media\/5633"}],"wp:attachment":[{"href":"https:\/\/rs-audiovideo.com\/index.php\/wp-json\/wp\/v2\/media?parent=5631"}],"wp:term":[{"taxonomy":"product_brand","embeddable":true,"href":"https:\/\/rs-audiovideo.com\/index.php\/wp-json\/wp\/v2\/product_brand?post=5631"},{"taxonomy":"product_cat","embeddable":true,"href":"https:\/\/rs-audiovideo.com\/index.php\/wp-json\/wp\/v2\/product_cat?post=5631"},{"taxonomy":"product_tag","embeddable":true,"href":"https:\/\/rs-audiovideo.com\/index.php\/wp-json\/wp\/v2\/product_tag?post=5631"}],"curies":[{"name":"wp","href":"https:\/\/api.w.org\/{rel}","templated":true}]}}