{"id":5634,"date":"2024-06-14T03:01:57","date_gmt":"2024-06-14T03:01:57","guid":{"rendered":"https:\/\/rs-audiovideo.com\/?post_type=product&#038;p=5634"},"modified":"2024-06-19T00:07:02","modified_gmt":"2024-06-19T00:07:02","slug":"pantalla-led-p2-97-indoor-5001000-mm-kit-completo-12-metros-cuadrados","status":"publish","type":"product","link":"https:\/\/rs-audiovideo.com\/index.php\/product\/pantalla-led-p2-97-indoor-5001000-mm-kit-completo-12-metros-cuadrados\/","title":{"rendered":"Pantalla Led P2.97 Kit Completo 12 m2"},"content":{"rendered":"<h2>Ventajas de la Pantalla Led P2.97 Indoor marca Full-Stage:<\/h2>\n<ul>\n<li><strong>Altamente resistentes:\u00a0<\/strong>\u00a0Nuestras Pantallas Led est\u00e1n dise\u00f1adas y construidas a partir de los mejores materiales, brindando a todos nuestros clientes un alto \u00edndice de satisfacci\u00f3n respecto a nuestras Pantallas Led.<\/li>\n<li><strong>Largo Tiempo de Vida:\u00a0<\/strong>Nuestras pantallas Led tienen un livetime de 100.000 Horas de usos.\u00a0el tiempo de vida \u00fatil de nuestras pantallas es tan alto\u00a0que podr\u00eda\u00a0quedar obsoleta antes de dejar de funcionar.<\/li>\n<li><strong>Protecci\u00f3n IP:<\/strong>\u00a0Cuenta con protecci\u00f3n IP40 (S\u00f3lo Ambientes Techados)<\/li>\n<\/ul>\n<h2>Caracter\u00edsticas T\u00e9cnicas de la Pantalla Led P2.97 Indoor marca Full-Stage:<\/h2>\n<h3>Par\u00e1metros del Led:<\/h3>\n<table>\n<tbody>\n<tr>\n<td style=\"width: 151.141px;\">\u00cdtem<\/td>\n<td style=\"width: 99.375px;\">Tipo de Led<\/td>\n<td style=\"width: 84.5625px;\"><\/td>\n<td style=\"width: 95.1875px;\">\u00c1ngulo de visi\u00f3n (H\/V)<\/td>\n<td style=\"width: 97.7344px;\">Longitud de onda<\/td>\n<\/tr>\n<tr>\n<td style=\"width: 151.141px;\">Led Rojo<\/td>\n<td style=\"width: 99.375px;\">SMD1515 3 en 1<\/td>\n<td style=\"width: 84.5625px;\"><\/td>\n<td style=\"width: 95.1875px;\">140\u00ba\/65\u00ba<\/td>\n<td style=\"width: 97.7344px;\">625nm\u00b12.5<\/td>\n<\/tr>\n<tr>\n<td style=\"width: 151.141px;\">Led Verde<\/td>\n<td style=\"width: 99.375px;\">SMD1515 3 en 1<\/td>\n<td style=\"width: 84.5625px;\"><\/td>\n<td style=\"width: 95.1875px;\">140\u00ba\/65\u00ba<\/td>\n<td style=\"width: 97.7344px;\">525nm\u00b12.5<\/td>\n<\/tr>\n<tr>\n<td style=\"width: 151.141px;\">led Azul<\/td>\n<td style=\"width: 99.375px;\">SMD1515 3 en 1<\/td>\n<td style=\"width: 84.5625px;\"><\/td>\n<td style=\"width: 95.1875px;\">140\u00ba\/65\u00ba<\/td>\n<td style=\"width: 97.7344px;\">470nm\u00b12.5<\/td>\n<\/tr>\n<\/tbody>\n<\/table>\n<p>&nbsp;<\/p>\n<h3>Especificaciones del M\u00f3dulo:<\/h3>\n<table width=\"395\">\n<tbody>\n<tr>\n<td width=\"177\">Pixel Pitch<\/td>\n<td colspan=\"2\" width=\"218\">2.604 mm<\/td>\n<\/tr>\n<tr>\n<td width=\"177\">Pixel Configuration<\/td>\n<td colspan=\"2\">1R1G1B<\/td>\n<\/tr>\n<tr>\n<td width=\"177\">Module Resolution<\/td>\n<td colspan=\"2\" width=\"218\">84 x 84 pixels<\/td>\n<\/tr>\n<tr>\n<td width=\"177\">Module Pixles<\/td>\n<td colspan=\"2\">7056\u00a0pixels<\/td>\n<\/tr>\n<tr>\n<td width=\"177\">Module Size<\/td>\n<td colspan=\"2\">250mm X 250mm<\/td>\n<\/tr>\n<\/tbody>\n<\/table>\n<p><img decoding=\"async\" style=\"display: block; margin-left: auto; margin-right: auto;\" src=\"https:\/\/cdn.shopify.com\/s\/files\/1\/0668\/6785\/5642\/files\/modulo-de-pantalla-led-a-la-venta-en-full-stage-com_480x480.png?v=1669390290\" alt=\"\" \/><\/p>\n<h3>Especificaciones del Gabinete:<\/h3>\n<table>\n<tbody>\n<tr>\n<td>Medidas del Gabinete(mm)(WXHXD)<\/td>\n<td colspan=\"2\">500 mm x 1.000 mm x 90 mm<\/td>\n<\/tr>\n<tr>\n<td>Resoluci\u00f3n del Gabinete (dot)<\/td>\n<td colspan=\"2\">128 x 256 pixels<\/td>\n<\/tr>\n<tr>\n<td>Cantidad de M\u00f3dulos\u00a0(pcs)<\/td>\n<td colspan=\"2\">8 pcs<\/td>\n<\/tr>\n<tr>\n<td>Pixeles por Gabinete<\/td>\n<td colspan=\"2\">73,728 pixels<\/td>\n<\/tr>\n<tr>\n<td>Densidad de P\u00edxeles<\/td>\n<td colspan=\"2\">112896pixels\/m<sup>2<\/sup><\/td>\n<\/tr>\n<tr>\n<td>Material<\/td>\n<td colspan=\"2\">Fundici\u00f3n a presi\u00f3n de aluminio<\/td>\n<\/tr>\n<\/tbody>\n<\/table>\n<p>&nbsp;<\/p>\n<p><img loading=\"lazy\" decoding=\"async\" style=\"display: block; margin-left: auto; margin-right: auto;\" src=\"https:\/\/cdn.shopify.com\/s\/files\/1\/0668\/6785\/5642\/files\/gabinete-de-pantalla-led-p3-91-500mm-x-1000mm_480x480.jpg?v=1669391615\" alt=\"\" width=\"402\" height=\"282\" \/><\/p>\n<h3>Par\u00e1metros de la Pantalla Led P3.91 Outdoor:<\/h3>\n<table>\n<tbody>\n<tr>\n<td>Brillo de la Pantalla<\/td>\n<td colspan=\"2\">\u2265800cd\/\u33a1<\/td>\n<\/tr>\n<tr>\n<td>Peso del Gabinete<\/td>\n<td colspan=\"2\">15 kg\/cabinet<\/td>\n<\/tr>\n<tr>\n<td>M\u00e9todo de Conducci\u00f3n<\/td>\n<td colspan=\"2\">1\/16 scan<\/td>\n<\/tr>\n<tr>\n<td>\u00c1ngulo Visual H\/V<\/td>\n<td colspan=\"2\">140\u00b0\/65\u00b0<\/td>\n<\/tr>\n<tr>\n<td>Mejor Distancia de Visualizaci\u00f3n<\/td>\n<td colspan=\"2\">2m &#8211; 50m<\/td>\n<\/tr>\n<tr>\n<td>Consumo m\u00e1ximo de energ\u00eda<\/td>\n<td colspan=\"2\">650 W\/\u33a1<\/td>\n<\/tr>\n<tr>\n<td>Consumo medio de energ\u00eda<\/td>\n<td colspan=\"2\">250W\/\u33a1<\/td>\n<\/tr>\n<tr>\n<td>Nivel de Grises<\/td>\n<td colspan=\"2\">64K levels<\/td>\n<\/tr>\n<tr>\n<td>Color de la Pantalla<\/td>\n<td colspan=\"2\">16M<\/td>\n<\/tr>\n<tr>\n<td>Frecuencia de Cuadro<\/td>\n<td colspan=\"2\">\u226560Hz<\/td>\n<\/tr>\n<tr>\n<td>Frecuencia de actualizaci\u00f3n<\/td>\n<td colspan=\"2\">\u22651920Hz<\/td>\n<\/tr>\n<tr>\n<td>Horas de trabajo ininterrumpidas<\/td>\n<td colspan=\"2\">\u226572 hours<\/td>\n<\/tr>\n<tr>\n<td>Vida \u00fatil de la pantalla<\/td>\n<td colspan=\"2\">\u2265100,000 hours<\/td>\n<\/tr>\n<tr>\n<td>MTBF<\/td>\n<td colspan=\"2\">\u22655,000 hours<\/td>\n<\/tr>\n<tr>\n<td>Tasa discreta de punto ciego<\/td>\n<td colspan=\"2\">\uff1c1\uff0f10000<\/td>\n<\/tr>\n<tr>\n<td>Tasa continua de puntos ciegos<\/td>\n<td colspan=\"2\">Ninguno<\/td>\n<\/tr>\n<tr>\n<td>Tasa de punto ciego<\/td>\n<td colspan=\"2\">\uff1c1\uff0f10000<\/td>\n<\/tr>\n<tr>\n<td>Escala de Protecci\u00f3n IP<\/td>\n<td colspan=\"2\">IP40<\/td>\n<\/tr>\n<tr>\n<td>Llanura de pantalla<\/td>\n<td colspan=\"2\">\uff1c\u00b11mm<\/td>\n<\/tr>\n<tr>\n<td>Power Supply Mode<\/td>\n<td colspan=\"2\">AC220\u00b110%\u00a0 50Hz\/AC110\u00b110%\u00a0 60Hz<\/td>\n<\/tr>\n<tr>\n<td>Tempera del Ambiente y Humedad<\/td>\n<td colspan=\"2\">Temperature\uff1a-40\u2103~+60\u2103<br \/>\nHumidity\uff1a10%~90% RH<\/td>\n<\/tr>\n<tr>\n<td>Sistema de control<\/td>\n<td colspan=\"2\">Full color, Linsn<\/td>\n<\/tr>\n<tr>\n<td>Modo de Control<\/td>\n<td colspan=\"2\">Connect to computer\uff0c synchronious control<\/td>\n<\/tr>\n<tr>\n<td>Sistema de Control<\/td>\n<td colspan=\"2\">Windows98\/2000\/NT\/XP\/Vista<\/td>\n<\/tr>\n<\/tbody>\n<\/table>\n","protected":false},"excerpt":{"rendered":"<p>Ventajas de la Pantalla Led P2.97 Indoor marca Full-Stage: Altamente resistentes:\u00a0\u00a0Nuestras Pantallas Led est\u00e1n dise\u00f1adas y construidas a partir de los mejores materiales, brindando a todos nuestros clientes un alto<\/p>\n","protected":false},"featured_media":5637,"comment_status":"open","ping_status":"closed","template":"","meta":{"_acf_changed":false},"product_brand":[],"product_cat":[234],"product_tag":[],"class_list":{"0":"post-5634","1":"product","2":"type-product","3":"status-publish","4":"has-post-thumbnail","6":"product_cat-pantallas-led","8":"first","9":"onbackorder","10":"shipping-taxable","11":"purchasable","12":"product-type-simple","13":"add-to-wishlist-after_add_to_cart"},"acf":[],"yoast_head":"<!-- This site is optimized with the Yoast SEO plugin v26.0 - https:\/\/yoast.com\/wordpress\/plugins\/seo\/ -->\n<title>Pantalla Led P2.97 Kit Completo 12 m2 - Soluciones, Asesoria y Venta de Equipos Audiovisuales<\/title>\n<meta name=\"description\" content=\"Los Mejores equipos de sonido profesional para tus proyectos, cumpliendo garant\u00eda, soporte y respaldo, Env\u00edos a nivel nacional Colombia.\" \/>\n<meta name=\"robots\" content=\"index, follow, max-snippet:-1, max-image-preview:large, max-video-preview:-1\" \/>\n<link rel=\"canonical\" href=\"https:\/\/rs-audiovideo.com\/index.php\/product\/pantalla-led-p2-97-indoor-5001000-mm-kit-completo-12-metros-cuadrados\/\" \/>\n<meta property=\"og:locale\" content=\"en_US\" \/>\n<meta property=\"og:type\" content=\"article\" \/>\n<meta property=\"og:title\" content=\"Pantalla Led P2.97 Kit Completo 12 m2 - Soluciones, Asesoria y Venta de Equipos Audiovisuales\" \/>\n<meta property=\"og:description\" content=\"Los Mejores equipos de sonido profesional para tus proyectos, cumpliendo garant\u00eda, soporte y respaldo, Env\u00edos a nivel nacional Colombia.\" \/>\n<meta property=\"og:url\" content=\"https:\/\/rs-audiovideo.com\/index.php\/product\/pantalla-led-p2-97-indoor-5001000-mm-kit-completo-12-metros-cuadrados\/\" \/>\n<meta property=\"og:site_name\" content=\"Soluciones, Asesoria y Venta de Equipos Audiovisuales\" \/>\n<meta property=\"article:modified_time\" content=\"2024-06-19T00:07:02+00:00\" \/>\n<meta property=\"og:image\" content=\"https:\/\/rs-audiovideo.com\/wp-content\/uploads\/2024\/06\/65e938e042f09.jpg\" \/>\n\t<meta property=\"og:image:width\" content=\"1400\" \/>\n\t<meta property=\"og:image:height\" content=\"1000\" \/>\n\t<meta property=\"og:image:type\" content=\"image\/jpeg\" \/>\n<meta name=\"twitter:card\" content=\"summary_large_image\" \/>\n<meta name=\"twitter:label1\" content=\"Est. reading time\" \/>\n\t<meta name=\"twitter:data1\" content=\"3 minutes\" \/>\n<script type=\"application\/ld+json\" class=\"yoast-schema-graph\">{\"@context\":\"https:\/\/schema.org\",\"@graph\":[{\"@type\":\"WebPage\",\"@id\":\"https:\/\/rs-audiovideo.com\/index.php\/product\/pantalla-led-p2-97-indoor-5001000-mm-kit-completo-12-metros-cuadrados\/\",\"url\":\"https:\/\/rs-audiovideo.com\/index.php\/product\/pantalla-led-p2-97-indoor-5001000-mm-kit-completo-12-metros-cuadrados\/\",\"name\":\"Pantalla Led P2.97 Kit Completo 12 m2 - Soluciones, Asesoria y Venta de Equipos Audiovisuales\",\"isPartOf\":{\"@id\":\"https:\/\/rs-audiovideo.com\/#website\"},\"primaryImageOfPage\":{\"@id\":\"https:\/\/rs-audiovideo.com\/index.php\/product\/pantalla-led-p2-97-indoor-5001000-mm-kit-completo-12-metros-cuadrados\/#primaryimage\"},\"image\":{\"@id\":\"https:\/\/rs-audiovideo.com\/index.php\/product\/pantalla-led-p2-97-indoor-5001000-mm-kit-completo-12-metros-cuadrados\/#primaryimage\"},\"thumbnailUrl\":\"https:\/\/rs-audiovideo.com\/wp-content\/uploads\/2024\/06\/65e938e042f09.jpg\",\"datePublished\":\"2024-06-14T03:01:57+00:00\",\"dateModified\":\"2024-06-19T00:07:02+00:00\",\"description\":\"Los Mejores equipos de sonido profesional para tus proyectos, cumpliendo garant\u00eda, soporte y respaldo, Env\u00edos a nivel nacional Colombia.\",\"breadcrumb\":{\"@id\":\"https:\/\/rs-audiovideo.com\/index.php\/product\/pantalla-led-p2-97-indoor-5001000-mm-kit-completo-12-metros-cuadrados\/#breadcrumb\"},\"inLanguage\":\"en-US\",\"potentialAction\":[{\"@type\":\"ReadAction\",\"target\":[\"https:\/\/rs-audiovideo.com\/index.php\/product\/pantalla-led-p2-97-indoor-5001000-mm-kit-completo-12-metros-cuadrados\/\"]}]},{\"@type\":\"ImageObject\",\"inLanguage\":\"en-US\",\"@id\":\"https:\/\/rs-audiovideo.com\/index.php\/product\/pantalla-led-p2-97-indoor-5001000-mm-kit-completo-12-metros-cuadrados\/#primaryimage\",\"url\":\"https:\/\/rs-audiovideo.com\/wp-content\/uploads\/2024\/06\/65e938e042f09.jpg\",\"contentUrl\":\"https:\/\/rs-audiovideo.com\/wp-content\/uploads\/2024\/06\/65e938e042f09.jpg\",\"width\":1400,\"height\":1000},{\"@type\":\"BreadcrumbList\",\"@id\":\"https:\/\/rs-audiovideo.com\/index.php\/product\/pantalla-led-p2-97-indoor-5001000-mm-kit-completo-12-metros-cuadrados\/#breadcrumb\",\"itemListElement\":[{\"@type\":\"ListItem\",\"position\":1,\"name\":\"Home\",\"item\":\"https:\/\/rs-audiovideo.com\/\"},{\"@type\":\"ListItem\",\"position\":2,\"name\":\"Shop\",\"item\":\"https:\/\/rs-audiovideo.com\/index.php\/shop-2\/\"},{\"@type\":\"ListItem\",\"position\":3,\"name\":\"Pantalla Led P2.97 Kit Completo 12 m2\"}]},{\"@type\":\"WebSite\",\"@id\":\"https:\/\/rs-audiovideo.com\/#website\",\"url\":\"https:\/\/rs-audiovideo.com\/\",\"name\":\"Soluciones, Asesoria y Venta de Equipos Audiovisuales\",\"description\":\"\",\"publisher\":{\"@id\":\"https:\/\/rs-audiovideo.com\/#organization\"},\"potentialAction\":[{\"@type\":\"SearchAction\",\"target\":{\"@type\":\"EntryPoint\",\"urlTemplate\":\"https:\/\/rs-audiovideo.com\/?s={search_term_string}\"},\"query-input\":{\"@type\":\"PropertyValueSpecification\",\"valueRequired\":true,\"valueName\":\"search_term_string\"}}],\"inLanguage\":\"en-US\"},{\"@type\":\"Organization\",\"@id\":\"https:\/\/rs-audiovideo.com\/#organization\",\"name\":\"Soluciones, Asesoria y Venta de Equipos Audiovisuales\",\"url\":\"https:\/\/rs-audiovideo.com\/\",\"logo\":{\"@type\":\"ImageObject\",\"inLanguage\":\"en-US\",\"@id\":\"https:\/\/rs-audiovideo.com\/#\/schema\/logo\/image\/\",\"url\":\"https:\/\/rs-audiovideo.com\/wp-content\/uploads\/2024\/06\/cropped-logointro.png\",\"contentUrl\":\"https:\/\/rs-audiovideo.com\/wp-content\/uploads\/2024\/06\/cropped-logointro.png\",\"width\":579,\"height\":127,\"caption\":\"Soluciones, Asesoria y Venta de Equipos Audiovisuales\"},\"image\":{\"@id\":\"https:\/\/rs-audiovideo.com\/#\/schema\/logo\/image\/\"}}]}<\/script>\n<!-- \/ Yoast SEO plugin. -->","yoast_head_json":{"title":"Pantalla Led P2.97 Kit Completo 12 m2 - Soluciones, Asesoria y Venta de Equipos Audiovisuales","description":"Los Mejores equipos de sonido profesional para tus proyectos, cumpliendo garant\u00eda, soporte y respaldo, Env\u00edos a nivel nacional Colombia.","robots":{"index":"index","follow":"follow","max-snippet":"max-snippet:-1","max-image-preview":"max-image-preview:large","max-video-preview":"max-video-preview:-1"},"canonical":"https:\/\/rs-audiovideo.com\/index.php\/product\/pantalla-led-p2-97-indoor-5001000-mm-kit-completo-12-metros-cuadrados\/","og_locale":"en_US","og_type":"article","og_title":"Pantalla Led P2.97 Kit Completo 12 m2 - Soluciones, Asesoria y Venta de Equipos Audiovisuales","og_description":"Los Mejores equipos de sonido profesional para tus proyectos, cumpliendo garant\u00eda, soporte y respaldo, Env\u00edos a nivel nacional Colombia.","og_url":"https:\/\/rs-audiovideo.com\/index.php\/product\/pantalla-led-p2-97-indoor-5001000-mm-kit-completo-12-metros-cuadrados\/","og_site_name":"Soluciones, Asesoria y Venta de Equipos Audiovisuales","article_modified_time":"2024-06-19T00:07:02+00:00","og_image":[{"width":1400,"height":1000,"url":"https:\/\/rs-audiovideo.com\/wp-content\/uploads\/2024\/06\/65e938e042f09.jpg","type":"image\/jpeg"}],"twitter_card":"summary_large_image","twitter_misc":{"Est. reading time":"3 minutes"},"schema":{"@context":"https:\/\/schema.org","@graph":[{"@type":"WebPage","@id":"https:\/\/rs-audiovideo.com\/index.php\/product\/pantalla-led-p2-97-indoor-5001000-mm-kit-completo-12-metros-cuadrados\/","url":"https:\/\/rs-audiovideo.com\/index.php\/product\/pantalla-led-p2-97-indoor-5001000-mm-kit-completo-12-metros-cuadrados\/","name":"Pantalla Led P2.97 Kit Completo 12 m2 - Soluciones, Asesoria y Venta de Equipos Audiovisuales","isPartOf":{"@id":"https:\/\/rs-audiovideo.com\/#website"},"primaryImageOfPage":{"@id":"https:\/\/rs-audiovideo.com\/index.php\/product\/pantalla-led-p2-97-indoor-5001000-mm-kit-completo-12-metros-cuadrados\/#primaryimage"},"image":{"@id":"https:\/\/rs-audiovideo.com\/index.php\/product\/pantalla-led-p2-97-indoor-5001000-mm-kit-completo-12-metros-cuadrados\/#primaryimage"},"thumbnailUrl":"https:\/\/rs-audiovideo.com\/wp-content\/uploads\/2024\/06\/65e938e042f09.jpg","datePublished":"2024-06-14T03:01:57+00:00","dateModified":"2024-06-19T00:07:02+00:00","description":"Los Mejores equipos de sonido profesional para tus proyectos, cumpliendo garant\u00eda, soporte y respaldo, Env\u00edos a nivel nacional Colombia.","breadcrumb":{"@id":"https:\/\/rs-audiovideo.com\/index.php\/product\/pantalla-led-p2-97-indoor-5001000-mm-kit-completo-12-metros-cuadrados\/#breadcrumb"},"inLanguage":"en-US","potentialAction":[{"@type":"ReadAction","target":["https:\/\/rs-audiovideo.com\/index.php\/product\/pantalla-led-p2-97-indoor-5001000-mm-kit-completo-12-metros-cuadrados\/"]}]},{"@type":"ImageObject","inLanguage":"en-US","@id":"https:\/\/rs-audiovideo.com\/index.php\/product\/pantalla-led-p2-97-indoor-5001000-mm-kit-completo-12-metros-cuadrados\/#primaryimage","url":"https:\/\/rs-audiovideo.com\/wp-content\/uploads\/2024\/06\/65e938e042f09.jpg","contentUrl":"https:\/\/rs-audiovideo.com\/wp-content\/uploads\/2024\/06\/65e938e042f09.jpg","width":1400,"height":1000},{"@type":"BreadcrumbList","@id":"https:\/\/rs-audiovideo.com\/index.php\/product\/pantalla-led-p2-97-indoor-5001000-mm-kit-completo-12-metros-cuadrados\/#breadcrumb","itemListElement":[{"@type":"ListItem","position":1,"name":"Home","item":"https:\/\/rs-audiovideo.com\/"},{"@type":"ListItem","position":2,"name":"Shop","item":"https:\/\/rs-audiovideo.com\/index.php\/shop-2\/"},{"@type":"ListItem","position":3,"name":"Pantalla Led P2.97 Kit Completo 12 m2"}]},{"@type":"WebSite","@id":"https:\/\/rs-audiovideo.com\/#website","url":"https:\/\/rs-audiovideo.com\/","name":"Soluciones, Asesoria y Venta de Equipos Audiovisuales","description":"","publisher":{"@id":"https:\/\/rs-audiovideo.com\/#organization"},"potentialAction":[{"@type":"SearchAction","target":{"@type":"EntryPoint","urlTemplate":"https:\/\/rs-audiovideo.com\/?s={search_term_string}"},"query-input":{"@type":"PropertyValueSpecification","valueRequired":true,"valueName":"search_term_string"}}],"inLanguage":"en-US"},{"@type":"Organization","@id":"https:\/\/rs-audiovideo.com\/#organization","name":"Soluciones, Asesoria y Venta de Equipos Audiovisuales","url":"https:\/\/rs-audiovideo.com\/","logo":{"@type":"ImageObject","inLanguage":"en-US","@id":"https:\/\/rs-audiovideo.com\/#\/schema\/logo\/image\/","url":"https:\/\/rs-audiovideo.com\/wp-content\/uploads\/2024\/06\/cropped-logointro.png","contentUrl":"https:\/\/rs-audiovideo.com\/wp-content\/uploads\/2024\/06\/cropped-logointro.png","width":579,"height":127,"caption":"Soluciones, Asesoria y Venta de Equipos Audiovisuales"},"image":{"@id":"https:\/\/rs-audiovideo.com\/#\/schema\/logo\/image\/"}}]}},"_links":{"self":[{"href":"https:\/\/rs-audiovideo.com\/index.php\/wp-json\/wp\/v2\/product\/5634","targetHints":{"allow":["GET"]}}],"collection":[{"href":"https:\/\/rs-audiovideo.com\/index.php\/wp-json\/wp\/v2\/product"}],"about":[{"href":"https:\/\/rs-audiovideo.com\/index.php\/wp-json\/wp\/v2\/types\/product"}],"replies":[{"embeddable":true,"href":"https:\/\/rs-audiovideo.com\/index.php\/wp-json\/wp\/v2\/comments?post=5634"}],"wp:featuredmedia":[{"embeddable":true,"href":"https:\/\/rs-audiovideo.com\/index.php\/wp-json\/wp\/v2\/media\/5637"}],"wp:attachment":[{"href":"https:\/\/rs-audiovideo.com\/index.php\/wp-json\/wp\/v2\/media?parent=5634"}],"wp:term":[{"taxonomy":"product_brand","embeddable":true,"href":"https:\/\/rs-audiovideo.com\/index.php\/wp-json\/wp\/v2\/product_brand?post=5634"},{"taxonomy":"product_cat","embeddable":true,"href":"https:\/\/rs-audiovideo.com\/index.php\/wp-json\/wp\/v2\/product_cat?post=5634"},{"taxonomy":"product_tag","embeddable":true,"href":"https:\/\/rs-audiovideo.com\/index.php\/wp-json\/wp\/v2\/product_tag?post=5634"}],"curies":[{"name":"wp","href":"https:\/\/api.w.org\/{rel}","templated":true}]}}