{"id":5811,"date":"2024-06-17T21:31:27","date_gmt":"2024-06-17T21:31:27","guid":{"rendered":"https:\/\/rs-audiovideo.com\/?post_type=product&#038;p=5811"},"modified":"2024-06-19T00:11:32","modified_gmt":"2024-06-19T00:11:32","slug":"jbl-srx928s-subwoofer-activo-1100w-140db","status":"publish","type":"product","link":"https:\/\/rs-audiovideo.com\/index.php\/product\/jbl-srx928s-subwoofer-activo-1100w-140db\/","title":{"rendered":"JBL SRX928S Subwoofer Activo 1100w 140dB"},"content":{"rendered":"<div class=\"product_main_tab_content content active\">\n<div class=\"description text-content\">\n<h2><strong>Subwoofer Autoamplificado dual de 18 pulgadas<\/strong><\/h2>\n<p>La serie SRX900 incorpora los principios de rendimiento avanzado que impulsan el desarrollo de productos de audio de JBL que marcan una diferencia real en el mundo del audio profesional.\u00a0Esta familia de subwoofers y arreglos lineales autoamplificados de pr\u00f3xima generaci\u00f3n aborda la creciente necesidad de soluciones escalables de refuerzo de sonido profesional de formato peque\u00f1o y mediano para empresas de alquiler, instalaciones fijas y m\u00fasicos que buscan la mejor combinaci\u00f3n de rendimiento y portabilidad.<\/p>\n<p>El SRX928S es un subwoofer activo dual de 18 pulgadas dise\u00f1ado para complementar los sistemas de refuerzo de sonido de rango completo SRX900.\u00a0El subwoofer alberga dos woofers JBL 2279-1 de 18 pulgadas, que cuentan con Differential Drive\u00ae, la bobina de voz dual de JBL, la tecnolog\u00eda de doble separaci\u00f3n, para brindar una mejor disipaci\u00f3n de calor, menor compresi\u00f3n de potencia y un rango din\u00e1mico m\u00e1s amplio que los dise\u00f1os convencionales de bobina simple.<\/p>\n<p>El DSP y la amplificaci\u00f3n incorporados ofrecen una experiencia plug and play, al tiempo que brindan consistencia y un rendimiento \u00f3ptimo en cualquier parte del mundo.\u00a0El SRX928S incorpora un gran dise\u00f1o de puerto central de baja frecuencia que mejora el flujo de aire y reduce la turbulencia audible, incluso a altos niveles de salida.\u00a0Un nuevo paquete de software con todas las funciones brinda a los usuarios el control del sistema en varias plataformas, incluidos Windows, macOS y iPad OS.\u00a0Obtenga m\u00e1s informaci\u00f3n sobre JBL Performance\u00a0aqu\u00ed.<\/p>\n<p><iframe loading=\"lazy\" class=\" lazyloaded\" title=\"JBL SRX900 Series: Technical Overview\" src=\"https:\/\/www.youtube.com\/embed\/Y86LiUitdJM?feature=oembed&amp;enablejsapi=1&amp;origin=https:\/\/audioluces.com\" width=\"840\" height=\"473\" frameborder=\"0\" allowfullscreen=\"allowfullscreen\" data-src=\"https:\/\/www.youtube.com\/embed\/Y86LiUitdJM?feature=oembed&amp;enablejsapi=1&amp;origin=https:\/\/audioluces.com\" data-mce-fragment=\"1\"><\/iframe><\/p>\n<\/div>\n<\/div>\n<div id=\"product-features\" class=\"row product-subheader\">\n<div class=\"small-10 columns\">\n<h3 class=\"content-nav\" data-magellan-destination=\"features\">Caracter\u00edsticas<\/h3>\n<\/div>\n<\/div>\n<div id=\"panel_features\" class=\"product_main_tab_content content \">\n<div class=\"features text-content\">\n<ul>\n<li>Soluci\u00f3n de sistema de alta densidad y alto rendimiento en un formato apto para camiones<\/li>\n<li>Los transductores de manejo de alta potencia ofrecen baja distorsi\u00f3n, alta fidelidad y salida l\u00edder en su clase<\/li>\n<li>Amplificaci\u00f3n Clase D incorporada, enfriada pasivamente con una fuente de alimentaci\u00f3n universal<\/li>\n<li>Puertos Ethernet duales con conectores Neutrik etherCON<\/li>\n<li>Soporta HARMAN HControlEthernet<\/li>\n<li>DSP controlable por el usuario<\/li>\n<li>La limitaci\u00f3n LevelMax utiliza sofisticados algoritmos de control de excursi\u00f3n para proteger los transductores<\/li>\n<li>La pantalla LCD del panel posterior brinda acceso completo a las funciones de control<\/li>\n<li>Cajas de madera contrachapada reforzada de 18 mm<\/li>\n<\/ul>\n<h3>Ficha t\u00e9cnica<\/h3>\n<table class=\"specs\">\n<tbody>\n<tr>\n<td class=\"name\">Rango de frecuencia (-10dB)<\/td>\n<td>31 Hz-100 Hz (Preestablecido: 80 Hz)<\/td>\n<\/tr>\n<tr>\n<td class=\"name\">Patr\u00f3n de cobertura<\/td>\n<td>Omnidireccional o Cardioide<\/td>\n<\/tr>\n<tr>\n<td class=\"name\">SPL m\u00e1ximo<\/td>\n<td>140 dB (preestablecido: 80 Hz)<\/td>\n<\/tr>\n<tr>\n<td class=\"name\">Tipo de sistema<\/td>\n<td>Subwoofer activo<\/td>\n<\/tr>\n<tr>\n<td class=\"name\">Dise\u00f1o de amplificador<\/td>\n<td>Clase-D<\/td>\n<\/tr>\n<tr>\n<td class=\"name\">Potencia nominal continua<\/td>\n<td>1100 vatios<\/td>\n<\/tr>\n<tr>\n<td class=\"name\">Controlador de baja frecuencia<\/td>\n<td>(2) JBL 2279H-1, 18 pulgadas de di\u00e1metro, 8 ohmios, doble bobina m\u00f3vil de 3,0 pulgadas de di\u00e1metro, ferrita Differential Drive\u00ae<\/td>\n<\/tr>\n<tr>\n<td class=\"name\">Recinto<\/td>\n<td>Madera contrachapada de 18 mm, acabado Black DuraFlex, cuatro manijas integradas empotradas<\/td>\n<\/tr>\n<tr>\n<td class=\"name\">Dimensiones (Al. x An. x Pr.)<\/td>\n<td>565 mm x 1205 mm x 681 mm<br \/>\n(22,2 pulgadas x 47,4 pulgadas x 26,8 pulgadas)<\/td>\n<\/tr>\n<tr>\n<td class=\"name\">Peso neto (cada uno)<\/td>\n<td>70,3 kg (155 libras)<\/td>\n<\/tr>\n<\/tbody>\n<\/table>\n<\/div>\n<\/div>\n","protected":false},"excerpt":{"rendered":"<p>Subwoofer Autoamplificado dual de 18 pulgadas La serie SRX900 incorpora los principios de rendimiento avanzado que impulsan el desarrollo de productos de audio de JBL que marcan una diferencia real<\/p>\n","protected":false},"featured_media":5813,"comment_status":"open","ping_status":"closed","template":"","meta":{"_acf_changed":false},"product_brand":[],"product_cat":[276,245,246],"product_tag":[],"class_list":{"0":"post-5811","1":"product","2":"type-product","3":"status-publish","4":"has-post-thumbnail","6":"product_cat-jbl","7":"product_cat-line-array","8":"product_cat-subwoofer-activo","10":"first","11":"instock","12":"shipping-taxable","13":"purchasable","14":"product-type-simple","15":"add-to-wishlist-after_add_to_cart"},"acf":[],"yoast_head":"<!-- This site is optimized with the Yoast SEO plugin v26.0 - https:\/\/yoast.com\/wordpress\/plugins\/seo\/ -->\n<title>JBL SRX928S Subwoofer Activo 1100w 140dB - Soluciones, Asesoria y Venta de Equipos Audiovisuales<\/title>\n<meta name=\"description\" content=\"Los Mejores equipos de sonido profesional para tus proyectos, cumpliendo garant\u00eda, soporte y respaldo, Env\u00edos a nivel nacional Colombia.\" \/>\n<meta name=\"robots\" content=\"index, follow, max-snippet:-1, max-image-preview:large, max-video-preview:-1\" \/>\n<link rel=\"canonical\" href=\"https:\/\/rs-audiovideo.com\/index.php\/product\/jbl-srx928s-subwoofer-activo-1100w-140db\/\" \/>\n<meta property=\"og:locale\" content=\"en_US\" \/>\n<meta property=\"og:type\" content=\"article\" \/>\n<meta property=\"og:title\" content=\"JBL SRX928S Subwoofer Activo 1100w 140dB - Soluciones, Asesoria y Venta de Equipos Audiovisuales\" \/>\n<meta property=\"og:description\" content=\"Los Mejores equipos de sonido profesional para tus proyectos, cumpliendo garant\u00eda, soporte y respaldo, Env\u00edos a nivel nacional Colombia.\" \/>\n<meta property=\"og:url\" content=\"https:\/\/rs-audiovideo.com\/index.php\/product\/jbl-srx928s-subwoofer-activo-1100w-140db\/\" \/>\n<meta property=\"og:site_name\" content=\"Soluciones, Asesoria y Venta de Equipos Audiovisuales\" \/>\n<meta property=\"article:modified_time\" content=\"2024-06-19T00:11:32+00:00\" \/>\n<meta property=\"og:image\" content=\"https:\/\/rs-audiovideo.com\/wp-content\/uploads\/2024\/06\/SRX928S_0004.jpg\" \/>\n\t<meta property=\"og:image:width\" content=\"1000\" \/>\n\t<meta property=\"og:image:height\" content=\"1000\" \/>\n\t<meta property=\"og:image:type\" content=\"image\/jpeg\" \/>\n<meta name=\"twitter:card\" content=\"summary_large_image\" \/>\n<meta name=\"twitter:label1\" content=\"Est. reading time\" \/>\n\t<meta name=\"twitter:data1\" content=\"3 minutes\" \/>\n<script type=\"application\/ld+json\" class=\"yoast-schema-graph\">{\"@context\":\"https:\/\/schema.org\",\"@graph\":[{\"@type\":\"WebPage\",\"@id\":\"https:\/\/rs-audiovideo.com\/index.php\/product\/jbl-srx928s-subwoofer-activo-1100w-140db\/\",\"url\":\"https:\/\/rs-audiovideo.com\/index.php\/product\/jbl-srx928s-subwoofer-activo-1100w-140db\/\",\"name\":\"JBL SRX928S Subwoofer Activo 1100w 140dB - Soluciones, Asesoria y Venta de Equipos Audiovisuales\",\"isPartOf\":{\"@id\":\"https:\/\/rs-audiovideo.com\/#website\"},\"primaryImageOfPage\":{\"@id\":\"https:\/\/rs-audiovideo.com\/index.php\/product\/jbl-srx928s-subwoofer-activo-1100w-140db\/#primaryimage\"},\"image\":{\"@id\":\"https:\/\/rs-audiovideo.com\/index.php\/product\/jbl-srx928s-subwoofer-activo-1100w-140db\/#primaryimage\"},\"thumbnailUrl\":\"https:\/\/rs-audiovideo.com\/wp-content\/uploads\/2024\/06\/SRX928S_0004.jpg\",\"datePublished\":\"2024-06-17T21:31:27+00:00\",\"dateModified\":\"2024-06-19T00:11:32+00:00\",\"description\":\"Los Mejores equipos de sonido profesional para tus proyectos, cumpliendo garant\u00eda, soporte y respaldo, Env\u00edos a nivel nacional Colombia.\",\"breadcrumb\":{\"@id\":\"https:\/\/rs-audiovideo.com\/index.php\/product\/jbl-srx928s-subwoofer-activo-1100w-140db\/#breadcrumb\"},\"inLanguage\":\"en-US\",\"potentialAction\":[{\"@type\":\"ReadAction\",\"target\":[\"https:\/\/rs-audiovideo.com\/index.php\/product\/jbl-srx928s-subwoofer-activo-1100w-140db\/\"]}]},{\"@type\":\"ImageObject\",\"inLanguage\":\"en-US\",\"@id\":\"https:\/\/rs-audiovideo.com\/index.php\/product\/jbl-srx928s-subwoofer-activo-1100w-140db\/#primaryimage\",\"url\":\"https:\/\/rs-audiovideo.com\/wp-content\/uploads\/2024\/06\/SRX928S_0004.jpg\",\"contentUrl\":\"https:\/\/rs-audiovideo.com\/wp-content\/uploads\/2024\/06\/SRX928S_0004.jpg\",\"width\":1000,\"height\":1000},{\"@type\":\"BreadcrumbList\",\"@id\":\"https:\/\/rs-audiovideo.com\/index.php\/product\/jbl-srx928s-subwoofer-activo-1100w-140db\/#breadcrumb\",\"itemListElement\":[{\"@type\":\"ListItem\",\"position\":1,\"name\":\"Home\",\"item\":\"https:\/\/rs-audiovideo.com\/\"},{\"@type\":\"ListItem\",\"position\":2,\"name\":\"Shop\",\"item\":\"https:\/\/rs-audiovideo.com\/index.php\/shop-2\/\"},{\"@type\":\"ListItem\",\"position\":3,\"name\":\"JBL SRX928S Subwoofer Activo 1100w 140dB\"}]},{\"@type\":\"WebSite\",\"@id\":\"https:\/\/rs-audiovideo.com\/#website\",\"url\":\"https:\/\/rs-audiovideo.com\/\",\"name\":\"Soluciones, Asesoria y Venta de Equipos Audiovisuales\",\"description\":\"\",\"publisher\":{\"@id\":\"https:\/\/rs-audiovideo.com\/#organization\"},\"potentialAction\":[{\"@type\":\"SearchAction\",\"target\":{\"@type\":\"EntryPoint\",\"urlTemplate\":\"https:\/\/rs-audiovideo.com\/?s={search_term_string}\"},\"query-input\":{\"@type\":\"PropertyValueSpecification\",\"valueRequired\":true,\"valueName\":\"search_term_string\"}}],\"inLanguage\":\"en-US\"},{\"@type\":\"Organization\",\"@id\":\"https:\/\/rs-audiovideo.com\/#organization\",\"name\":\"Soluciones, Asesoria y Venta de Equipos Audiovisuales\",\"url\":\"https:\/\/rs-audiovideo.com\/\",\"logo\":{\"@type\":\"ImageObject\",\"inLanguage\":\"en-US\",\"@id\":\"https:\/\/rs-audiovideo.com\/#\/schema\/logo\/image\/\",\"url\":\"https:\/\/rs-audiovideo.com\/wp-content\/uploads\/2024\/06\/cropped-logointro.png\",\"contentUrl\":\"https:\/\/rs-audiovideo.com\/wp-content\/uploads\/2024\/06\/cropped-logointro.png\",\"width\":579,\"height\":127,\"caption\":\"Soluciones, Asesoria y Venta de Equipos Audiovisuales\"},\"image\":{\"@id\":\"https:\/\/rs-audiovideo.com\/#\/schema\/logo\/image\/\"}}]}<\/script>\n<!-- \/ Yoast SEO plugin. -->","yoast_head_json":{"title":"JBL SRX928S Subwoofer Activo 1100w 140dB - Soluciones, Asesoria y Venta de Equipos Audiovisuales","description":"Los Mejores equipos de sonido profesional para tus proyectos, cumpliendo garant\u00eda, soporte y respaldo, Env\u00edos a nivel nacional Colombia.","robots":{"index":"index","follow":"follow","max-snippet":"max-snippet:-1","max-image-preview":"max-image-preview:large","max-video-preview":"max-video-preview:-1"},"canonical":"https:\/\/rs-audiovideo.com\/index.php\/product\/jbl-srx928s-subwoofer-activo-1100w-140db\/","og_locale":"en_US","og_type":"article","og_title":"JBL SRX928S Subwoofer Activo 1100w 140dB - Soluciones, Asesoria y Venta de Equipos Audiovisuales","og_description":"Los Mejores equipos de sonido profesional para tus proyectos, cumpliendo garant\u00eda, soporte y respaldo, Env\u00edos a nivel nacional Colombia.","og_url":"https:\/\/rs-audiovideo.com\/index.php\/product\/jbl-srx928s-subwoofer-activo-1100w-140db\/","og_site_name":"Soluciones, Asesoria y Venta de Equipos Audiovisuales","article_modified_time":"2024-06-19T00:11:32+00:00","og_image":[{"width":1000,"height":1000,"url":"https:\/\/rs-audiovideo.com\/wp-content\/uploads\/2024\/06\/SRX928S_0004.jpg","type":"image\/jpeg"}],"twitter_card":"summary_large_image","twitter_misc":{"Est. reading time":"3 minutes"},"schema":{"@context":"https:\/\/schema.org","@graph":[{"@type":"WebPage","@id":"https:\/\/rs-audiovideo.com\/index.php\/product\/jbl-srx928s-subwoofer-activo-1100w-140db\/","url":"https:\/\/rs-audiovideo.com\/index.php\/product\/jbl-srx928s-subwoofer-activo-1100w-140db\/","name":"JBL SRX928S Subwoofer Activo 1100w 140dB - Soluciones, Asesoria y Venta de Equipos Audiovisuales","isPartOf":{"@id":"https:\/\/rs-audiovideo.com\/#website"},"primaryImageOfPage":{"@id":"https:\/\/rs-audiovideo.com\/index.php\/product\/jbl-srx928s-subwoofer-activo-1100w-140db\/#primaryimage"},"image":{"@id":"https:\/\/rs-audiovideo.com\/index.php\/product\/jbl-srx928s-subwoofer-activo-1100w-140db\/#primaryimage"},"thumbnailUrl":"https:\/\/rs-audiovideo.com\/wp-content\/uploads\/2024\/06\/SRX928S_0004.jpg","datePublished":"2024-06-17T21:31:27+00:00","dateModified":"2024-06-19T00:11:32+00:00","description":"Los Mejores equipos de sonido profesional para tus proyectos, cumpliendo garant\u00eda, soporte y respaldo, Env\u00edos a nivel nacional Colombia.","breadcrumb":{"@id":"https:\/\/rs-audiovideo.com\/index.php\/product\/jbl-srx928s-subwoofer-activo-1100w-140db\/#breadcrumb"},"inLanguage":"en-US","potentialAction":[{"@type":"ReadAction","target":["https:\/\/rs-audiovideo.com\/index.php\/product\/jbl-srx928s-subwoofer-activo-1100w-140db\/"]}]},{"@type":"ImageObject","inLanguage":"en-US","@id":"https:\/\/rs-audiovideo.com\/index.php\/product\/jbl-srx928s-subwoofer-activo-1100w-140db\/#primaryimage","url":"https:\/\/rs-audiovideo.com\/wp-content\/uploads\/2024\/06\/SRX928S_0004.jpg","contentUrl":"https:\/\/rs-audiovideo.com\/wp-content\/uploads\/2024\/06\/SRX928S_0004.jpg","width":1000,"height":1000},{"@type":"BreadcrumbList","@id":"https:\/\/rs-audiovideo.com\/index.php\/product\/jbl-srx928s-subwoofer-activo-1100w-140db\/#breadcrumb","itemListElement":[{"@type":"ListItem","position":1,"name":"Home","item":"https:\/\/rs-audiovideo.com\/"},{"@type":"ListItem","position":2,"name":"Shop","item":"https:\/\/rs-audiovideo.com\/index.php\/shop-2\/"},{"@type":"ListItem","position":3,"name":"JBL SRX928S Subwoofer Activo 1100w 140dB"}]},{"@type":"WebSite","@id":"https:\/\/rs-audiovideo.com\/#website","url":"https:\/\/rs-audiovideo.com\/","name":"Soluciones, Asesoria y Venta de Equipos Audiovisuales","description":"","publisher":{"@id":"https:\/\/rs-audiovideo.com\/#organization"},"potentialAction":[{"@type":"SearchAction","target":{"@type":"EntryPoint","urlTemplate":"https:\/\/rs-audiovideo.com\/?s={search_term_string}"},"query-input":{"@type":"PropertyValueSpecification","valueRequired":true,"valueName":"search_term_string"}}],"inLanguage":"en-US"},{"@type":"Organization","@id":"https:\/\/rs-audiovideo.com\/#organization","name":"Soluciones, Asesoria y Venta de Equipos Audiovisuales","url":"https:\/\/rs-audiovideo.com\/","logo":{"@type":"ImageObject","inLanguage":"en-US","@id":"https:\/\/rs-audiovideo.com\/#\/schema\/logo\/image\/","url":"https:\/\/rs-audiovideo.com\/wp-content\/uploads\/2024\/06\/cropped-logointro.png","contentUrl":"https:\/\/rs-audiovideo.com\/wp-content\/uploads\/2024\/06\/cropped-logointro.png","width":579,"height":127,"caption":"Soluciones, Asesoria y Venta de Equipos Audiovisuales"},"image":{"@id":"https:\/\/rs-audiovideo.com\/#\/schema\/logo\/image\/"}}]}},"_links":{"self":[{"href":"https:\/\/rs-audiovideo.com\/index.php\/wp-json\/wp\/v2\/product\/5811","targetHints":{"allow":["GET"]}}],"collection":[{"href":"https:\/\/rs-audiovideo.com\/index.php\/wp-json\/wp\/v2\/product"}],"about":[{"href":"https:\/\/rs-audiovideo.com\/index.php\/wp-json\/wp\/v2\/types\/product"}],"replies":[{"embeddable":true,"href":"https:\/\/rs-audiovideo.com\/index.php\/wp-json\/wp\/v2\/comments?post=5811"}],"wp:featuredmedia":[{"embeddable":true,"href":"https:\/\/rs-audiovideo.com\/index.php\/wp-json\/wp\/v2\/media\/5813"}],"wp:attachment":[{"href":"https:\/\/rs-audiovideo.com\/index.php\/wp-json\/wp\/v2\/media?parent=5811"}],"wp:term":[{"taxonomy":"product_brand","embeddable":true,"href":"https:\/\/rs-audiovideo.com\/index.php\/wp-json\/wp\/v2\/product_brand?post=5811"},{"taxonomy":"product_cat","embeddable":true,"href":"https:\/\/rs-audiovideo.com\/index.php\/wp-json\/wp\/v2\/product_cat?post=5811"},{"taxonomy":"product_tag","embeddable":true,"href":"https:\/\/rs-audiovideo.com\/index.php\/wp-json\/wp\/v2\/product_tag?post=5811"}],"curies":[{"name":"wp","href":"https:\/\/api.w.org\/{rel}","templated":true}]}}