{"id":5829,"date":"2024-06-17T22:53:42","date_gmt":"2024-06-17T22:53:42","guid":{"rendered":"https:\/\/rs-audiovideo.com\/?post_type=product&#038;p=5829"},"modified":"2024-06-21T23:59:03","modified_gmt":"2024-06-21T23:59:03","slug":"alquiler-sonido-video-iluminacion-pantallas-cctv-profesional-por-evento-precio-promedio","status":"publish","type":"product","link":"https:\/\/rs-audiovideo.com\/index.php\/product\/alquiler-sonido-video-iluminacion-pantallas-cctv-profesional-por-evento-precio-promedio\/","title":{"rendered":"Alquiler Producci\u00f3n \/ Sonido, Video, Iluminaci\u00f3n, Pantallas\/ Precio Promedio Por Evento"},"content":{"rendered":"<p>Incluye:<\/p>\n<p>Sonido:<\/p>\n<ul>\n<li>Line array para 4000 personas\u00a0 Sonido RCF, JBL SRX, Das Aero \/ <em><strong>Nexo, Meyer Sound, LAcustic, JBL,\u00a0 Adamson Acordar*\u00a0<\/strong><\/em><\/li>\n<li>2 Consolas Digico S31 \/ Yamaha TF \/ Allen Heath SQ7<\/li>\n<li>Procesador Audio<\/li>\n<li>Microf\u00f3nica Inal\u00e1mbrica RF 4 mic Acordar*<\/li>\n<li>Microf\u00f3nica Al\u00e1mbrica voz e instrumentos seg\u00fan Rider Acordar*<\/li>\n<li>In Ears Al\u00e1mbricos e Inal\u00e1mbricos +RF Acordar*<\/li>\n<li>Acordar especificaciones Tecnicas<\/li>\n<li>Personal Ingenieros, Stage, Riggin&#8230;<\/li>\n<\/ul>\n<p>Video Pantallas: Acordar calidad*<\/p>\n<ul>\n<li>2 pantallas 4&#215;3<\/li>\n<li>1 Pantalla Led Principal 6&#215;3<\/li>\n<li>Equipo de Multimedia<\/li>\n<li>Personal Calificado<\/li>\n<li>3 camaras de Video + swicher Opcional streaming<\/li>\n<\/ul>\n<p>Iluminaci\u00f3n B\u00e1sica: Acordar*<\/p>\n<ul>\n<li>8 Cabezas Moviles<\/li>\n<li>8 Parled<\/li>\n<li>8 Dmx RGB 56 Led<\/li>\n<li>Luces Perimetral<\/li>\n<li>Luces requerimiento t\u00e9cnico<\/li>\n<li>Personal Calificado<\/li>\n<li>Acordar especificaciones t\u00e9cnicas<\/li>\n<\/ul>\n<p>Estructura y Tarima Acordar.<\/p>\n<p>Plantas Electricas y Personal Calificado.<\/p>\n<p>El precio es una idea de costos Generales.<\/p>\n<p>&nbsp;<\/p>\n<p>Bogot\u00e1 D.C. \/ Si es fuera de Bogot\u00e1 o para cualquier ciudad de Colombia o en el Exterior Acordar precios.<\/p>\n<h2>Realizamos tus Producciones a Nivel Nacional Producci\u00f3n Profesional con Marcas de Exigencia Internacional y Personal Calificado al mejor Precio.<\/h2>\n<h5>Bogot\u00e1 \/ Medell\u00edn \/ Cali \/ Bucaramanga \/ Ibagu\u00e9 \/ Neiva \/ Manizales \/ Pereira \/ Armenia \/ C\u00facuta \/ Cartagena \/ Santa Marta \/ Barranquilla y dem\u00e1s capitales y Municipios.<\/h5>\n<p><img loading=\"lazy\" decoding=\"async\" class=\"alignnone size-medium wp-image-5837\" src=\"https:\/\/rs-audiovideo.com\/wp-content\/uploads\/2024\/06\/IMG_20230628_230802_605-300x135.jpg\" alt=\"\" width=\"300\" height=\"135\" srcset=\"https:\/\/rs-audiovideo.com\/wp-content\/uploads\/2024\/06\/IMG_20230628_230802_605-300x135.jpg 300w, https:\/\/rs-audiovideo.com\/wp-content\/uploads\/2024\/06\/IMG_20230628_230802_605-1024x461.jpg 1024w, https:\/\/rs-audiovideo.com\/wp-content\/uploads\/2024\/06\/IMG_20230628_230802_605-768x346.jpg 768w, https:\/\/rs-audiovideo.com\/wp-content\/uploads\/2024\/06\/IMG_20230628_230802_605-1536x691.jpg 1536w, https:\/\/rs-audiovideo.com\/wp-content\/uploads\/2024\/06\/IMG_20230628_230802_605-600x270.jpg 600w, https:\/\/rs-audiovideo.com\/wp-content\/uploads\/2024\/06\/IMG_20230628_230802_605.jpg 1680w\" sizes=\"auto, (max-width: 300px) 100vw, 300px\" \/><\/p>\n","protected":false},"excerpt":{"rendered":"<p>Incluye: Sonido: Line array para 4000 personas\u00a0 Sonido RCF, JBL SRX, Das Aero \/ Nexo, Meyer Sound, LAcustic, JBL,\u00a0 Adamson Acordar*\u00a0 2 Consolas Digico S31 \/ Yamaha TF \/ Allen<\/p>\n","protected":false},"featured_media":5838,"comment_status":"open","ping_status":"closed","template":"","meta":{"_acf_changed":false},"product_brand":[],"product_cat":[279],"product_tag":[],"class_list":{"0":"post-5829","1":"product","2":"type-product","3":"status-publish","4":"has-post-thumbnail","6":"product_cat-alquiler-sonido-y-producciones","8":"first","9":"onbackorder","10":"shipping-taxable","11":"purchasable","12":"product-type-simple","13":"add-to-wishlist-after_add_to_cart"},"acf":[],"yoast_head":"<!-- This site is optimized with the Yoast SEO plugin v26.0 - https:\/\/yoast.com\/wordpress\/plugins\/seo\/ -->\n<title>Alquiler Producci\u00f3n \/ Sonido, Video, Iluminaci\u00f3n, Pantallas\/ Precio Promedio Por Evento - Soluciones, Asesoria y Venta de Equipos Audiovisuales<\/title>\n<meta name=\"description\" content=\"Alquiler de equipos de sonido profesional para conciertos y convenciones, cumpliendo con los exigentes est\u00e1ndares de artistas de nivel internacional.\" \/>\n<meta name=\"robots\" content=\"index, follow, max-snippet:-1, max-image-preview:large, max-video-preview:-1\" \/>\n<link rel=\"canonical\" href=\"https:\/\/rs-audiovideo.com\/index.php\/product\/alquiler-sonido-video-iluminacion-pantallas-cctv-profesional-por-evento-precio-promedio\/\" \/>\n<meta property=\"og:locale\" content=\"en_US\" \/>\n<meta property=\"og:type\" content=\"article\" \/>\n<meta property=\"og:title\" content=\"Alquiler Producci\u00f3n \/ Sonido, Video, Iluminaci\u00f3n, Pantallas\/ Precio Promedio Por Evento - Soluciones, Asesoria y Venta de Equipos Audiovisuales\" \/>\n<meta property=\"og:description\" content=\"Alquiler de equipos de sonido profesional para conciertos y convenciones, cumpliendo con los exigentes est\u00e1ndares de artistas de nivel internacional.\" \/>\n<meta property=\"og:url\" content=\"https:\/\/rs-audiovideo.com\/index.php\/product\/alquiler-sonido-video-iluminacion-pantallas-cctv-profesional-por-evento-precio-promedio\/\" \/>\n<meta property=\"og:site_name\" content=\"Soluciones, Asesoria y Venta de Equipos Audiovisuales\" \/>\n<meta property=\"article:modified_time\" content=\"2024-06-21T23:59:03+00:00\" \/>\n<meta property=\"og:image\" content=\"https:\/\/rs-audiovideo.com\/wp-content\/uploads\/2024\/06\/IMG_20230627_200905_455.jpg\" \/>\n\t<meta property=\"og:image:width\" content=\"1680\" \/>\n\t<meta property=\"og:image:height\" content=\"756\" \/>\n\t<meta property=\"og:image:type\" content=\"image\/jpeg\" \/>\n<meta name=\"twitter:card\" content=\"summary_large_image\" \/>\n<meta name=\"twitter:label1\" content=\"Est. reading time\" \/>\n\t<meta name=\"twitter:data1\" content=\"2 minutes\" \/>\n<script type=\"application\/ld+json\" class=\"yoast-schema-graph\">{\"@context\":\"https:\/\/schema.org\",\"@graph\":[{\"@type\":\"WebPage\",\"@id\":\"https:\/\/rs-audiovideo.com\/index.php\/product\/alquiler-sonido-video-iluminacion-pantallas-cctv-profesional-por-evento-precio-promedio\/\",\"url\":\"https:\/\/rs-audiovideo.com\/index.php\/product\/alquiler-sonido-video-iluminacion-pantallas-cctv-profesional-por-evento-precio-promedio\/\",\"name\":\"Alquiler Producci\u00f3n \/ Sonido, Video, Iluminaci\u00f3n, Pantallas\/ Precio Promedio Por Evento - Soluciones, Asesoria y Venta de Equipos Audiovisuales\",\"isPartOf\":{\"@id\":\"https:\/\/rs-audiovideo.com\/#website\"},\"primaryImageOfPage\":{\"@id\":\"https:\/\/rs-audiovideo.com\/index.php\/product\/alquiler-sonido-video-iluminacion-pantallas-cctv-profesional-por-evento-precio-promedio\/#primaryimage\"},\"image\":{\"@id\":\"https:\/\/rs-audiovideo.com\/index.php\/product\/alquiler-sonido-video-iluminacion-pantallas-cctv-profesional-por-evento-precio-promedio\/#primaryimage\"},\"thumbnailUrl\":\"https:\/\/rs-audiovideo.com\/wp-content\/uploads\/2024\/06\/IMG_20230627_200905_455.jpg\",\"datePublished\":\"2024-06-17T22:53:42+00:00\",\"dateModified\":\"2024-06-21T23:59:03+00:00\",\"description\":\"Alquiler de equipos de sonido profesional para conciertos y convenciones, cumpliendo con los exigentes est\u00e1ndares de artistas de nivel internacional.\",\"breadcrumb\":{\"@id\":\"https:\/\/rs-audiovideo.com\/index.php\/product\/alquiler-sonido-video-iluminacion-pantallas-cctv-profesional-por-evento-precio-promedio\/#breadcrumb\"},\"inLanguage\":\"en-US\",\"potentialAction\":[{\"@type\":\"ReadAction\",\"target\":[\"https:\/\/rs-audiovideo.com\/index.php\/product\/alquiler-sonido-video-iluminacion-pantallas-cctv-profesional-por-evento-precio-promedio\/\"]}]},{\"@type\":\"ImageObject\",\"inLanguage\":\"en-US\",\"@id\":\"https:\/\/rs-audiovideo.com\/index.php\/product\/alquiler-sonido-video-iluminacion-pantallas-cctv-profesional-por-evento-precio-promedio\/#primaryimage\",\"url\":\"https:\/\/rs-audiovideo.com\/wp-content\/uploads\/2024\/06\/IMG_20230627_200905_455.jpg\",\"contentUrl\":\"https:\/\/rs-audiovideo.com\/wp-content\/uploads\/2024\/06\/IMG_20230627_200905_455.jpg\",\"width\":1680,\"height\":756},{\"@type\":\"BreadcrumbList\",\"@id\":\"https:\/\/rs-audiovideo.com\/index.php\/product\/alquiler-sonido-video-iluminacion-pantallas-cctv-profesional-por-evento-precio-promedio\/#breadcrumb\",\"itemListElement\":[{\"@type\":\"ListItem\",\"position\":1,\"name\":\"Home\",\"item\":\"https:\/\/rs-audiovideo.com\/\"},{\"@type\":\"ListItem\",\"position\":2,\"name\":\"Shop\",\"item\":\"https:\/\/rs-audiovideo.com\/index.php\/shop-2\/\"},{\"@type\":\"ListItem\",\"position\":3,\"name\":\"Alquiler Producci\u00f3n \/ Sonido, Video, Iluminaci\u00f3n, Pantallas\/ Precio Promedio Por Evento\"}]},{\"@type\":\"WebSite\",\"@id\":\"https:\/\/rs-audiovideo.com\/#website\",\"url\":\"https:\/\/rs-audiovideo.com\/\",\"name\":\"Soluciones, Asesoria y Venta de Equipos Audiovisuales\",\"description\":\"\",\"publisher\":{\"@id\":\"https:\/\/rs-audiovideo.com\/#organization\"},\"potentialAction\":[{\"@type\":\"SearchAction\",\"target\":{\"@type\":\"EntryPoint\",\"urlTemplate\":\"https:\/\/rs-audiovideo.com\/?s={search_term_string}\"},\"query-input\":{\"@type\":\"PropertyValueSpecification\",\"valueRequired\":true,\"valueName\":\"search_term_string\"}}],\"inLanguage\":\"en-US\"},{\"@type\":\"Organization\",\"@id\":\"https:\/\/rs-audiovideo.com\/#organization\",\"name\":\"Soluciones, Asesoria y Venta de Equipos Audiovisuales\",\"url\":\"https:\/\/rs-audiovideo.com\/\",\"logo\":{\"@type\":\"ImageObject\",\"inLanguage\":\"en-US\",\"@id\":\"https:\/\/rs-audiovideo.com\/#\/schema\/logo\/image\/\",\"url\":\"https:\/\/rs-audiovideo.com\/wp-content\/uploads\/2024\/06\/cropped-logointro.png\",\"contentUrl\":\"https:\/\/rs-audiovideo.com\/wp-content\/uploads\/2024\/06\/cropped-logointro.png\",\"width\":579,\"height\":127,\"caption\":\"Soluciones, Asesoria y Venta de Equipos Audiovisuales\"},\"image\":{\"@id\":\"https:\/\/rs-audiovideo.com\/#\/schema\/logo\/image\/\"}}]}<\/script>\n<!-- \/ Yoast SEO plugin. -->","yoast_head_json":{"title":"Alquiler Producci\u00f3n \/ Sonido, Video, Iluminaci\u00f3n, Pantallas\/ Precio Promedio Por Evento - Soluciones, Asesoria y Venta de Equipos Audiovisuales","description":"Alquiler de equipos de sonido profesional para conciertos y convenciones, cumpliendo con los exigentes est\u00e1ndares de artistas de nivel internacional.","robots":{"index":"index","follow":"follow","max-snippet":"max-snippet:-1","max-image-preview":"max-image-preview:large","max-video-preview":"max-video-preview:-1"},"canonical":"https:\/\/rs-audiovideo.com\/index.php\/product\/alquiler-sonido-video-iluminacion-pantallas-cctv-profesional-por-evento-precio-promedio\/","og_locale":"en_US","og_type":"article","og_title":"Alquiler Producci\u00f3n \/ Sonido, Video, Iluminaci\u00f3n, Pantallas\/ Precio Promedio Por Evento - Soluciones, Asesoria y Venta de Equipos Audiovisuales","og_description":"Alquiler de equipos de sonido profesional para conciertos y convenciones, cumpliendo con los exigentes est\u00e1ndares de artistas de nivel internacional.","og_url":"https:\/\/rs-audiovideo.com\/index.php\/product\/alquiler-sonido-video-iluminacion-pantallas-cctv-profesional-por-evento-precio-promedio\/","og_site_name":"Soluciones, Asesoria y Venta de Equipos Audiovisuales","article_modified_time":"2024-06-21T23:59:03+00:00","og_image":[{"width":1680,"height":756,"url":"https:\/\/rs-audiovideo.com\/wp-content\/uploads\/2024\/06\/IMG_20230627_200905_455.jpg","type":"image\/jpeg"}],"twitter_card":"summary_large_image","twitter_misc":{"Est. reading time":"2 minutes"},"schema":{"@context":"https:\/\/schema.org","@graph":[{"@type":"WebPage","@id":"https:\/\/rs-audiovideo.com\/index.php\/product\/alquiler-sonido-video-iluminacion-pantallas-cctv-profesional-por-evento-precio-promedio\/","url":"https:\/\/rs-audiovideo.com\/index.php\/product\/alquiler-sonido-video-iluminacion-pantallas-cctv-profesional-por-evento-precio-promedio\/","name":"Alquiler Producci\u00f3n \/ Sonido, Video, Iluminaci\u00f3n, Pantallas\/ Precio Promedio Por Evento - Soluciones, Asesoria y Venta de Equipos Audiovisuales","isPartOf":{"@id":"https:\/\/rs-audiovideo.com\/#website"},"primaryImageOfPage":{"@id":"https:\/\/rs-audiovideo.com\/index.php\/product\/alquiler-sonido-video-iluminacion-pantallas-cctv-profesional-por-evento-precio-promedio\/#primaryimage"},"image":{"@id":"https:\/\/rs-audiovideo.com\/index.php\/product\/alquiler-sonido-video-iluminacion-pantallas-cctv-profesional-por-evento-precio-promedio\/#primaryimage"},"thumbnailUrl":"https:\/\/rs-audiovideo.com\/wp-content\/uploads\/2024\/06\/IMG_20230627_200905_455.jpg","datePublished":"2024-06-17T22:53:42+00:00","dateModified":"2024-06-21T23:59:03+00:00","description":"Alquiler de equipos de sonido profesional para conciertos y convenciones, cumpliendo con los exigentes est\u00e1ndares de artistas de nivel internacional.","breadcrumb":{"@id":"https:\/\/rs-audiovideo.com\/index.php\/product\/alquiler-sonido-video-iluminacion-pantallas-cctv-profesional-por-evento-precio-promedio\/#breadcrumb"},"inLanguage":"en-US","potentialAction":[{"@type":"ReadAction","target":["https:\/\/rs-audiovideo.com\/index.php\/product\/alquiler-sonido-video-iluminacion-pantallas-cctv-profesional-por-evento-precio-promedio\/"]}]},{"@type":"ImageObject","inLanguage":"en-US","@id":"https:\/\/rs-audiovideo.com\/index.php\/product\/alquiler-sonido-video-iluminacion-pantallas-cctv-profesional-por-evento-precio-promedio\/#primaryimage","url":"https:\/\/rs-audiovideo.com\/wp-content\/uploads\/2024\/06\/IMG_20230627_200905_455.jpg","contentUrl":"https:\/\/rs-audiovideo.com\/wp-content\/uploads\/2024\/06\/IMG_20230627_200905_455.jpg","width":1680,"height":756},{"@type":"BreadcrumbList","@id":"https:\/\/rs-audiovideo.com\/index.php\/product\/alquiler-sonido-video-iluminacion-pantallas-cctv-profesional-por-evento-precio-promedio\/#breadcrumb","itemListElement":[{"@type":"ListItem","position":1,"name":"Home","item":"https:\/\/rs-audiovideo.com\/"},{"@type":"ListItem","position":2,"name":"Shop","item":"https:\/\/rs-audiovideo.com\/index.php\/shop-2\/"},{"@type":"ListItem","position":3,"name":"Alquiler Producci\u00f3n \/ Sonido, Video, Iluminaci\u00f3n, Pantallas\/ Precio Promedio Por Evento"}]},{"@type":"WebSite","@id":"https:\/\/rs-audiovideo.com\/#website","url":"https:\/\/rs-audiovideo.com\/","name":"Soluciones, Asesoria y Venta de Equipos Audiovisuales","description":"","publisher":{"@id":"https:\/\/rs-audiovideo.com\/#organization"},"potentialAction":[{"@type":"SearchAction","target":{"@type":"EntryPoint","urlTemplate":"https:\/\/rs-audiovideo.com\/?s={search_term_string}"},"query-input":{"@type":"PropertyValueSpecification","valueRequired":true,"valueName":"search_term_string"}}],"inLanguage":"en-US"},{"@type":"Organization","@id":"https:\/\/rs-audiovideo.com\/#organization","name":"Soluciones, Asesoria y Venta de Equipos Audiovisuales","url":"https:\/\/rs-audiovideo.com\/","logo":{"@type":"ImageObject","inLanguage":"en-US","@id":"https:\/\/rs-audiovideo.com\/#\/schema\/logo\/image\/","url":"https:\/\/rs-audiovideo.com\/wp-content\/uploads\/2024\/06\/cropped-logointro.png","contentUrl":"https:\/\/rs-audiovideo.com\/wp-content\/uploads\/2024\/06\/cropped-logointro.png","width":579,"height":127,"caption":"Soluciones, Asesoria y Venta de Equipos Audiovisuales"},"image":{"@id":"https:\/\/rs-audiovideo.com\/#\/schema\/logo\/image\/"}}]}},"_links":{"self":[{"href":"https:\/\/rs-audiovideo.com\/index.php\/wp-json\/wp\/v2\/product\/5829","targetHints":{"allow":["GET"]}}],"collection":[{"href":"https:\/\/rs-audiovideo.com\/index.php\/wp-json\/wp\/v2\/product"}],"about":[{"href":"https:\/\/rs-audiovideo.com\/index.php\/wp-json\/wp\/v2\/types\/product"}],"replies":[{"embeddable":true,"href":"https:\/\/rs-audiovideo.com\/index.php\/wp-json\/wp\/v2\/comments?post=5829"}],"wp:featuredmedia":[{"embeddable":true,"href":"https:\/\/rs-audiovideo.com\/index.php\/wp-json\/wp\/v2\/media\/5838"}],"wp:attachment":[{"href":"https:\/\/rs-audiovideo.com\/index.php\/wp-json\/wp\/v2\/media?parent=5829"}],"wp:term":[{"taxonomy":"product_brand","embeddable":true,"href":"https:\/\/rs-audiovideo.com\/index.php\/wp-json\/wp\/v2\/product_brand?post=5829"},{"taxonomy":"product_cat","embeddable":true,"href":"https:\/\/rs-audiovideo.com\/index.php\/wp-json\/wp\/v2\/product_cat?post=5829"},{"taxonomy":"product_tag","embeddable":true,"href":"https:\/\/rs-audiovideo.com\/index.php\/wp-json\/wp\/v2\/product_tag?post=5829"}],"curies":[{"name":"wp","href":"https:\/\/api.w.org\/{rel}","templated":true}]}}