{"id":5854,"date":"2024-06-17T23:18:00","date_gmt":"2024-06-17T23:18:00","guid":{"rendered":"https:\/\/rs-audiovideo.com\/?post_type=product&#038;p=5854"},"modified":"2024-10-20T02:11:20","modified_gmt":"2024-10-20T02:11:20","slug":"alquiler-produccion-sonido-video-broadcast-media-iluminacion-pantallas-por-evento-precio-promedio-copy","status":"publish","type":"product","link":"https:\/\/rs-audiovideo.com\/index.php\/product\/alquiler-produccion-sonido-video-broadcast-media-iluminacion-pantallas-por-evento-precio-promedio-copy\/","title":{"rendered":"Alquiler Sonido, Iluminaci\u00f3n, Pantallas, Corporativos \/ Precio Promedio Por Evento"},"content":{"rendered":"<p>Sonido para Convenciones\u00a0 peque\u00f1as, eventos corporativos, matrimonios, fiestas de 15, Despedidas&#8230;<\/p>\n<p>Incluye:<\/p>\n<p>Sonido:<\/p>\n<ul>\n<li>Line array o Puntos Fijos + Subwoofers.<\/li>\n<li>1 Consola de Sonido 16 Ch<\/li>\n<li>Procesador Audio<\/li>\n<li>Microf\u00f3nica Inal\u00e1mbrica RF 2 mic<\/li>\n<li><\/li>\n<\/ul>\n<p>Video Pantallas:<\/p>\n<ul>\n<li>1 pantallas 3&#215;4<\/li>\n<li><\/li>\n<\/ul>\n<p>Iluminaci\u00f3n: Acordar*<\/p>\n<ul>\n<li>Luces requerimiento t\u00e9cnico<\/li>\n<li><\/li>\n<\/ul>\n<p>Estructura y Tarima Acordar*.<\/p>\n<p>&nbsp;<\/p>\n<p>Eventos m\u00e1ximo 2 d\u00edas. Incluye d\u00edas de Montaje y desmontaje de equipos.<\/p>\n<p>El precio es una idea de costos Generales.<\/p>\n<p>Bogot\u00e1 D.C. \/ Si es fuera de Bogot\u00e1 o para cualquier ciudad de Colombia o en el Exterior Acordar precios.<\/p>\n<h2>Realizamos tus Producciones a Nivel Nacional Producci\u00f3n Profesional con Marcas de Exigencia Internacional y Personal Calificado al mejor Precio.<\/h2>\n<h5>Bogot\u00e1 \/ Medell\u00edn \/ Cali \/ Bucaramanga \/ Ibagu\u00e9 \/ Neiva \/ Manizales \/ Pereira \/ Armenia \/ C\u00facuta \/ Cartagena \/ Santa Marta \/ Barranquilla y dem\u00e1s capitales y Municipios.<\/h5>\n<div id='gallery-1' class='gallery galleryid-5854 gallery-columns-3 gallery-size-thumbnail'><figure class='gallery-item'>\n\t\t\t<div class='gallery-icon landscape'>\n\t\t\t\t<a href='https:\/\/rs-audiovideo.com\/?attachment_id=5861'><img loading=\"lazy\" decoding=\"async\" width=\"150\" height=\"150\" src=\"https:\/\/rs-audiovideo.com\/wp-content\/uploads\/2024\/06\/IMG_20240608_165910_436-150x150.jpg\" class=\"attachment-thumbnail size-thumbnail\" alt=\"\" srcset=\"https:\/\/rs-audiovideo.com\/wp-content\/uploads\/2024\/06\/IMG_20240608_165910_436-150x150.jpg 150w, https:\/\/rs-audiovideo.com\/wp-content\/uploads\/2024\/06\/IMG_20240608_165910_436-300x300.jpg 300w, https:\/\/rs-audiovideo.com\/wp-content\/uploads\/2024\/06\/IMG_20240608_165910_436-100x100.jpg 100w\" sizes=\"auto, (max-width: 150px) 100vw, 150px\" \/><\/a>\n\t\t\t<\/div><\/figure><figure class='gallery-item'>\n\t\t\t<div class='gallery-icon portrait'>\n\t\t\t\t<a href='https:\/\/rs-audiovideo.com\/?attachment_id=5860'><img loading=\"lazy\" decoding=\"async\" width=\"150\" height=\"150\" src=\"https:\/\/rs-audiovideo.com\/wp-content\/uploads\/2024\/06\/IMG_20240608_163534_403-150x150.jpg\" class=\"attachment-thumbnail size-thumbnail\" alt=\"\" srcset=\"https:\/\/rs-audiovideo.com\/wp-content\/uploads\/2024\/06\/IMG_20240608_163534_403-150x150.jpg 150w, https:\/\/rs-audiovideo.com\/wp-content\/uploads\/2024\/06\/IMG_20240608_163534_403-300x300.jpg 300w, https:\/\/rs-audiovideo.com\/wp-content\/uploads\/2024\/06\/IMG_20240608_163534_403-100x100.jpg 100w\" sizes=\"auto, (max-width: 150px) 100vw, 150px\" \/><\/a>\n\t\t\t<\/div><\/figure><figure class='gallery-item'>\n\t\t\t<div class='gallery-icon landscape'>\n\t\t\t\t<a href='https:\/\/rs-audiovideo.com\/?attachment_id=5859'><img loading=\"lazy\" decoding=\"async\" width=\"150\" height=\"150\" src=\"https:\/\/rs-audiovideo.com\/wp-content\/uploads\/2024\/06\/IMG_20240608_160915_479-150x150.jpg\" class=\"attachment-thumbnail size-thumbnail\" alt=\"\" srcset=\"https:\/\/rs-audiovideo.com\/wp-content\/uploads\/2024\/06\/IMG_20240608_160915_479-150x150.jpg 150w, https:\/\/rs-audiovideo.com\/wp-content\/uploads\/2024\/06\/IMG_20240608_160915_479-300x300.jpg 300w, https:\/\/rs-audiovideo.com\/wp-content\/uploads\/2024\/06\/IMG_20240608_160915_479-100x100.jpg 100w\" sizes=\"auto, (max-width: 150px) 100vw, 150px\" \/><\/a>\n\t\t\t<\/div><\/figure><figure class='gallery-item'>\n\t\t\t<div class='gallery-icon landscape'>\n\t\t\t\t<a href='https:\/\/rs-audiovideo.com\/?attachment_id=5858'><img loading=\"lazy\" decoding=\"async\" width=\"150\" height=\"150\" src=\"https:\/\/rs-audiovideo.com\/wp-content\/uploads\/2024\/06\/IMG_20240608_155933_859-150x150.jpg\" class=\"attachment-thumbnail size-thumbnail\" alt=\"\" srcset=\"https:\/\/rs-audiovideo.com\/wp-content\/uploads\/2024\/06\/IMG_20240608_155933_859-150x150.jpg 150w, https:\/\/rs-audiovideo.com\/wp-content\/uploads\/2024\/06\/IMG_20240608_155933_859-300x300.jpg 300w, https:\/\/rs-audiovideo.com\/wp-content\/uploads\/2024\/06\/IMG_20240608_155933_859-100x100.jpg 100w\" sizes=\"auto, (max-width: 150px) 100vw, 150px\" \/><\/a>\n\t\t\t<\/div><\/figure>\n\t\t<\/div>\n\n","protected":false},"excerpt":{"rendered":"<p>Sonido para Convenciones\u00a0 peque\u00f1as, eventos corporativos, matrimonios, fiestas de 15, Despedidas&#8230; Incluye: Sonido: Line array o Puntos Fijos + Subwoofers. 1 Consola de Sonido 16 Ch Procesador Audio Microf\u00f3nica Inal\u00e1mbrica<\/p>\n","protected":false},"featured_media":5861,"comment_status":"open","ping_status":"closed","template":"","meta":{"_acf_changed":false},"product_brand":[],"product_cat":[279],"product_tag":[],"class_list":{"0":"post-5854","1":"product","2":"type-product","3":"status-publish","4":"has-post-thumbnail","6":"product_cat-alquiler-sonido-y-producciones","8":"first","9":"onbackorder","10":"shipping-taxable","11":"purchasable","12":"product-type-simple","13":"add-to-wishlist-after_add_to_cart"},"acf":[],"yoast_head":"<!-- This site is optimized with the Yoast SEO plugin v26.0 - https:\/\/yoast.com\/wordpress\/plugins\/seo\/ -->\n<title>Alquiler Sonido, Iluminaci\u00f3n, Pantallas, Corporativos \/ Precio Promedio Por Evento - Soluciones, Asesoria y Venta de Equipos Audiovisuales<\/title>\n<meta name=\"description\" content=\"Alquiler de equipos de sonido profesional Eventos corporativos convenciones, cumpliendo con los exigentes est\u00e1ndares de artistas de nivel internacional.\" \/>\n<meta name=\"robots\" content=\"index, follow, max-snippet:-1, max-image-preview:large, max-video-preview:-1\" \/>\n<link rel=\"canonical\" href=\"https:\/\/rs-audiovideo.com\/index.php\/product\/alquiler-produccion-sonido-video-broadcast-media-iluminacion-pantallas-por-evento-precio-promedio-copy\/\" \/>\n<meta property=\"og:locale\" content=\"en_US\" \/>\n<meta property=\"og:type\" content=\"article\" \/>\n<meta property=\"og:title\" content=\"Alquiler Sonido, Iluminaci\u00f3n, Pantallas, Corporativos \/ Precio Promedio Por Evento - Soluciones, Asesoria y Venta de Equipos Audiovisuales\" \/>\n<meta property=\"og:description\" content=\"Alquiler de equipos de sonido profesional Eventos corporativos convenciones, cumpliendo con los exigentes est\u00e1ndares de artistas de nivel internacional.\" \/>\n<meta property=\"og:url\" content=\"https:\/\/rs-audiovideo.com\/index.php\/product\/alquiler-produccion-sonido-video-broadcast-media-iluminacion-pantallas-por-evento-precio-promedio-copy\/\" \/>\n<meta property=\"og:site_name\" content=\"Soluciones, Asesoria y Venta de Equipos Audiovisuales\" \/>\n<meta property=\"article:modified_time\" content=\"2024-10-20T02:11:20+00:00\" \/>\n<meta property=\"og:image\" content=\"https:\/\/rs-audiovideo.com\/wp-content\/uploads\/2024\/06\/IMG_20240608_165910_436.jpg\" \/>\n\t<meta property=\"og:image:width\" content=\"1233\" \/>\n\t<meta property=\"og:image:height\" content=\"925\" \/>\n\t<meta property=\"og:image:type\" content=\"image\/jpeg\" \/>\n<meta name=\"twitter:card\" content=\"summary_large_image\" \/>\n<meta name=\"twitter:label1\" content=\"Est. reading time\" \/>\n\t<meta name=\"twitter:data1\" content=\"1 minute\" \/>\n<script type=\"application\/ld+json\" class=\"yoast-schema-graph\">{\"@context\":\"https:\/\/schema.org\",\"@graph\":[{\"@type\":\"WebPage\",\"@id\":\"https:\/\/rs-audiovideo.com\/index.php\/product\/alquiler-produccion-sonido-video-broadcast-media-iluminacion-pantallas-por-evento-precio-promedio-copy\/\",\"url\":\"https:\/\/rs-audiovideo.com\/index.php\/product\/alquiler-produccion-sonido-video-broadcast-media-iluminacion-pantallas-por-evento-precio-promedio-copy\/\",\"name\":\"Alquiler Sonido, Iluminaci\u00f3n, Pantallas, Corporativos \/ Precio Promedio Por Evento - Soluciones, Asesoria y Venta de Equipos Audiovisuales\",\"isPartOf\":{\"@id\":\"https:\/\/rs-audiovideo.com\/#website\"},\"primaryImageOfPage\":{\"@id\":\"https:\/\/rs-audiovideo.com\/index.php\/product\/alquiler-produccion-sonido-video-broadcast-media-iluminacion-pantallas-por-evento-precio-promedio-copy\/#primaryimage\"},\"image\":{\"@id\":\"https:\/\/rs-audiovideo.com\/index.php\/product\/alquiler-produccion-sonido-video-broadcast-media-iluminacion-pantallas-por-evento-precio-promedio-copy\/#primaryimage\"},\"thumbnailUrl\":\"https:\/\/rs-audiovideo.com\/wp-content\/uploads\/2024\/06\/IMG_20240608_165910_436.jpg\",\"datePublished\":\"2024-06-17T23:18:00+00:00\",\"dateModified\":\"2024-10-20T02:11:20+00:00\",\"description\":\"Alquiler de equipos de sonido profesional Eventos corporativos convenciones, cumpliendo con los exigentes est\u00e1ndares de artistas de nivel internacional.\",\"breadcrumb\":{\"@id\":\"https:\/\/rs-audiovideo.com\/index.php\/product\/alquiler-produccion-sonido-video-broadcast-media-iluminacion-pantallas-por-evento-precio-promedio-copy\/#breadcrumb\"},\"inLanguage\":\"en-US\",\"potentialAction\":[{\"@type\":\"ReadAction\",\"target\":[\"https:\/\/rs-audiovideo.com\/index.php\/product\/alquiler-produccion-sonido-video-broadcast-media-iluminacion-pantallas-por-evento-precio-promedio-copy\/\"]}]},{\"@type\":\"ImageObject\",\"inLanguage\":\"en-US\",\"@id\":\"https:\/\/rs-audiovideo.com\/index.php\/product\/alquiler-produccion-sonido-video-broadcast-media-iluminacion-pantallas-por-evento-precio-promedio-copy\/#primaryimage\",\"url\":\"https:\/\/rs-audiovideo.com\/wp-content\/uploads\/2024\/06\/IMG_20240608_165910_436.jpg\",\"contentUrl\":\"https:\/\/rs-audiovideo.com\/wp-content\/uploads\/2024\/06\/IMG_20240608_165910_436.jpg\",\"width\":1233,\"height\":925},{\"@type\":\"BreadcrumbList\",\"@id\":\"https:\/\/rs-audiovideo.com\/index.php\/product\/alquiler-produccion-sonido-video-broadcast-media-iluminacion-pantallas-por-evento-precio-promedio-copy\/#breadcrumb\",\"itemListElement\":[{\"@type\":\"ListItem\",\"position\":1,\"name\":\"Home\",\"item\":\"https:\/\/rs-audiovideo.com\/\"},{\"@type\":\"ListItem\",\"position\":2,\"name\":\"Shop\",\"item\":\"https:\/\/rs-audiovideo.com\/index.php\/shop-2\/\"},{\"@type\":\"ListItem\",\"position\":3,\"name\":\"Alquiler Sonido, Iluminaci\u00f3n, Pantallas, Corporativos \/ Precio Promedio Por Evento\"}]},{\"@type\":\"WebSite\",\"@id\":\"https:\/\/rs-audiovideo.com\/#website\",\"url\":\"https:\/\/rs-audiovideo.com\/\",\"name\":\"Soluciones, Asesoria y Venta de Equipos Audiovisuales\",\"description\":\"\",\"publisher\":{\"@id\":\"https:\/\/rs-audiovideo.com\/#organization\"},\"potentialAction\":[{\"@type\":\"SearchAction\",\"target\":{\"@type\":\"EntryPoint\",\"urlTemplate\":\"https:\/\/rs-audiovideo.com\/?s={search_term_string}\"},\"query-input\":{\"@type\":\"PropertyValueSpecification\",\"valueRequired\":true,\"valueName\":\"search_term_string\"}}],\"inLanguage\":\"en-US\"},{\"@type\":\"Organization\",\"@id\":\"https:\/\/rs-audiovideo.com\/#organization\",\"name\":\"Soluciones, Asesoria y Venta de Equipos Audiovisuales\",\"url\":\"https:\/\/rs-audiovideo.com\/\",\"logo\":{\"@type\":\"ImageObject\",\"inLanguage\":\"en-US\",\"@id\":\"https:\/\/rs-audiovideo.com\/#\/schema\/logo\/image\/\",\"url\":\"https:\/\/rs-audiovideo.com\/wp-content\/uploads\/2024\/06\/cropped-logointro.png\",\"contentUrl\":\"https:\/\/rs-audiovideo.com\/wp-content\/uploads\/2024\/06\/cropped-logointro.png\",\"width\":579,\"height\":127,\"caption\":\"Soluciones, Asesoria y Venta de Equipos Audiovisuales\"},\"image\":{\"@id\":\"https:\/\/rs-audiovideo.com\/#\/schema\/logo\/image\/\"}}]}<\/script>\n<!-- \/ Yoast SEO plugin. -->","yoast_head_json":{"title":"Alquiler Sonido, Iluminaci\u00f3n, Pantallas, Corporativos \/ Precio Promedio Por Evento - Soluciones, Asesoria y Venta de Equipos Audiovisuales","description":"Alquiler de equipos de sonido profesional Eventos corporativos convenciones, cumpliendo con los exigentes est\u00e1ndares de artistas de nivel internacional.","robots":{"index":"index","follow":"follow","max-snippet":"max-snippet:-1","max-image-preview":"max-image-preview:large","max-video-preview":"max-video-preview:-1"},"canonical":"https:\/\/rs-audiovideo.com\/index.php\/product\/alquiler-produccion-sonido-video-broadcast-media-iluminacion-pantallas-por-evento-precio-promedio-copy\/","og_locale":"en_US","og_type":"article","og_title":"Alquiler Sonido, Iluminaci\u00f3n, Pantallas, Corporativos \/ Precio Promedio Por Evento - Soluciones, Asesoria y Venta de Equipos Audiovisuales","og_description":"Alquiler de equipos de sonido profesional Eventos corporativos convenciones, cumpliendo con los exigentes est\u00e1ndares de artistas de nivel internacional.","og_url":"https:\/\/rs-audiovideo.com\/index.php\/product\/alquiler-produccion-sonido-video-broadcast-media-iluminacion-pantallas-por-evento-precio-promedio-copy\/","og_site_name":"Soluciones, Asesoria y Venta de Equipos Audiovisuales","article_modified_time":"2024-10-20T02:11:20+00:00","og_image":[{"width":1233,"height":925,"url":"https:\/\/rs-audiovideo.com\/wp-content\/uploads\/2024\/06\/IMG_20240608_165910_436.jpg","type":"image\/jpeg"}],"twitter_card":"summary_large_image","twitter_misc":{"Est. reading time":"1 minute"},"schema":{"@context":"https:\/\/schema.org","@graph":[{"@type":"WebPage","@id":"https:\/\/rs-audiovideo.com\/index.php\/product\/alquiler-produccion-sonido-video-broadcast-media-iluminacion-pantallas-por-evento-precio-promedio-copy\/","url":"https:\/\/rs-audiovideo.com\/index.php\/product\/alquiler-produccion-sonido-video-broadcast-media-iluminacion-pantallas-por-evento-precio-promedio-copy\/","name":"Alquiler Sonido, Iluminaci\u00f3n, Pantallas, Corporativos \/ Precio Promedio Por Evento - Soluciones, Asesoria y Venta de Equipos Audiovisuales","isPartOf":{"@id":"https:\/\/rs-audiovideo.com\/#website"},"primaryImageOfPage":{"@id":"https:\/\/rs-audiovideo.com\/index.php\/product\/alquiler-produccion-sonido-video-broadcast-media-iluminacion-pantallas-por-evento-precio-promedio-copy\/#primaryimage"},"image":{"@id":"https:\/\/rs-audiovideo.com\/index.php\/product\/alquiler-produccion-sonido-video-broadcast-media-iluminacion-pantallas-por-evento-precio-promedio-copy\/#primaryimage"},"thumbnailUrl":"https:\/\/rs-audiovideo.com\/wp-content\/uploads\/2024\/06\/IMG_20240608_165910_436.jpg","datePublished":"2024-06-17T23:18:00+00:00","dateModified":"2024-10-20T02:11:20+00:00","description":"Alquiler de equipos de sonido profesional Eventos corporativos convenciones, cumpliendo con los exigentes est\u00e1ndares de artistas de nivel internacional.","breadcrumb":{"@id":"https:\/\/rs-audiovideo.com\/index.php\/product\/alquiler-produccion-sonido-video-broadcast-media-iluminacion-pantallas-por-evento-precio-promedio-copy\/#breadcrumb"},"inLanguage":"en-US","potentialAction":[{"@type":"ReadAction","target":["https:\/\/rs-audiovideo.com\/index.php\/product\/alquiler-produccion-sonido-video-broadcast-media-iluminacion-pantallas-por-evento-precio-promedio-copy\/"]}]},{"@type":"ImageObject","inLanguage":"en-US","@id":"https:\/\/rs-audiovideo.com\/index.php\/product\/alquiler-produccion-sonido-video-broadcast-media-iluminacion-pantallas-por-evento-precio-promedio-copy\/#primaryimage","url":"https:\/\/rs-audiovideo.com\/wp-content\/uploads\/2024\/06\/IMG_20240608_165910_436.jpg","contentUrl":"https:\/\/rs-audiovideo.com\/wp-content\/uploads\/2024\/06\/IMG_20240608_165910_436.jpg","width":1233,"height":925},{"@type":"BreadcrumbList","@id":"https:\/\/rs-audiovideo.com\/index.php\/product\/alquiler-produccion-sonido-video-broadcast-media-iluminacion-pantallas-por-evento-precio-promedio-copy\/#breadcrumb","itemListElement":[{"@type":"ListItem","position":1,"name":"Home","item":"https:\/\/rs-audiovideo.com\/"},{"@type":"ListItem","position":2,"name":"Shop","item":"https:\/\/rs-audiovideo.com\/index.php\/shop-2\/"},{"@type":"ListItem","position":3,"name":"Alquiler Sonido, Iluminaci\u00f3n, Pantallas, Corporativos \/ Precio Promedio Por Evento"}]},{"@type":"WebSite","@id":"https:\/\/rs-audiovideo.com\/#website","url":"https:\/\/rs-audiovideo.com\/","name":"Soluciones, Asesoria y Venta de Equipos Audiovisuales","description":"","publisher":{"@id":"https:\/\/rs-audiovideo.com\/#organization"},"potentialAction":[{"@type":"SearchAction","target":{"@type":"EntryPoint","urlTemplate":"https:\/\/rs-audiovideo.com\/?s={search_term_string}"},"query-input":{"@type":"PropertyValueSpecification","valueRequired":true,"valueName":"search_term_string"}}],"inLanguage":"en-US"},{"@type":"Organization","@id":"https:\/\/rs-audiovideo.com\/#organization","name":"Soluciones, Asesoria y Venta de Equipos Audiovisuales","url":"https:\/\/rs-audiovideo.com\/","logo":{"@type":"ImageObject","inLanguage":"en-US","@id":"https:\/\/rs-audiovideo.com\/#\/schema\/logo\/image\/","url":"https:\/\/rs-audiovideo.com\/wp-content\/uploads\/2024\/06\/cropped-logointro.png","contentUrl":"https:\/\/rs-audiovideo.com\/wp-content\/uploads\/2024\/06\/cropped-logointro.png","width":579,"height":127,"caption":"Soluciones, Asesoria y Venta de Equipos Audiovisuales"},"image":{"@id":"https:\/\/rs-audiovideo.com\/#\/schema\/logo\/image\/"}}]}},"_links":{"self":[{"href":"https:\/\/rs-audiovideo.com\/index.php\/wp-json\/wp\/v2\/product\/5854","targetHints":{"allow":["GET"]}}],"collection":[{"href":"https:\/\/rs-audiovideo.com\/index.php\/wp-json\/wp\/v2\/product"}],"about":[{"href":"https:\/\/rs-audiovideo.com\/index.php\/wp-json\/wp\/v2\/types\/product"}],"replies":[{"embeddable":true,"href":"https:\/\/rs-audiovideo.com\/index.php\/wp-json\/wp\/v2\/comments?post=5854"}],"wp:featuredmedia":[{"embeddable":true,"href":"https:\/\/rs-audiovideo.com\/index.php\/wp-json\/wp\/v2\/media\/5861"}],"wp:attachment":[{"href":"https:\/\/rs-audiovideo.com\/index.php\/wp-json\/wp\/v2\/media?parent=5854"}],"wp:term":[{"taxonomy":"product_brand","embeddable":true,"href":"https:\/\/rs-audiovideo.com\/index.php\/wp-json\/wp\/v2\/product_brand?post=5854"},{"taxonomy":"product_cat","embeddable":true,"href":"https:\/\/rs-audiovideo.com\/index.php\/wp-json\/wp\/v2\/product_cat?post=5854"},{"taxonomy":"product_tag","embeddable":true,"href":"https:\/\/rs-audiovideo.com\/index.php\/wp-json\/wp\/v2\/product_tag?post=5854"}],"curies":[{"name":"wp","href":"https:\/\/api.w.org\/{rel}","templated":true}]}}