{"id":5937,"date":"2024-08-06T19:37:31","date_gmt":"2024-08-06T19:37:31","guid":{"rendered":"https:\/\/rs-audiovideo.com\/?post_type=product&#038;p=5937"},"modified":"2025-08-01T17:02:56","modified_gmt":"2025-08-01T17:02:56","slug":"sennheiser-ew-d-945-s","status":"publish","type":"product","link":"https:\/\/rs-audiovideo.com\/index.php\/product\/sennheiser-ew-d-945-s\/","title":{"rendered":"Sennheiser EW-D 945-S"},"content":{"rendered":"<p>REF. Sennheiser EW-D 945-S<\/p>\n<h4><strong>Sennheiser EW-D SKM-S Base Q1-6<\/strong><\/h4>\n<ul>\n<li><strong>Sistema inal\u00e1mbrico digital<\/strong><\/li>\n<li><strong>Con transmisor de mano SKM-S, con interruptor de muteo<\/strong><\/li>\n<li><strong>Ancho de banda: 56 MHz<\/strong><\/li>\n<li><strong>Rango din\u00e1mico: 134 dB<\/strong><\/li>\n<li><strong>Rango de transmisi\u00f3n de audio: 20 Hz &#8211; 20 kHz<\/strong><\/li>\n<li><strong>Rango de frecuencia Q1-6: 470,2 &#8211; 526 MHz<\/strong><\/li>\n<li><strong>Potencia de transmisi\u00f3n: 10 mW<\/strong><\/li>\n<li><strong>Indicador de estado de la bater\u00eda de 4 d\u00edgitos en el receptor<\/strong><\/li>\n<li><strong>Acceso m\u00f3vil a trav\u00e9s de la App Smart Assist para ajustes del sistema<\/strong><\/li>\n<li><strong>Tiempo de funcionamiento con pilas AA: Hasta 8 horas<\/strong><\/li>\n<li><strong>2 tomas de antena BNC<\/strong><\/li>\n<li><strong>Salidas: XLR, jack (balanceado\/no balanceado)<\/strong><\/li>\n<li><strong>Incluye pinza de micr\u00f3fono MZQ 1, 2 antenas, fuente de alimentaci\u00f3n con adaptadores para pa\u00edses, set de montaje en rack y pilas AA<\/strong><\/li>\n<\/ul>\n<h4><strong>Sennheiser MMD 945-1 BK<\/strong><\/h4>\n<ul>\n<li><strong>C\u00e1psula de micr\u00f3fono<\/strong><\/li>\n<li>Para transmisores de mano Sennheiser EW de las series G3, G4, EW-D y SKM 2000<\/li>\n<li>Din\u00e1mica<\/li>\n<li>1,5 mV\/Pa<\/li>\n<li>150 dB<\/li>\n<li>Patr\u00f3n polar: Supercardioide<\/li>\n<li>Color: Negro<\/li>\n<\/ul>\n","protected":false},"excerpt":{"rendered":"<p>REF. Sennheiser EW-D 945-S Sennheiser EW-D SKM-S Base Q1-6 Sistema inal\u00e1mbrico digital Con transmisor de mano SKM-S, con interruptor de muteo Ancho de banda: 56 MHz Rango din\u00e1mico: 134 dB<\/p>\n","protected":false},"featured_media":5938,"comment_status":"open","ping_status":"closed","template":"","meta":{"_acf_changed":false},"product_brand":[],"product_cat":[247,282],"product_tag":[],"class_list":{"0":"post-5937","1":"product","2":"type-product","3":"status-publish","4":"has-post-thumbnail","6":"product_cat-microfono-inalambrico","7":"product_cat-sennheiser","9":"first","10":"instock","11":"shipping-taxable","12":"purchasable","13":"product-type-simple","14":"add-to-wishlist-after_add_to_cart"},"acf":[],"yoast_head":"<!-- This site is optimized with the Yoast SEO plugin v26.0 - https:\/\/yoast.com\/wordpress\/plugins\/seo\/ -->\n<title>Sennheiser EW-D 945-S - Soluciones, Asesoria y Venta de Equipos Audiovisuales<\/title>\n<meta name=\"description\" content=\"Microfono Sennheiser ew d 945 s\" \/>\n<meta name=\"robots\" content=\"index, follow, max-snippet:-1, max-image-preview:large, max-video-preview:-1\" \/>\n<link rel=\"canonical\" href=\"https:\/\/rs-audiovideo.com\/index.php\/product\/sennheiser-ew-d-945-s\/\" \/>\n<meta property=\"og:locale\" content=\"en_US\" \/>\n<meta property=\"og:type\" content=\"article\" \/>\n<meta property=\"og:title\" content=\"Sennheiser EW-D 945-S - Soluciones, Asesoria y Venta de Equipos Audiovisuales\" \/>\n<meta property=\"og:description\" content=\"Microfono Sennheiser ew d 945 s\" \/>\n<meta property=\"og:url\" content=\"https:\/\/rs-audiovideo.com\/index.php\/product\/sennheiser-ew-d-945-s\/\" \/>\n<meta property=\"og:site_name\" content=\"Soluciones, Asesoria y Venta de Equipos Audiovisuales\" \/>\n<meta property=\"article:modified_time\" content=\"2025-08-01T17:02:56+00:00\" \/>\n<meta property=\"og:image\" content=\"https:\/\/rs-audiovideo.com\/wp-content\/uploads\/2024\/08\/sennheiser-inalambrico.jpg\" \/>\n\t<meta property=\"og:image:width\" content=\"900\" \/>\n\t<meta property=\"og:image:height\" content=\"900\" \/>\n\t<meta property=\"og:image:type\" content=\"image\/jpeg\" \/>\n<meta name=\"twitter:card\" content=\"summary_large_image\" \/>\n<meta name=\"twitter:label1\" content=\"Est. reading time\" \/>\n\t<meta name=\"twitter:data1\" content=\"1 minute\" \/>\n<script type=\"application\/ld+json\" class=\"yoast-schema-graph\">{\"@context\":\"https:\/\/schema.org\",\"@graph\":[{\"@type\":\"WebPage\",\"@id\":\"https:\/\/rs-audiovideo.com\/index.php\/product\/sennheiser-ew-d-945-s\/\",\"url\":\"https:\/\/rs-audiovideo.com\/index.php\/product\/sennheiser-ew-d-945-s\/\",\"name\":\"Sennheiser EW-D 945-S - Soluciones, Asesoria y Venta de Equipos Audiovisuales\",\"isPartOf\":{\"@id\":\"https:\/\/rs-audiovideo.com\/#website\"},\"primaryImageOfPage\":{\"@id\":\"https:\/\/rs-audiovideo.com\/index.php\/product\/sennheiser-ew-d-945-s\/#primaryimage\"},\"image\":{\"@id\":\"https:\/\/rs-audiovideo.com\/index.php\/product\/sennheiser-ew-d-945-s\/#primaryimage\"},\"thumbnailUrl\":\"https:\/\/rs-audiovideo.com\/wp-content\/uploads\/2024\/08\/sennheiser-inalambrico.jpg\",\"datePublished\":\"2024-08-06T19:37:31+00:00\",\"dateModified\":\"2025-08-01T17:02:56+00:00\",\"description\":\"Microfono Sennheiser ew d 945 s\",\"breadcrumb\":{\"@id\":\"https:\/\/rs-audiovideo.com\/index.php\/product\/sennheiser-ew-d-945-s\/#breadcrumb\"},\"inLanguage\":\"en-US\",\"potentialAction\":[{\"@type\":\"ReadAction\",\"target\":[\"https:\/\/rs-audiovideo.com\/index.php\/product\/sennheiser-ew-d-945-s\/\"]}]},{\"@type\":\"ImageObject\",\"inLanguage\":\"en-US\",\"@id\":\"https:\/\/rs-audiovideo.com\/index.php\/product\/sennheiser-ew-d-945-s\/#primaryimage\",\"url\":\"https:\/\/rs-audiovideo.com\/wp-content\/uploads\/2024\/08\/sennheiser-inalambrico.jpg\",\"contentUrl\":\"https:\/\/rs-audiovideo.com\/wp-content\/uploads\/2024\/08\/sennheiser-inalambrico.jpg\",\"width\":900,\"height\":900},{\"@type\":\"BreadcrumbList\",\"@id\":\"https:\/\/rs-audiovideo.com\/index.php\/product\/sennheiser-ew-d-945-s\/#breadcrumb\",\"itemListElement\":[{\"@type\":\"ListItem\",\"position\":1,\"name\":\"Home\",\"item\":\"https:\/\/rs-audiovideo.com\/\"},{\"@type\":\"ListItem\",\"position\":2,\"name\":\"Shop\",\"item\":\"https:\/\/rs-audiovideo.com\/index.php\/shop-2\/\"},{\"@type\":\"ListItem\",\"position\":3,\"name\":\"Sennheiser EW-D 945-S\"}]},{\"@type\":\"WebSite\",\"@id\":\"https:\/\/rs-audiovideo.com\/#website\",\"url\":\"https:\/\/rs-audiovideo.com\/\",\"name\":\"Soluciones, Asesoria y Venta de Equipos Audiovisuales\",\"description\":\"\",\"publisher\":{\"@id\":\"https:\/\/rs-audiovideo.com\/#organization\"},\"potentialAction\":[{\"@type\":\"SearchAction\",\"target\":{\"@type\":\"EntryPoint\",\"urlTemplate\":\"https:\/\/rs-audiovideo.com\/?s={search_term_string}\"},\"query-input\":{\"@type\":\"PropertyValueSpecification\",\"valueRequired\":true,\"valueName\":\"search_term_string\"}}],\"inLanguage\":\"en-US\"},{\"@type\":\"Organization\",\"@id\":\"https:\/\/rs-audiovideo.com\/#organization\",\"name\":\"Soluciones, Asesoria y Venta de Equipos Audiovisuales\",\"url\":\"https:\/\/rs-audiovideo.com\/\",\"logo\":{\"@type\":\"ImageObject\",\"inLanguage\":\"en-US\",\"@id\":\"https:\/\/rs-audiovideo.com\/#\/schema\/logo\/image\/\",\"url\":\"https:\/\/rs-audiovideo.com\/wp-content\/uploads\/2024\/06\/cropped-logointro.png\",\"contentUrl\":\"https:\/\/rs-audiovideo.com\/wp-content\/uploads\/2024\/06\/cropped-logointro.png\",\"width\":579,\"height\":127,\"caption\":\"Soluciones, Asesoria y Venta de Equipos Audiovisuales\"},\"image\":{\"@id\":\"https:\/\/rs-audiovideo.com\/#\/schema\/logo\/image\/\"}}]}<\/script>\n<!-- \/ Yoast SEO plugin. -->","yoast_head_json":{"title":"Sennheiser EW-D 945-S - Soluciones, Asesoria y Venta de Equipos Audiovisuales","description":"Microfono Sennheiser ew d 945 s","robots":{"index":"index","follow":"follow","max-snippet":"max-snippet:-1","max-image-preview":"max-image-preview:large","max-video-preview":"max-video-preview:-1"},"canonical":"https:\/\/rs-audiovideo.com\/index.php\/product\/sennheiser-ew-d-945-s\/","og_locale":"en_US","og_type":"article","og_title":"Sennheiser EW-D 945-S - Soluciones, Asesoria y Venta de Equipos Audiovisuales","og_description":"Microfono Sennheiser ew d 945 s","og_url":"https:\/\/rs-audiovideo.com\/index.php\/product\/sennheiser-ew-d-945-s\/","og_site_name":"Soluciones, Asesoria y Venta de Equipos Audiovisuales","article_modified_time":"2025-08-01T17:02:56+00:00","og_image":[{"width":900,"height":900,"url":"https:\/\/rs-audiovideo.com\/wp-content\/uploads\/2024\/08\/sennheiser-inalambrico.jpg","type":"image\/jpeg"}],"twitter_card":"summary_large_image","twitter_misc":{"Est. reading time":"1 minute"},"schema":{"@context":"https:\/\/schema.org","@graph":[{"@type":"WebPage","@id":"https:\/\/rs-audiovideo.com\/index.php\/product\/sennheiser-ew-d-945-s\/","url":"https:\/\/rs-audiovideo.com\/index.php\/product\/sennheiser-ew-d-945-s\/","name":"Sennheiser EW-D 945-S - Soluciones, Asesoria y Venta de Equipos Audiovisuales","isPartOf":{"@id":"https:\/\/rs-audiovideo.com\/#website"},"primaryImageOfPage":{"@id":"https:\/\/rs-audiovideo.com\/index.php\/product\/sennheiser-ew-d-945-s\/#primaryimage"},"image":{"@id":"https:\/\/rs-audiovideo.com\/index.php\/product\/sennheiser-ew-d-945-s\/#primaryimage"},"thumbnailUrl":"https:\/\/rs-audiovideo.com\/wp-content\/uploads\/2024\/08\/sennheiser-inalambrico.jpg","datePublished":"2024-08-06T19:37:31+00:00","dateModified":"2025-08-01T17:02:56+00:00","description":"Microfono Sennheiser ew d 945 s","breadcrumb":{"@id":"https:\/\/rs-audiovideo.com\/index.php\/product\/sennheiser-ew-d-945-s\/#breadcrumb"},"inLanguage":"en-US","potentialAction":[{"@type":"ReadAction","target":["https:\/\/rs-audiovideo.com\/index.php\/product\/sennheiser-ew-d-945-s\/"]}]},{"@type":"ImageObject","inLanguage":"en-US","@id":"https:\/\/rs-audiovideo.com\/index.php\/product\/sennheiser-ew-d-945-s\/#primaryimage","url":"https:\/\/rs-audiovideo.com\/wp-content\/uploads\/2024\/08\/sennheiser-inalambrico.jpg","contentUrl":"https:\/\/rs-audiovideo.com\/wp-content\/uploads\/2024\/08\/sennheiser-inalambrico.jpg","width":900,"height":900},{"@type":"BreadcrumbList","@id":"https:\/\/rs-audiovideo.com\/index.php\/product\/sennheiser-ew-d-945-s\/#breadcrumb","itemListElement":[{"@type":"ListItem","position":1,"name":"Home","item":"https:\/\/rs-audiovideo.com\/"},{"@type":"ListItem","position":2,"name":"Shop","item":"https:\/\/rs-audiovideo.com\/index.php\/shop-2\/"},{"@type":"ListItem","position":3,"name":"Sennheiser EW-D 945-S"}]},{"@type":"WebSite","@id":"https:\/\/rs-audiovideo.com\/#website","url":"https:\/\/rs-audiovideo.com\/","name":"Soluciones, Asesoria y Venta de Equipos Audiovisuales","description":"","publisher":{"@id":"https:\/\/rs-audiovideo.com\/#organization"},"potentialAction":[{"@type":"SearchAction","target":{"@type":"EntryPoint","urlTemplate":"https:\/\/rs-audiovideo.com\/?s={search_term_string}"},"query-input":{"@type":"PropertyValueSpecification","valueRequired":true,"valueName":"search_term_string"}}],"inLanguage":"en-US"},{"@type":"Organization","@id":"https:\/\/rs-audiovideo.com\/#organization","name":"Soluciones, Asesoria y Venta de Equipos Audiovisuales","url":"https:\/\/rs-audiovideo.com\/","logo":{"@type":"ImageObject","inLanguage":"en-US","@id":"https:\/\/rs-audiovideo.com\/#\/schema\/logo\/image\/","url":"https:\/\/rs-audiovideo.com\/wp-content\/uploads\/2024\/06\/cropped-logointro.png","contentUrl":"https:\/\/rs-audiovideo.com\/wp-content\/uploads\/2024\/06\/cropped-logointro.png","width":579,"height":127,"caption":"Soluciones, Asesoria y Venta de Equipos Audiovisuales"},"image":{"@id":"https:\/\/rs-audiovideo.com\/#\/schema\/logo\/image\/"}}]}},"_links":{"self":[{"href":"https:\/\/rs-audiovideo.com\/index.php\/wp-json\/wp\/v2\/product\/5937","targetHints":{"allow":["GET"]}}],"collection":[{"href":"https:\/\/rs-audiovideo.com\/index.php\/wp-json\/wp\/v2\/product"}],"about":[{"href":"https:\/\/rs-audiovideo.com\/index.php\/wp-json\/wp\/v2\/types\/product"}],"replies":[{"embeddable":true,"href":"https:\/\/rs-audiovideo.com\/index.php\/wp-json\/wp\/v2\/comments?post=5937"}],"wp:featuredmedia":[{"embeddable":true,"href":"https:\/\/rs-audiovideo.com\/index.php\/wp-json\/wp\/v2\/media\/5938"}],"wp:attachment":[{"href":"https:\/\/rs-audiovideo.com\/index.php\/wp-json\/wp\/v2\/media?parent=5937"}],"wp:term":[{"taxonomy":"product_brand","embeddable":true,"href":"https:\/\/rs-audiovideo.com\/index.php\/wp-json\/wp\/v2\/product_brand?post=5937"},{"taxonomy":"product_cat","embeddable":true,"href":"https:\/\/rs-audiovideo.com\/index.php\/wp-json\/wp\/v2\/product_cat?post=5937"},{"taxonomy":"product_tag","embeddable":true,"href":"https:\/\/rs-audiovideo.com\/index.php\/wp-json\/wp\/v2\/product_tag?post=5937"}],"curies":[{"name":"wp","href":"https:\/\/api.w.org\/{rel}","templated":true}]}}