{"id":5941,"date":"2024-08-06T19:57:25","date_gmt":"2024-08-06T19:57:25","guid":{"rendered":"https:\/\/rs-audiovideo.com\/?post_type=product&#038;p=5941"},"modified":"2024-08-06T20:12:29","modified_gmt":"2024-08-06T20:12:29","slug":"shure-qlxd24-sm58-h50-sm58","status":"publish","type":"product","link":"https:\/\/rs-audiovideo.com\/index.php\/product\/shure-qlxd24-sm58-h50-sm58\/","title":{"rendered":"SHURE QLXD24\/SM58-H50 SM58"},"content":{"rendered":"<div class=\"elementor-element elementor-element-555b192 elementor-widget elementor-widget-heading\" data-id=\"555b192\" data-element_type=\"widget\" data-widget_type=\"heading.default\">\n<div class=\"elementor-widget-container\">\n<h3 class=\"elementor-heading-title elementor-size-default\"><a href=\"https:\/\/www.audiocentro.com.co\/tienda\/mic-inalambrico-shure-qlxd24-sm58-h50-sm58\/#\">Descripci\u00f3n y Especificaciones<\/a><\/h3>\n<\/div>\n<\/div>\n<div class=\"elementor-element elementor-element-976afc4 elementor-widget elementor-widget-woocommerce-product-content\" data-id=\"976afc4\" data-element_type=\"widget\" data-widget_type=\"woocommerce-product-content.default\">\n<div class=\"elementor-widget-container\">\n<p>Este sistema est\u00e1 disponible como QLXD24\/SM58. Se compone de un transmisor de mano QLXD2 con c\u00e1psula de micr\u00f3fono SM58 y un receptor QLXD4. El QLX-D\u00ae ofrece una funcionalidad inal\u00e1mbrica excepcional ideal para eventos e instalaciones de tama\u00f1o mediano en empresas, hoteles y oficinas gubernamentales con espacios de conferencia; escuelas, casas de culto y espacios de presentaciones en vivo.<\/p>\n<p>Video:<\/p>\n<p class=\"responsive-video-wrap clr\"><iframe loading=\"lazy\" title=\"Shure QLX D Sistemas Inal\u00e1mbricos Digitales\" src=\"https:\/\/www.youtube.com\/embed\/iyFyzFPDZtU?feature=oembed\" width=\"1200\" height=\"675\" frameborder=\"0\" allowfullscreen=\"allowfullscreen\" data-mce-fragment=\"1\"><\/iframe><\/p>\n<p>&nbsp;<\/p>\n<\/div>\n<\/div>\n<div class=\"elementor-element elementor-element-2ae060b elementor-widget elementor-widget-product-additional-information\" data-id=\"2ae060b\" data-element_type=\"widget\" data-widget_type=\"product-additional-information.default\">\n<div class=\"elementor-widget-container\">\n<div class=\"woocommerce-tabs-list entry-content\">\n<table class=\"woocommerce-product-attributes shop_attributes\">\n<tbody>\n<tr class=\"woocommerce-product-attributes-item woocommerce-product-attributes-item--weight\">\n<th class=\"woocommerce-product-attributes-item__label\">Peso<\/th>\n<td class=\"woocommerce-product-attributes-item__value\">4 kg<\/td>\n<\/tr>\n<tr class=\"woocommerce-product-attributes-item woocommerce-product-attributes-item--dimensions\">\n<th class=\"woocommerce-product-attributes-item__label\">Dimensiones<\/th>\n<td class=\"woocommerce-product-attributes-item__value\">49 \u00d7 44 \u00d7 10 cm<\/td>\n<\/tr>\n<tr class=\"woocommerce-product-attributes-item woocommerce-product-attributes-item--attribute_rango-de-frecuencias-portadoras\">\n<th class=\"woocommerce-product-attributes-item__label\">Rango de frecuencias portadoras<\/th>\n<td class=\"woocommerce-product-attributes-item__value\">534\u2013598 MHz<\/td>\n<\/tr>\n<tr class=\"woocommerce-product-attributes-item woocommerce-product-attributes-item--attribute_alcance\">\n<th class=\"woocommerce-product-attributes-item__label\">Alcance<\/th>\n<td class=\"woocommerce-product-attributes-item__value\">100\u00a0m (Nota: El alcance real depende de los niveles de absorci\u00f3n, reflexi\u00f3n e interferencia de la se\u00f1al de RF).<\/td>\n<\/tr>\n<tr class=\"woocommerce-product-attributes-item woocommerce-product-attributes-item--attribute_respuesta-de-audiofrecuencia\">\n<th class=\"woocommerce-product-attributes-item__label\">Respuesta de audiofrecuencia<\/th>\n<td class=\"woocommerce-product-attributes-item__value\">20\u00a0\u2013\u00a020\u00a0kHz<\/td>\n<\/tr>\n<tr class=\"woocommerce-product-attributes-item woocommerce-product-attributes-item--attribute_rango-din%c3%a1mico-de-audio\">\n<th class=\"woocommerce-product-attributes-item__label\">Rango din\u00e1mico de audio<\/th>\n<td class=\"woocommerce-product-attributes-item__value\">Ganancia de sistema a +10<\/td>\n<\/tr>\n<tr class=\"woocommerce-product-attributes-item woocommerce-product-attributes-item--attribute_duraci%c3%b3n-de-la-pila\">\n<th class=\"woocommerce-product-attributes-item__label\">Duraci\u00f3n de la pila<\/th>\n<td class=\"woocommerce-product-attributes-item__value\">SB900A-9:30 horas, Alcalina 8 horas<\/td>\n<\/tr>\n<tr class=\"woocommerce-product-attributes-item woocommerce-product-attributes-item--attribute_qlxd4-dimensiones\">\n<th class=\"woocommerce-product-attributes-item__label\">QLXD4 Dimensiones<\/th>\n<td class=\"woocommerce-product-attributes-item__value\">41\u00a0mm\u00a0x 197\u00a0mm\u00a0x 151\u00a0mm<\/td>\n<\/tr>\n<tr class=\"woocommerce-product-attributes-item woocommerce-product-attributes-item--attribute_qlxd4-peso\">\n<th class=\"woocommerce-product-attributes-item__label\">QLXD4 Peso<\/th>\n<td class=\"woocommerce-product-attributes-item__value\">777\u00a0g<\/td>\n<\/tr>\n<tr class=\"woocommerce-product-attributes-item woocommerce-product-attributes-item--attribute_qlxd2-tipo-de-bater%c3%ada\">\n<th class=\"woocommerce-product-attributes-item__label\">QLXD2 Tipo de bater\u00eda<\/th>\n<td class=\"woocommerce-product-attributes-item__value\">Shure SB900\u00a0Iones de litio recargable\u00a0o\u00a0Bater\u00edas AA\u00a01, 5\u00a0V<\/td>\n<\/tr>\n<tr class=\"woocommerce-product-attributes-item woocommerce-product-attributes-item--attribute_qlxd2-dimensiones\">\n<th class=\"woocommerce-product-attributes-item__label\">QLXD2 Dimensiones<\/th>\n<td class=\"woocommerce-product-attributes-item__value\">269\u00a0mm\u00a0x 51\u00a0mm<\/td>\n<\/tr>\n<tr class=\"woocommerce-product-attributes-item woocommerce-product-attributes-item--attribute_entrada-de-audio\">\n<th class=\"woocommerce-product-attributes-item__label\">Entrada de audio<\/th>\n<td class=\"woocommerce-product-attributes-item__value\">Conector macho miniatura de 4 clavijas (TA4M)<\/td>\n<\/tr>\n<tr class=\"woocommerce-product-attributes-item woocommerce-product-attributes-item--attribute_impedancia-rf\">\n<th class=\"woocommerce-product-attributes-item__label\">Impedancia RF<\/th>\n<td class=\"woocommerce-product-attributes-item__value\">50\u00a0\u03a9<\/td>\n<\/tr>\n<tr class=\"woocommerce-product-attributes-item woocommerce-product-attributes-item--attribute_alimentaci%c3%b3n-rf\">\n<th class=\"woocommerce-product-attributes-item__label\">Alimentaci\u00f3n RF<\/th>\n<td class=\"woocommerce-product-attributes-item__value\">1\u00a0mW\u00a0o\u00a010\u00a0mW<\/td>\n<\/tr>\n<tr class=\"woocommerce-product-attributes-item woocommerce-product-attributes-item--attribute_c%c3%a1psula\">\n<th class=\"woocommerce-product-attributes-item__label\">C\u00e1psula<\/th>\n<td class=\"woocommerce-product-attributes-item__value\">SM58<\/td>\n<\/tr>\n<\/tbody>\n<\/table>\n<\/div>\n<\/div>\n<\/div>\n","protected":false},"excerpt":{"rendered":"<p>Descripci\u00f3n y Especificaciones Este sistema est\u00e1 disponible como QLXD24\/SM58. Se compone de un transmisor de mano QLXD2 con c\u00e1psula de micr\u00f3fono SM58 y un receptor QLXD4. El QLX-D\u00ae ofrece una<\/p>\n","protected":false},"featured_media":5943,"comment_status":"open","ping_status":"closed","template":"","meta":{"_acf_changed":false},"product_brand":[],"product_cat":[247,267],"product_tag":[],"class_list":{"0":"post-5941","1":"product","2":"type-product","3":"status-publish","4":"has-post-thumbnail","6":"product_cat-microfono-inalambrico","7":"product_cat-shure","9":"first","10":"instock","11":"shipping-taxable","12":"purchasable","13":"product-type-simple","14":"add-to-wishlist-after_add_to_cart"},"acf":[],"yoast_head":"<!-- This site is optimized with the Yoast SEO plugin v26.0 - https:\/\/yoast.com\/wordpress\/plugins\/seo\/ -->\n<title>SHURE QLXD24\/SM58-H50 SM58 - Soluciones, Asesoria y Venta de Equipos Audiovisuales<\/title>\n<meta name=\"description\" content=\"Micr\u00f3fono Inal\u00e1mbrico Shure Original\" \/>\n<meta name=\"robots\" content=\"index, follow, max-snippet:-1, max-image-preview:large, max-video-preview:-1\" \/>\n<link rel=\"canonical\" href=\"https:\/\/rs-audiovideo.com\/index.php\/product\/shure-qlxd24-sm58-h50-sm58\/\" \/>\n<meta property=\"og:locale\" content=\"en_US\" \/>\n<meta property=\"og:type\" content=\"article\" \/>\n<meta property=\"og:title\" content=\"SHURE QLXD24\/SM58-H50 SM58 - Soluciones, Asesoria y Venta de Equipos Audiovisuales\" \/>\n<meta property=\"og:description\" content=\"Micr\u00f3fono Inal\u00e1mbrico Shure Original\" \/>\n<meta property=\"og:url\" content=\"https:\/\/rs-audiovideo.com\/index.php\/product\/shure-qlxd24-sm58-h50-sm58\/\" \/>\n<meta property=\"og:site_name\" content=\"Soluciones, Asesoria y Venta de Equipos Audiovisuales\" \/>\n<meta property=\"article:modified_time\" content=\"2024-08-06T20:12:29+00:00\" \/>\n<meta property=\"og:image\" content=\"https:\/\/rs-audiovideo.com\/wp-content\/uploads\/2024\/08\/QLXD24-SM58-H50.jpg\" \/>\n\t<meta property=\"og:image:width\" content=\"700\" \/>\n\t<meta property=\"og:image:height\" content=\"700\" \/>\n\t<meta property=\"og:image:type\" content=\"image\/jpeg\" \/>\n<meta name=\"twitter:card\" content=\"summary_large_image\" \/>\n<meta name=\"twitter:label1\" content=\"Est. reading time\" \/>\n\t<meta name=\"twitter:data1\" content=\"1 minute\" \/>\n<script type=\"application\/ld+json\" class=\"yoast-schema-graph\">{\"@context\":\"https:\/\/schema.org\",\"@graph\":[{\"@type\":\"WebPage\",\"@id\":\"https:\/\/rs-audiovideo.com\/index.php\/product\/shure-qlxd24-sm58-h50-sm58\/\",\"url\":\"https:\/\/rs-audiovideo.com\/index.php\/product\/shure-qlxd24-sm58-h50-sm58\/\",\"name\":\"SHURE QLXD24\/SM58-H50 SM58 - Soluciones, Asesoria y Venta de Equipos Audiovisuales\",\"isPartOf\":{\"@id\":\"https:\/\/rs-audiovideo.com\/#website\"},\"primaryImageOfPage\":{\"@id\":\"https:\/\/rs-audiovideo.com\/index.php\/product\/shure-qlxd24-sm58-h50-sm58\/#primaryimage\"},\"image\":{\"@id\":\"https:\/\/rs-audiovideo.com\/index.php\/product\/shure-qlxd24-sm58-h50-sm58\/#primaryimage\"},\"thumbnailUrl\":\"https:\/\/rs-audiovideo.com\/wp-content\/uploads\/2024\/08\/QLXD24-SM58-H50.jpg\",\"datePublished\":\"2024-08-06T19:57:25+00:00\",\"dateModified\":\"2024-08-06T20:12:29+00:00\",\"description\":\"Micr\u00f3fono Inal\u00e1mbrico Shure Original\",\"breadcrumb\":{\"@id\":\"https:\/\/rs-audiovideo.com\/index.php\/product\/shure-qlxd24-sm58-h50-sm58\/#breadcrumb\"},\"inLanguage\":\"en-US\",\"potentialAction\":[{\"@type\":\"ReadAction\",\"target\":[\"https:\/\/rs-audiovideo.com\/index.php\/product\/shure-qlxd24-sm58-h50-sm58\/\"]}]},{\"@type\":\"ImageObject\",\"inLanguage\":\"en-US\",\"@id\":\"https:\/\/rs-audiovideo.com\/index.php\/product\/shure-qlxd24-sm58-h50-sm58\/#primaryimage\",\"url\":\"https:\/\/rs-audiovideo.com\/wp-content\/uploads\/2024\/08\/QLXD24-SM58-H50.jpg\",\"contentUrl\":\"https:\/\/rs-audiovideo.com\/wp-content\/uploads\/2024\/08\/QLXD24-SM58-H50.jpg\",\"width\":700,\"height\":700},{\"@type\":\"BreadcrumbList\",\"@id\":\"https:\/\/rs-audiovideo.com\/index.php\/product\/shure-qlxd24-sm58-h50-sm58\/#breadcrumb\",\"itemListElement\":[{\"@type\":\"ListItem\",\"position\":1,\"name\":\"Home\",\"item\":\"https:\/\/rs-audiovideo.com\/\"},{\"@type\":\"ListItem\",\"position\":2,\"name\":\"Shop\",\"item\":\"https:\/\/rs-audiovideo.com\/index.php\/shop-2\/\"},{\"@type\":\"ListItem\",\"position\":3,\"name\":\"SHURE QLXD24\/SM58-H50 SM58\"}]},{\"@type\":\"WebSite\",\"@id\":\"https:\/\/rs-audiovideo.com\/#website\",\"url\":\"https:\/\/rs-audiovideo.com\/\",\"name\":\"Soluciones, Asesoria y Venta de Equipos Audiovisuales\",\"description\":\"\",\"publisher\":{\"@id\":\"https:\/\/rs-audiovideo.com\/#organization\"},\"potentialAction\":[{\"@type\":\"SearchAction\",\"target\":{\"@type\":\"EntryPoint\",\"urlTemplate\":\"https:\/\/rs-audiovideo.com\/?s={search_term_string}\"},\"query-input\":{\"@type\":\"PropertyValueSpecification\",\"valueRequired\":true,\"valueName\":\"search_term_string\"}}],\"inLanguage\":\"en-US\"},{\"@type\":\"Organization\",\"@id\":\"https:\/\/rs-audiovideo.com\/#organization\",\"name\":\"Soluciones, Asesoria y Venta de Equipos Audiovisuales\",\"url\":\"https:\/\/rs-audiovideo.com\/\",\"logo\":{\"@type\":\"ImageObject\",\"inLanguage\":\"en-US\",\"@id\":\"https:\/\/rs-audiovideo.com\/#\/schema\/logo\/image\/\",\"url\":\"https:\/\/rs-audiovideo.com\/wp-content\/uploads\/2024\/06\/cropped-logointro.png\",\"contentUrl\":\"https:\/\/rs-audiovideo.com\/wp-content\/uploads\/2024\/06\/cropped-logointro.png\",\"width\":579,\"height\":127,\"caption\":\"Soluciones, Asesoria y Venta de Equipos Audiovisuales\"},\"image\":{\"@id\":\"https:\/\/rs-audiovideo.com\/#\/schema\/logo\/image\/\"}}]}<\/script>\n<!-- \/ Yoast SEO plugin. -->","yoast_head_json":{"title":"SHURE QLXD24\/SM58-H50 SM58 - Soluciones, Asesoria y Venta de Equipos Audiovisuales","description":"Micr\u00f3fono Inal\u00e1mbrico Shure Original","robots":{"index":"index","follow":"follow","max-snippet":"max-snippet:-1","max-image-preview":"max-image-preview:large","max-video-preview":"max-video-preview:-1"},"canonical":"https:\/\/rs-audiovideo.com\/index.php\/product\/shure-qlxd24-sm58-h50-sm58\/","og_locale":"en_US","og_type":"article","og_title":"SHURE QLXD24\/SM58-H50 SM58 - Soluciones, Asesoria y Venta de Equipos Audiovisuales","og_description":"Micr\u00f3fono Inal\u00e1mbrico Shure Original","og_url":"https:\/\/rs-audiovideo.com\/index.php\/product\/shure-qlxd24-sm58-h50-sm58\/","og_site_name":"Soluciones, Asesoria y Venta de Equipos Audiovisuales","article_modified_time":"2024-08-06T20:12:29+00:00","og_image":[{"width":700,"height":700,"url":"https:\/\/rs-audiovideo.com\/wp-content\/uploads\/2024\/08\/QLXD24-SM58-H50.jpg","type":"image\/jpeg"}],"twitter_card":"summary_large_image","twitter_misc":{"Est. reading time":"1 minute"},"schema":{"@context":"https:\/\/schema.org","@graph":[{"@type":"WebPage","@id":"https:\/\/rs-audiovideo.com\/index.php\/product\/shure-qlxd24-sm58-h50-sm58\/","url":"https:\/\/rs-audiovideo.com\/index.php\/product\/shure-qlxd24-sm58-h50-sm58\/","name":"SHURE QLXD24\/SM58-H50 SM58 - Soluciones, Asesoria y Venta de Equipos Audiovisuales","isPartOf":{"@id":"https:\/\/rs-audiovideo.com\/#website"},"primaryImageOfPage":{"@id":"https:\/\/rs-audiovideo.com\/index.php\/product\/shure-qlxd24-sm58-h50-sm58\/#primaryimage"},"image":{"@id":"https:\/\/rs-audiovideo.com\/index.php\/product\/shure-qlxd24-sm58-h50-sm58\/#primaryimage"},"thumbnailUrl":"https:\/\/rs-audiovideo.com\/wp-content\/uploads\/2024\/08\/QLXD24-SM58-H50.jpg","datePublished":"2024-08-06T19:57:25+00:00","dateModified":"2024-08-06T20:12:29+00:00","description":"Micr\u00f3fono Inal\u00e1mbrico Shure Original","breadcrumb":{"@id":"https:\/\/rs-audiovideo.com\/index.php\/product\/shure-qlxd24-sm58-h50-sm58\/#breadcrumb"},"inLanguage":"en-US","potentialAction":[{"@type":"ReadAction","target":["https:\/\/rs-audiovideo.com\/index.php\/product\/shure-qlxd24-sm58-h50-sm58\/"]}]},{"@type":"ImageObject","inLanguage":"en-US","@id":"https:\/\/rs-audiovideo.com\/index.php\/product\/shure-qlxd24-sm58-h50-sm58\/#primaryimage","url":"https:\/\/rs-audiovideo.com\/wp-content\/uploads\/2024\/08\/QLXD24-SM58-H50.jpg","contentUrl":"https:\/\/rs-audiovideo.com\/wp-content\/uploads\/2024\/08\/QLXD24-SM58-H50.jpg","width":700,"height":700},{"@type":"BreadcrumbList","@id":"https:\/\/rs-audiovideo.com\/index.php\/product\/shure-qlxd24-sm58-h50-sm58\/#breadcrumb","itemListElement":[{"@type":"ListItem","position":1,"name":"Home","item":"https:\/\/rs-audiovideo.com\/"},{"@type":"ListItem","position":2,"name":"Shop","item":"https:\/\/rs-audiovideo.com\/index.php\/shop-2\/"},{"@type":"ListItem","position":3,"name":"SHURE QLXD24\/SM58-H50 SM58"}]},{"@type":"WebSite","@id":"https:\/\/rs-audiovideo.com\/#website","url":"https:\/\/rs-audiovideo.com\/","name":"Soluciones, Asesoria y Venta de Equipos Audiovisuales","description":"","publisher":{"@id":"https:\/\/rs-audiovideo.com\/#organization"},"potentialAction":[{"@type":"SearchAction","target":{"@type":"EntryPoint","urlTemplate":"https:\/\/rs-audiovideo.com\/?s={search_term_string}"},"query-input":{"@type":"PropertyValueSpecification","valueRequired":true,"valueName":"search_term_string"}}],"inLanguage":"en-US"},{"@type":"Organization","@id":"https:\/\/rs-audiovideo.com\/#organization","name":"Soluciones, Asesoria y Venta de Equipos Audiovisuales","url":"https:\/\/rs-audiovideo.com\/","logo":{"@type":"ImageObject","inLanguage":"en-US","@id":"https:\/\/rs-audiovideo.com\/#\/schema\/logo\/image\/","url":"https:\/\/rs-audiovideo.com\/wp-content\/uploads\/2024\/06\/cropped-logointro.png","contentUrl":"https:\/\/rs-audiovideo.com\/wp-content\/uploads\/2024\/06\/cropped-logointro.png","width":579,"height":127,"caption":"Soluciones, Asesoria y Venta de Equipos Audiovisuales"},"image":{"@id":"https:\/\/rs-audiovideo.com\/#\/schema\/logo\/image\/"}}]}},"_links":{"self":[{"href":"https:\/\/rs-audiovideo.com\/index.php\/wp-json\/wp\/v2\/product\/5941","targetHints":{"allow":["GET"]}}],"collection":[{"href":"https:\/\/rs-audiovideo.com\/index.php\/wp-json\/wp\/v2\/product"}],"about":[{"href":"https:\/\/rs-audiovideo.com\/index.php\/wp-json\/wp\/v2\/types\/product"}],"replies":[{"embeddable":true,"href":"https:\/\/rs-audiovideo.com\/index.php\/wp-json\/wp\/v2\/comments?post=5941"}],"wp:featuredmedia":[{"embeddable":true,"href":"https:\/\/rs-audiovideo.com\/index.php\/wp-json\/wp\/v2\/media\/5943"}],"wp:attachment":[{"href":"https:\/\/rs-audiovideo.com\/index.php\/wp-json\/wp\/v2\/media?parent=5941"}],"wp:term":[{"taxonomy":"product_brand","embeddable":true,"href":"https:\/\/rs-audiovideo.com\/index.php\/wp-json\/wp\/v2\/product_brand?post=5941"},{"taxonomy":"product_cat","embeddable":true,"href":"https:\/\/rs-audiovideo.com\/index.php\/wp-json\/wp\/v2\/product_cat?post=5941"},{"taxonomy":"product_tag","embeddable":true,"href":"https:\/\/rs-audiovideo.com\/index.php\/wp-json\/wp\/v2\/product_tag?post=5941"}],"curies":[{"name":"wp","href":"https:\/\/api.w.org\/{rel}","templated":true}]}}