{"id":6045,"date":"2025-09-24T05:34:45","date_gmt":"2025-09-24T05:34:45","guid":{"rendered":"https:\/\/rs-audiovideo.com\/?post_type=product&#038;p=6045"},"modified":"2025-09-24T05:34:46","modified_gmt":"2025-09-24T05:34:46","slug":"bl-vtx-a8-line-array-pasivo-990w-139db-dispersion-110","status":"publish","type":"product","link":"https:\/\/rs-audiovideo.com\/index.php\/product\/bl-vtx-a8-line-array-pasivo-990w-139db-dispersion-110\/","title":{"rendered":"BL VTX A8 Line Array Pasivo \u2013 990w \u2013 139dB \u2013 dispersi\u00f3n 110\u00b0"},"content":{"rendered":"<div class=\"product_main_tab_content content active\">\n<div class=\"description text-content\">\n<h1>JBL VTX A8 Line Array Pasivo \u2013 990w \u2013 139dB \u2013 dispersi\u00f3n 110\u00b0<\/h1>\n<p>El VTX A8 es un elemento de matriz en l\u00ednea de pr\u00f3xima generaci\u00f3n que ofrece la tecnolog\u00eda insignia de la serie VTX A de JBL Professional en una soluci\u00f3n compacta para aplicaciones instaladas y de alquiler de tama\u00f1o peque\u00f1o a mediano.\u00a0El VTX A8 fue dise\u00f1ado para resolver las diversas necesidades de refuerzo de sonido de las productoras, casas de alquiler, teatros, lugares de culto, as\u00ed como aplicaciones de producci\u00f3n que requieren rellenos frontales, arreglos laterales u otro soporte auxiliar para sistemas VTX de mayor escala.\u00a0Los woofers exclusivos de JBL y nuestra tecnolog\u00eda de gu\u00eda de ondas y transductores de alta frecuencia de \u00faltima generaci\u00f3n brindan un rendimiento y una eficiencia inigualables y una cobertura horizontal constante de 110 grados.\u00a0El A8 combina dos woofers de 8\u2033, cuatro controladores de rango medio de 3,5\u2033 y dos controladores de alta frecuencia de 2\u2033 en un solo gabinete de bajo perfil.\u00a0Puertos patentados de baja frecuencia de doble acampanado,\u00a0Calculado con precisi\u00f3n para un mayor rendimiento de baja frecuencia, extienda el rango operativo utilizable hasta 49 Hz.\u00a0El VTX A8 comparte el mecanismo de suspensi\u00f3n y el sistema de suspensi\u00f3n patentados de la serie VTX A para una implementaci\u00f3n optimizada, mientras que un conjunto integral de accesorios abre un mundo de opciones de configuraci\u00f3n.<\/p>\n<p>Utilizado solo o junto con VTX B18, A12 o A12W, el VTX A8 ampl\u00eda la serie JBL VTX A para ofrecer a los profesionales del audio un conjunto completo de herramientas para dise\u00f1ar sistemas de sonido \u00f3ptimos para cualquier aplicaci\u00f3n.<\/p>\n<p>&nbsp;<\/p>\n<\/div>\n<\/div>\n<div id=\"product-features\" class=\"row product-subheader\">\n<div class=\"small-10 columns\">\n<h3 class=\"content-nav\" data-magellan-destination=\"features\">Caracter\u00edsticas<\/h3>\n<\/div>\n<\/div>\n<div class=\"product_main_tab_content content \">\n<div class=\"features text-content\">\n<div class=\"FeaturedBulletList\">\n<ul>\n<li>Dise\u00f1o innovador de 3 v\u00edas (biamplificador) para el mejor rendimiento de su clase<\/li>\n<li>Los woofers JBL Differential Drive\u2122 y los puertos Slip Stream\u2122 ofrecen una respuesta de graves \u00f3ptima hasta 49 Hz<\/li>\n<li>El controlador de compresi\u00f3n HF com\u00fan en los productos de la serie A proporciona una excelente consistencia s\u00f3nica<\/li>\n<li>El dise\u00f1o Radiation Boundary Integrator\u00ae (RBI) de frecuencia media maximiza la densidad del transductor y mejora la directividad horizontal<\/li>\n<li>Innovador mecanismo de aparejo de bloqueo autom\u00e1tico para un despliegue r\u00e1pido y optimizado<\/li>\n<li>La red pasiva MF\/HF incorporada permite canales de amplificaci\u00f3n reducidos<\/li>\n<li>Rejilla cerrada de cara completa para una est\u00e9tica refinada y climatizaci\u00f3n (IP55)<\/li>\n<li>Los completos accesorios de montaje ampl\u00edan las opciones de configuraci\u00f3n<\/li>\n<li>Se integra a la perfecci\u00f3n con el software de predicci\u00f3n y control del sistema JBL<\/li>\n<li>Dise\u00f1o compacto y liviano<\/li>\n<\/ul>\n<div id=\"product-specifications\" class=\"row product-subheader\">\n<div class=\"small-10 columns\">\n<h3 class=\"content-nav\" data-magellan-destination=\"specifications\">Especificaciones<\/h3>\n<\/div>\n<div class=\"small-2 columns text-right\"><\/div>\n<\/div>\n<div class=\"product_main_tab_content content \">\n<table class=\"specs\">\n<tbody>\n<tr>\n<td class=\"name\">Rango de frecuencia (-10dB)<\/td>\n<td>50Hz \u2013 19kHz (Preestablecido: VTX A8)<\/td>\n<\/tr>\n<tr>\n<td class=\"name\">Patr\u00f3n de cobertura<\/td>\n<td>110 grados nominales (300 Hz \u2013 18 kHz)<\/td>\n<\/tr>\n<tr>\n<td class=\"name\">SPL m\u00e1x.<\/td>\n<td>139 dB (preestablecido: VTX A8)<\/td>\n<\/tr>\n<tr>\n<td class=\"name\">Procesamiento del sistema<\/td>\n<td>Corona Audio I-Tech HD<\/td>\n<\/tr>\n<tr>\n<td class=\"name\">Impedancia nominal<\/td>\n<td>LF = 8 ohmios<br \/>\nMHF = 8 ohmios<\/td>\n<\/tr>\n<tr>\n<td class=\"name\">Controlador de baja frecuencia<\/td>\n<td>(2) altavoces de graves JBL 258J de 8 pulgadas<\/td>\n<\/tr>\n<tr>\n<td class=\"name\">Conductor de frecuencia intermedia<\/td>\n<td>(4) controladores de frecuencia media JBL 2163H de 3 pulgadas<\/td>\n<\/tr>\n<tr>\n<td class=\"name\">Conductor de alta frecuencia<\/td>\n<td>(2) controladores de compresi\u00f3n de diafragma anular de 2 pulgadas JBL 2423K<\/td>\n<\/tr>\n<tr>\n<td class=\"name\">Recinto<\/td>\n<td>Contrachapado de abedul finland\u00e9s, acabado negro DuraFlex, cuatro asideros integrados empotrados<\/td>\n<\/tr>\n<tr>\n<td class=\"name\">\u00c1ngulo entre recintos<\/td>\n<td>0.25, 0.5, 1, 1.5, 2, 2.5, 3, 4, 6, 8, 10<\/td>\n<\/tr>\n<tr>\n<td class=\"name\">Dimensiones (Al. x An. x Pr.)<\/td>\n<td>227 mm x 761 mm x 375 mm<br \/>\n8,9 pulgadas x 29,9 pulgadas x 14,7 pulgadas<\/td>\n<\/tr>\n<tr>\n<td class=\"name\">Peso neto (cada uno)<\/td>\n<td>29,5 kg (65,0 libras)<\/td>\n<\/tr>\n<\/tbody>\n<\/table>\n<\/div>\n<\/div>\n<\/div>\n<\/div>\n","protected":false},"excerpt":{"rendered":"<p>JBL VTX A8 Line Array Pasivo \u2013 990w \u2013 139dB \u2013 dispersi\u00f3n 110\u00b0 El VTX A8 es un elemento de matriz en l\u00ednea de pr\u00f3xima generaci\u00f3n que ofrece la tecnolog\u00eda<\/p>\n","protected":false},"featured_media":6047,"comment_status":"open","ping_status":"closed","template":"","meta":{"_acf_changed":false},"product_brand":[],"product_cat":[276,245],"product_tag":[],"class_list":{"0":"post-6045","1":"product","2":"type-product","3":"status-publish","4":"has-post-thumbnail","6":"product_cat-jbl","7":"product_cat-line-array","9":"first","10":"instock","11":"shipping-taxable","12":"product-type-simple","13":"add-to-wishlist-after_add_to_cart"},"acf":[],"yoast_head":"<!-- This site is optimized with the Yoast SEO plugin v26.0 - https:\/\/yoast.com\/wordpress\/plugins\/seo\/ -->\n<title>BL VTX A8 Line Array Pasivo \u2013 990w \u2013 139dB \u2013 dispersi\u00f3n 110\u00b0 - Soluciones, Asesoria y Venta de Equipos Audiovisuales<\/title>\n<meta name=\"robots\" content=\"index, follow, max-snippet:-1, max-image-preview:large, max-video-preview:-1\" \/>\n<link rel=\"canonical\" href=\"https:\/\/rs-audiovideo.com\/index.php\/product\/bl-vtx-a8-line-array-pasivo-990w-139db-dispersion-110\/\" \/>\n<meta property=\"og:locale\" content=\"en_US\" \/>\n<meta property=\"og:type\" content=\"article\" \/>\n<meta property=\"og:title\" content=\"BL VTX A8 Line Array Pasivo \u2013 990w \u2013 139dB \u2013 dispersi\u00f3n 110\u00b0 - Soluciones, Asesoria y Venta de Equipos Audiovisuales\" \/>\n<meta property=\"og:description\" content=\"JBL VTX A8 Line Array Pasivo \u2013 990w \u2013 139dB \u2013 dispersi\u00f3n 110\u00b0 El VTX A8 es un elemento de matriz en l\u00ednea de pr\u00f3xima generaci\u00f3n que ofrece la tecnolog\u00eda\" \/>\n<meta property=\"og:url\" content=\"https:\/\/rs-audiovideo.com\/index.php\/product\/bl-vtx-a8-line-array-pasivo-990w-139db-dispersion-110\/\" \/>\n<meta property=\"og:site_name\" content=\"Soluciones, Asesoria y Venta de Equipos Audiovisuales\" \/>\n<meta property=\"article:modified_time\" content=\"2025-09-24T05:34:46+00:00\" \/>\n<meta property=\"og:image\" content=\"https:\/\/rs-audiovideo.com\/wp-content\/uploads\/2025\/09\/JBL-VTX-A8-4.jpg.webp\" \/>\n\t<meta property=\"og:image:width\" content=\"1000\" \/>\n\t<meta property=\"og:image:height\" content=\"1000\" \/>\n\t<meta property=\"og:image:type\" content=\"image\/webp\" \/>\n<meta name=\"twitter:card\" content=\"summary_large_image\" \/>\n<meta name=\"twitter:label1\" content=\"Est. reading time\" \/>\n\t<meta name=\"twitter:data1\" content=\"3 minutes\" \/>\n<script type=\"application\/ld+json\" class=\"yoast-schema-graph\">{\"@context\":\"https:\/\/schema.org\",\"@graph\":[{\"@type\":\"WebPage\",\"@id\":\"https:\/\/rs-audiovideo.com\/index.php\/product\/bl-vtx-a8-line-array-pasivo-990w-139db-dispersion-110\/\",\"url\":\"https:\/\/rs-audiovideo.com\/index.php\/product\/bl-vtx-a8-line-array-pasivo-990w-139db-dispersion-110\/\",\"name\":\"BL VTX A8 Line Array Pasivo \u2013 990w \u2013 139dB \u2013 dispersi\u00f3n 110\u00b0 - Soluciones, Asesoria y Venta de Equipos Audiovisuales\",\"isPartOf\":{\"@id\":\"https:\/\/rs-audiovideo.com\/#website\"},\"primaryImageOfPage\":{\"@id\":\"https:\/\/rs-audiovideo.com\/index.php\/product\/bl-vtx-a8-line-array-pasivo-990w-139db-dispersion-110\/#primaryimage\"},\"image\":{\"@id\":\"https:\/\/rs-audiovideo.com\/index.php\/product\/bl-vtx-a8-line-array-pasivo-990w-139db-dispersion-110\/#primaryimage\"},\"thumbnailUrl\":\"https:\/\/rs-audiovideo.com\/wp-content\/uploads\/2025\/09\/JBL-VTX-A8-4.jpg.webp\",\"datePublished\":\"2025-09-24T05:34:45+00:00\",\"dateModified\":\"2025-09-24T05:34:46+00:00\",\"breadcrumb\":{\"@id\":\"https:\/\/rs-audiovideo.com\/index.php\/product\/bl-vtx-a8-line-array-pasivo-990w-139db-dispersion-110\/#breadcrumb\"},\"inLanguage\":\"en-US\",\"potentialAction\":[{\"@type\":\"ReadAction\",\"target\":[\"https:\/\/rs-audiovideo.com\/index.php\/product\/bl-vtx-a8-line-array-pasivo-990w-139db-dispersion-110\/\"]}]},{\"@type\":\"ImageObject\",\"inLanguage\":\"en-US\",\"@id\":\"https:\/\/rs-audiovideo.com\/index.php\/product\/bl-vtx-a8-line-array-pasivo-990w-139db-dispersion-110\/#primaryimage\",\"url\":\"https:\/\/rs-audiovideo.com\/wp-content\/uploads\/2025\/09\/JBL-VTX-A8-4.jpg.webp\",\"contentUrl\":\"https:\/\/rs-audiovideo.com\/wp-content\/uploads\/2025\/09\/JBL-VTX-A8-4.jpg.webp\",\"width\":1000,\"height\":1000},{\"@type\":\"BreadcrumbList\",\"@id\":\"https:\/\/rs-audiovideo.com\/index.php\/product\/bl-vtx-a8-line-array-pasivo-990w-139db-dispersion-110\/#breadcrumb\",\"itemListElement\":[{\"@type\":\"ListItem\",\"position\":1,\"name\":\"Home\",\"item\":\"https:\/\/rs-audiovideo.com\/\"},{\"@type\":\"ListItem\",\"position\":2,\"name\":\"Shop\",\"item\":\"https:\/\/rs-audiovideo.com\/index.php\/shop-2\/\"},{\"@type\":\"ListItem\",\"position\":3,\"name\":\"BL VTX A8 Line Array Pasivo \u2013 990w \u2013 139dB \u2013 dispersi\u00f3n 110\u00b0\"}]},{\"@type\":\"WebSite\",\"@id\":\"https:\/\/rs-audiovideo.com\/#website\",\"url\":\"https:\/\/rs-audiovideo.com\/\",\"name\":\"Soluciones, Asesoria y Venta de Equipos Audiovisuales\",\"description\":\"\",\"publisher\":{\"@id\":\"https:\/\/rs-audiovideo.com\/#organization\"},\"potentialAction\":[{\"@type\":\"SearchAction\",\"target\":{\"@type\":\"EntryPoint\",\"urlTemplate\":\"https:\/\/rs-audiovideo.com\/?s={search_term_string}\"},\"query-input\":{\"@type\":\"PropertyValueSpecification\",\"valueRequired\":true,\"valueName\":\"search_term_string\"}}],\"inLanguage\":\"en-US\"},{\"@type\":\"Organization\",\"@id\":\"https:\/\/rs-audiovideo.com\/#organization\",\"name\":\"Soluciones, Asesoria y Venta de Equipos Audiovisuales\",\"url\":\"https:\/\/rs-audiovideo.com\/\",\"logo\":{\"@type\":\"ImageObject\",\"inLanguage\":\"en-US\",\"@id\":\"https:\/\/rs-audiovideo.com\/#\/schema\/logo\/image\/\",\"url\":\"https:\/\/rs-audiovideo.com\/wp-content\/uploads\/2024\/06\/cropped-logointro.png\",\"contentUrl\":\"https:\/\/rs-audiovideo.com\/wp-content\/uploads\/2024\/06\/cropped-logointro.png\",\"width\":579,\"height\":127,\"caption\":\"Soluciones, Asesoria y Venta de Equipos Audiovisuales\"},\"image\":{\"@id\":\"https:\/\/rs-audiovideo.com\/#\/schema\/logo\/image\/\"}}]}<\/script>\n<!-- \/ Yoast SEO plugin. -->","yoast_head_json":{"title":"BL VTX A8 Line Array Pasivo \u2013 990w \u2013 139dB \u2013 dispersi\u00f3n 110\u00b0 - Soluciones, Asesoria y Venta de Equipos Audiovisuales","robots":{"index":"index","follow":"follow","max-snippet":"max-snippet:-1","max-image-preview":"max-image-preview:large","max-video-preview":"max-video-preview:-1"},"canonical":"https:\/\/rs-audiovideo.com\/index.php\/product\/bl-vtx-a8-line-array-pasivo-990w-139db-dispersion-110\/","og_locale":"en_US","og_type":"article","og_title":"BL VTX A8 Line Array Pasivo \u2013 990w \u2013 139dB \u2013 dispersi\u00f3n 110\u00b0 - Soluciones, Asesoria y Venta de Equipos Audiovisuales","og_description":"JBL VTX A8 Line Array Pasivo \u2013 990w \u2013 139dB \u2013 dispersi\u00f3n 110\u00b0 El VTX A8 es un elemento de matriz en l\u00ednea de pr\u00f3xima generaci\u00f3n que ofrece la tecnolog\u00eda","og_url":"https:\/\/rs-audiovideo.com\/index.php\/product\/bl-vtx-a8-line-array-pasivo-990w-139db-dispersion-110\/","og_site_name":"Soluciones, Asesoria y Venta de Equipos Audiovisuales","article_modified_time":"2025-09-24T05:34:46+00:00","og_image":[{"width":1000,"height":1000,"url":"https:\/\/rs-audiovideo.com\/wp-content\/uploads\/2025\/09\/JBL-VTX-A8-4.jpg.webp","type":"image\/webp"}],"twitter_card":"summary_large_image","twitter_misc":{"Est. reading time":"3 minutes"},"schema":{"@context":"https:\/\/schema.org","@graph":[{"@type":"WebPage","@id":"https:\/\/rs-audiovideo.com\/index.php\/product\/bl-vtx-a8-line-array-pasivo-990w-139db-dispersion-110\/","url":"https:\/\/rs-audiovideo.com\/index.php\/product\/bl-vtx-a8-line-array-pasivo-990w-139db-dispersion-110\/","name":"BL VTX A8 Line Array Pasivo \u2013 990w \u2013 139dB \u2013 dispersi\u00f3n 110\u00b0 - Soluciones, Asesoria y Venta de Equipos Audiovisuales","isPartOf":{"@id":"https:\/\/rs-audiovideo.com\/#website"},"primaryImageOfPage":{"@id":"https:\/\/rs-audiovideo.com\/index.php\/product\/bl-vtx-a8-line-array-pasivo-990w-139db-dispersion-110\/#primaryimage"},"image":{"@id":"https:\/\/rs-audiovideo.com\/index.php\/product\/bl-vtx-a8-line-array-pasivo-990w-139db-dispersion-110\/#primaryimage"},"thumbnailUrl":"https:\/\/rs-audiovideo.com\/wp-content\/uploads\/2025\/09\/JBL-VTX-A8-4.jpg.webp","datePublished":"2025-09-24T05:34:45+00:00","dateModified":"2025-09-24T05:34:46+00:00","breadcrumb":{"@id":"https:\/\/rs-audiovideo.com\/index.php\/product\/bl-vtx-a8-line-array-pasivo-990w-139db-dispersion-110\/#breadcrumb"},"inLanguage":"en-US","potentialAction":[{"@type":"ReadAction","target":["https:\/\/rs-audiovideo.com\/index.php\/product\/bl-vtx-a8-line-array-pasivo-990w-139db-dispersion-110\/"]}]},{"@type":"ImageObject","inLanguage":"en-US","@id":"https:\/\/rs-audiovideo.com\/index.php\/product\/bl-vtx-a8-line-array-pasivo-990w-139db-dispersion-110\/#primaryimage","url":"https:\/\/rs-audiovideo.com\/wp-content\/uploads\/2025\/09\/JBL-VTX-A8-4.jpg.webp","contentUrl":"https:\/\/rs-audiovideo.com\/wp-content\/uploads\/2025\/09\/JBL-VTX-A8-4.jpg.webp","width":1000,"height":1000},{"@type":"BreadcrumbList","@id":"https:\/\/rs-audiovideo.com\/index.php\/product\/bl-vtx-a8-line-array-pasivo-990w-139db-dispersion-110\/#breadcrumb","itemListElement":[{"@type":"ListItem","position":1,"name":"Home","item":"https:\/\/rs-audiovideo.com\/"},{"@type":"ListItem","position":2,"name":"Shop","item":"https:\/\/rs-audiovideo.com\/index.php\/shop-2\/"},{"@type":"ListItem","position":3,"name":"BL VTX A8 Line Array Pasivo \u2013 990w \u2013 139dB \u2013 dispersi\u00f3n 110\u00b0"}]},{"@type":"WebSite","@id":"https:\/\/rs-audiovideo.com\/#website","url":"https:\/\/rs-audiovideo.com\/","name":"Soluciones, Asesoria y Venta de Equipos Audiovisuales","description":"","publisher":{"@id":"https:\/\/rs-audiovideo.com\/#organization"},"potentialAction":[{"@type":"SearchAction","target":{"@type":"EntryPoint","urlTemplate":"https:\/\/rs-audiovideo.com\/?s={search_term_string}"},"query-input":{"@type":"PropertyValueSpecification","valueRequired":true,"valueName":"search_term_string"}}],"inLanguage":"en-US"},{"@type":"Organization","@id":"https:\/\/rs-audiovideo.com\/#organization","name":"Soluciones, Asesoria y Venta de Equipos Audiovisuales","url":"https:\/\/rs-audiovideo.com\/","logo":{"@type":"ImageObject","inLanguage":"en-US","@id":"https:\/\/rs-audiovideo.com\/#\/schema\/logo\/image\/","url":"https:\/\/rs-audiovideo.com\/wp-content\/uploads\/2024\/06\/cropped-logointro.png","contentUrl":"https:\/\/rs-audiovideo.com\/wp-content\/uploads\/2024\/06\/cropped-logointro.png","width":579,"height":127,"caption":"Soluciones, Asesoria y Venta de Equipos Audiovisuales"},"image":{"@id":"https:\/\/rs-audiovideo.com\/#\/schema\/logo\/image\/"}}]}},"_links":{"self":[{"href":"https:\/\/rs-audiovideo.com\/index.php\/wp-json\/wp\/v2\/product\/6045","targetHints":{"allow":["GET"]}}],"collection":[{"href":"https:\/\/rs-audiovideo.com\/index.php\/wp-json\/wp\/v2\/product"}],"about":[{"href":"https:\/\/rs-audiovideo.com\/index.php\/wp-json\/wp\/v2\/types\/product"}],"replies":[{"embeddable":true,"href":"https:\/\/rs-audiovideo.com\/index.php\/wp-json\/wp\/v2\/comments?post=6045"}],"wp:featuredmedia":[{"embeddable":true,"href":"https:\/\/rs-audiovideo.com\/index.php\/wp-json\/wp\/v2\/media\/6047"}],"wp:attachment":[{"href":"https:\/\/rs-audiovideo.com\/index.php\/wp-json\/wp\/v2\/media?parent=6045"}],"wp:term":[{"taxonomy":"product_brand","embeddable":true,"href":"https:\/\/rs-audiovideo.com\/index.php\/wp-json\/wp\/v2\/product_brand?post=6045"},{"taxonomy":"product_cat","embeddable":true,"href":"https:\/\/rs-audiovideo.com\/index.php\/wp-json\/wp\/v2\/product_cat?post=6045"},{"taxonomy":"product_tag","embeddable":true,"href":"https:\/\/rs-audiovideo.com\/index.php\/wp-json\/wp\/v2\/product_tag?post=6045"}],"curies":[{"name":"wp","href":"https:\/\/api.w.org\/{rel}","templated":true}]}}